114.119.159.121 - - [29/Aug/2026:13:28:31 -0300] "GET /?s=lol%E7%A5%9E%E7%8E%8B%E5%B0%8D%E6%B1%BA%E8%83%8C%E6%99%AF%E6%95%85%E4%BA%8B-%E3%80%90%E2%9C%94%EF%B8%8F%E6%8E%A8%E8%96%A6BB87%C2%B7CC%E2%9C%94%EF%B8%8F%E3%80%91-craigslist%20china-lol%E7%A5%9E%E7%8E%8B%E5%B0%8D%E6%B1%BA%E8%83%8C%E6%99%AF%E6%95%85%E4%BA%8B7ec1e-%E3%80%90%E2%9C%94%EF%B8%8F%E6%8E%A8%E8%96%A6BB87%C2%B7CC%E2%9C%94%EF%B8%8F%E3%80%91-craigslist%20chinaoznn-lol%E7%A5%9E%E7%8E%8B%E5%B0%8D%E6%B1%BA%E8%83%8C%E6%99%AF%E6%95%85%E4%BA%8B6qx3d-craigslist%20chinakge0 HTTP/1.1" 302 - "https://elfaro.top/jwfoan/%E5%BC%82%E7%95%8C%E4%B9%8B%E7%BB%9D%E4%B8%96%E7%82%BC%E4%B8%B9%E5%B8%88-5b0d24170c/" "Mozilla/5.0 (Linux; Android 7.0;) AppleWebKit/537.36 (HTML, like Gecko) Mobile Safari/537.36 (compatible; PetalBot;+https://webmaster.petalsearch.com/site/petalbot)"
114.119.150.34 - - [29/Aug/2026:13:29:46 -0300] "GET /?s=livepoker-%E3%80%90%E2%9C%94%EF%B8%8F%E5%AE%98%E7%B6%B2DD86%C2%B7CC%E2%9C%94%EF%B8%8F%E3%80%91-%E6%92%B2%E5%85%8B%E7%89%8C%20%E8%B3%AD%E5%8D%9A%20%E7%8E%A9%E6%B3%95-livepoker469c7-%E3%80%90%E2%9C%94%EF%B8%8F%E5%AE%98%E7%B6%B2DD86%C2%B7CC%E2%9C%94%EF%B8%8F%E3%80%91-%E6%92%B2%E5%85%8B%E7%89%8C%20%E8%B3%AD%E5%8D%9A%20%E7%8E%A9%E6%B3%95p1hz-livepoker9lewo-%E6%92%B2%E5%85%8B%E7%89%8C%20%E8%B3%AD%E5%8D%9A%20%E7%8E%A9%E6%B3%95nnzo HTTP/1.1" 302 - "https://7335.fun/hlg/8ba4a2dfd29f8bc3bad3b3ccdeadb480a898d78cdd85adb8.html" "Mozilla/5.0 (Linux; Android 7.0;) AppleWebKit/537.36 (HTML, like Gecko) Mobile Safari/537.36 (compatible; PetalBot;+https://webmaster.petalsearch.com/site/petalbot)"
114.119.145.163 - - [29/Aug/2026:13:31:42 -0300] "GET /?s=livebet007net-%E3%80%90%E2%9C%94%EF%B8%8F%E5%AE%98%E7%BD%91AA58%C2%B7CC%E2%9C%94%EF%B8%8F%E3%80%91-ppstreamnba%E7%9B%B4%E6%92%AD-livebet007net8vvqp-%E3%80%90%E2%9C%94%EF%B8%8F%E5%AE%98%E7%BD%91AA58%C2%B7CC%E2%9C%94%EF%B8%8F%E3%80%91-ppstreamnba%E7%9B%B4%E6%92%ADrtgn-livebet007netzumki-ppstreamnba%E7%9B%B4%E6%92%ADymx2 HTTP/1.1" 302 - "https://www.tgbnuc.top/fjqd/%E7%BA%BD%E7%BA%A6%E4%B8%80%E5%91%A8%E6%97%85%E6%B8%B8-5b697f300c/" "Mozilla/5.0 (Linux; Android 7.0;) AppleWebKit/537.36 (HTML, like Gecko) Mobile Safari/537.36 (compatible; PetalBot;+https://webmaster.petalsearch.com/site/petalbot)"
114.119.145.125 - - [29/Aug/2026:13:33:36 -0300] "GET /?s=live188%20%E8%B6%B3%E7%90%83%E6%AF%94%E5%88%86-%E3%80%90%E2%9C%94%EF%B8%8F%E5%AE%98%E7%BD%91AA58%C2%B7CC%E2%9C%94%EF%B8%8F%E3%80%91-%E6%BE%B3%E9%97%A8%E5%9B%9E%E5%9B%BD-live188%20%E8%B6%B3%E7%90%83%E6%AF%94%E5%88%86bcwb6-%E3%80%90%E2%9C%94%EF%B8%8F%E5%AE%98%E7%BD%91AA58%C2%B7CC%E2%9C%94%EF%B8%8F%E3%80%91-%E6%BE%B3%E9%97%A8%E5%9B%9E%E5%9B%BDp3y1-live188%20%E8%B6%B3%E7%90%83%E6%AF%94%E5%88%86sruvo-%E6%BE%B3%E9%97%A8%E5%9B%9E%E5%9B%BDl88o HTTP/1.1" 302 - "https://codeczz.com/meh/d3898dd2e8b4d08fbc8c8da9dee3bfd180bb83a6bf.html" "Mozilla/5.0 (Linux; Android 7.0;) AppleWebKit/537.36 (HTML, like Gecko) Mobile Safari/537.36 (compatible; PetalBot;+https://webmaster.petalsearch.com/site/petalbot)"
114.119.150.34 - - [29/Aug/2026:13:35:29 -0300] "GET /?s=live%20poker%20magazine-%E3%80%90%E2%9C%94%EF%B8%8F%E6%8E%A8%E8%96%A6DD96%C2%B7CC%E2%9C%94%EF%B8%8F%E3%80%91-%E8%8B%B1%E7%9A%87%E5%A8%9B%E6%A8%82%E8%80%81%E9%97%86-live%20poker%20magazinewaezr-%E3%80%90%E2%9C%94%EF%B8%8F%E6%8E%A8%E8%96%A6DD96%C2%B7CC%E2%9C%94%EF%B8%8F%E3%80%91-%E8%8B%B1%E7%9A%87%E5%A8%9B%E6%A8%82%E8%80%81%E9%97%86gxzo-live%20poker%20magazine3qjdw-%E8%8B%B1%E7%9A%87%E5%A8%9B%E6%A8%82%E8%80%81%E9%97%86mdqu HTTP/1.1" 302 - "https://yisearch.cc/hjf/ddfc90d4b8b0d6d9b3d38be2d1e3f8d1ad8e83b5ead3ddb8d1d9e9dddbded29fbd86b4a0d6b1bb.html" "Mozilla/5.0 (Linux; Android 7.0;) AppleWebKit/537.36 (HTML, like Gecko) Mobile Safari/537.36 (compatible; PetalBot;+https://webmaster.petalsearch.com/site/petalbot)"
114.119.137.190 - - [29/Aug/2026:13:37:24 -0300] "GET /?s=lforikq%E6%98%AF%E4%BB%80%E4%B9%88%E6%84%8F%E6%80%9D-%E3%80%90%E2%9C%94%EF%B8%8F%E6%8E%A8%E8%8D%90BB76%C2%B7CC%E2%9C%94%EF%B8%8F%E3%80%91-%E7%A5%9E%E8%97%8F%E5%85%8D%E8%B4%B9%E5%90%AC%E4%B9%A6-lforikq%E6%98%AF%E4%BB%80%E4%B9%88%E6%84%8F%E6%80%9Dxl50j-%E3%80%90%E2%9C%94%EF%B8%8F%E6%8E%A8%E8%8D%90BB76%C2%B7CC%E2%9C%94%EF%B8%8F%E3%80%91-%E7%A5%9E%E8%97%8F%E5%85%8D%E8%B4%B9%E5%90%AC%E4%B9%A68uag-lforikq%E6%98%AF%E4%BB%80%E4%B9%88%E6%84%8F%E6%80%9D1zqwt-%E7%A5%9E%E8%97%8F%E5%85%8D%E8%B4%B9%E5%90%AC%E4%B9%A6302a HTTP/1.1" 302 - "https://www.abctoky.top/tgqbyzec/%E7%9C%BC%E7%A7%91%E5%8F%96%E7%95%B0%E7%89%A9%E5%83%B9%E6%A0%BC%E8%A1%A8-0163050672/" "Mozilla/5.0 (Linux; Android 7.0;) AppleWebKit/537.36 (HTML, like Gecko) Mobile Safari/537.36 (compatible; PetalBot;+https://webmaster.petalsearch.com/site/petalbot)"
114.119.150.34 - - [29/Aug/2026:13:39:17 -0300] "GET /?s=ladbrokes%20casino-%E3%80%90%E2%9C%94%EF%B8%8F%E6%8E%A8%E8%8D%90AC68%C2%B7CC%E2%9C%94%EF%B8%8F%E3%80%91-%E9%93%81%E6%9D%86%E5%9B%BD%E9%99%85-ladbrokes%20casinoi6iyy-%E3%80%90%E2%9C%94%EF%B8%8F%E6%8E%A8%E8%8D%90AC68%C2%B7CC%E2%9C%94%EF%B8%8F%E3%80%91-%E9%93%81%E6%9D%86%E5%9B%BD%E9%99%85rnno-ladbrokes%20casino5hidh-%E9%93%81%E6%9D%86%E5%9B%BD%E9%99%85g86o HTTP/1.1" 302 - "https://casinosvulkan.top/kfbrygz/two%20regression%20equation%20calculator-5566246607/" "Mozilla/5.0 (Linux; Android 7.0;) AppleWebKit/537.36 (HTML, like Gecko) Mobile Safari/537.36 (compatible; PetalBot;+https://webmaster.petalsearch.com/site/petalbot)"
114.119.137.190 - - [29/Aug/2026:13:41:11 -0300] "GET /?s=l%E8%80%81%E8%99%8E%E6%9C%BA%E4%B8%8A%E5%88%86%E5%99%A8-%E3%80%90%E2%9C%94%EF%B8%8F%E5%AE%98%E7%BD%91AA58%C2%B7CC%E2%9C%94%EF%B8%8F%E3%80%91-%E6%9C%80%20%E4%BD%B3%20%E7%9B%9B%20%E5%93%81%20%E9%85%92%E5%BA%97-l%E8%80%81%E8%99%8E%E6%9C%BA%E4%B8%8A%E5%88%86%E5%99%A8f7204-%E3%80%90%E2%9C%94%EF%B8%8F%E5%AE%98%E7%BD%91AA58%C2%B7CC%E2%9C%94%EF%B8%8F%E3%80%91-%E6%9C%80%20%E4%BD%B3%20%E7%9B%9B%20%E5%93%81%20%E9%85%92%E5%BA%97lfg1-l%E8%80%81%E8%99%8E%E6%9C%BA%E4%B8%8A%E5%88%86%E5%99%A8rrojj-%E6%9C%80%20%E4%BD%B3%20%E7%9B%9B%20%E5%93%81%20%E9%85%92%E5%BA%97qzg5 HTTP/1.1" 302 - "https://34065b6e70jkmmqqh.elktv.top/" "Mozilla/5.0 (Linux; Android 7.0;) AppleWebKit/537.36 (HTML, like Gecko) Mobile Safari/537.36 (compatible; PetalBot;+https://webmaster.petalsearch.com/site/petalbot)"
114.119.130.253 - - [29/Aug/2026:13:43:08 -0300] "GET /?s=k%20o%20%E7%AE%97%20%E7%89%8C%20%E6%B3%95-%E3%80%90%E2%9C%94%EF%B8%8F%E6%8E%A8%E8%8D%90AC68%C2%B7CC%E2%9C%94%EF%B8%8F%E3%80%91-%E5%BE%B7%E5%B7%9E%E6%89%91%E5%85%8B%E9%80%89%E6%89%8B-k%20o%20%E7%AE%97%20%E7%89%8C%20%E6%B3%95goydn-%E3%80%90%E2%9C%94%EF%B8%8F%E6%8E%A8%E8%8D%90AC68%C2%B7CC%E2%9C%94%EF%B8%8F%E3%80%91-%E5%BE%B7%E5%B7%9E%E6%89%91%E5%85%8B%E9%80%89%E6%89%8B60x0-k%20o%20%E7%AE%97%20%E7%89%8C%20%E6%B3%95yr1qy-%E5%BE%B7%E5%B7%9E%E6%89%91%E5%85%8B%E9%80%89%E6%89%8Bjf4g HTTP/1.1" 302 - "https://geekbymarriage.com/mto/82ea9f8ab4ebdcc5f9d189b4dce584d4fdefd6bdd58abaff8199a4.html" "Mozilla/5.0 (Linux; Android 7.0;) AppleWebKit/537.36 (HTML, like Gecko) Mobile Safari/537.36 (compatible; PetalBot;+https://webmaster.petalsearch.com/site/petalbot)"
114.119.137.190 - - [29/Aug/2026:13:44:59 -0300] "GET /?s=jrkan%E7%9B%B4%E6%92%AD-%E3%80%90%E2%9C%94%EF%B8%8F%E5%AE%98%E7%BD%91AA58%C2%B7CC%E2%9C%94%EF%B8%8F%E3%80%91-%E7%9C%9F%E9%92%B1%E6%A2%AD%E5%93%88%E7%9A%87%E5%AE%B6h%E5%90%A7-jrkan%E7%9B%B4%E6%92%ADfw4se-%E3%80%90%E2%9C%94%EF%B8%8F%E5%AE%98%E7%BD%91AA58%C2%B7CC%E2%9C%94%EF%B8%8F%E3%80%91-%E7%9C%9F%E9%92%B1%E6%A2%AD%E5%93%88%E7%9A%87%E5%AE%B6h%E5%90%A701i2-jrkan%E7%9B%B4%E6%92%AD69ufu-%E7%9C%9F%E9%92%B1%E6%A2%AD%E5%93%88%E7%9A%87%E5%AE%B6h%E5%90%A7r99z HTTP/1.1" 302 - "https://7b057a7846kyjbeg.fuqingshui.top/" "Mozilla/5.0 (Linux; Android 7.0;) AppleWebKit/537.36 (HTML, like Gecko) Mobile Safari/537.36 (compatible; PetalBot;+https://webmaster.petalsearch.com/site/petalbot)"
114.119.159.121 - - [29/Aug/2026:13:46:55 -0300] "GET /?s=jqk365%E5%A8%B1%E4%B9%90%E5%9F%8E-%E3%80%90%E2%9C%94%EF%B8%8F%E6%8E%A8%E8%8D%90AC68%C2%B7CC%E2%9C%94%EF%B8%8F%E3%80%91-%E7%BA%BD%E7%BA%A6%20%E5%A4%A7%E8%A5%BF%E6%B4%8B%20%E5%9F%8E-jqk365%E5%A8%B1%E4%B9%90%E5%9F%8Emgeby-%E3%80%90%E2%9C%94%EF%B8%8F%E6%8E%A8%E8%8D%90AC68%C2%B7CC%E2%9C%94%EF%B8%8F%E3%80%91-%E7%BA%BD%E7%BA%A6%20%E5%A4%A7%E8%A5%BF%E6%B4%8B%20%E5%9F%8Ewt0g-jqk365%E5%A8%B1%E4%B9%90%E5%9F%8El9ipb-%E7%BA%BD%E7%BA%A6%20%E5%A4%A7%E8%A5%BF%E6%B4%8B%20%E5%9F%8E61si HTTP/1.1" 302 - "https://www.6rbmasr.top/xfkcrudl/%E5%92%8C%E7%9D%A6%E7%9B%B8%E8%99%95%E7%9A%84%E8%99%95%E6%98%AF%E5%93%AA%E5%80%8B%E8%99%95-7456036104/" "Mozilla/5.0 (Linux; Android 7.0;) AppleWebKit/537.36 (HTML, like Gecko) Mobile Safari/537.36 (compatible; PetalBot;+https://webmaster.petalsearch.com/site/petalbot)"
47.128.127.104 - - [29/Aug/2026:13:48:05 -0300] "GET /robots.txt HTTP/1.1" 404 - "-" "Mozilla/5.0 (iPhone; CPU iPhone OS 7_1_2 like Mac OS X) AppleWebKit/537.36 (KHTML, like Gecko) Version/7.0 Mobile Safari/537.36 (compatible; Bytespider; https://bytedance.sg.larkoffice.com/docx/K5bxdypulop3IIxrJb0lOjLVgFe)"
147.93.169.100 - - [29/Aug/2026:13:48:09 -0300] "GET / HTTP/1.1" 302 - "-" "Mozilla/5.0 (X11; Linux x86_64) AppleWebKit/537.36 (KHTML, like Gecko) Chrome/122.0.0.0 Safari/537.36"
147.93.169.100 - - [29/Aug/2026:13:48:14 -0300] "GET /wp-login.php HTTP/1.1" 404 - "-" "Mozilla/5.0 (X11; Linux x86_64) AppleWebKit/537.36 (KHTML, like Gecko) Chrome/122.0.0.0 Safari/537.36"
147.93.169.100 - - [29/Aug/2026:13:48:14 -0300] "GET /wp-json/ HTTP/1.1" 404 - "-" "Mozilla/5.0 (X11; Linux x86_64) AppleWebKit/537.36 (KHTML, like Gecko) Chrome/122.0.0.0 Safari/537.36"
156.59.198.135 - - [29/Aug/2026:13:48:26 -0300] "GET /wp-content/uploads/2018/05/Drug-pipeline-1Q18.pdf HTTP/1.1" 404 - "-" "Mozilla/5.0 (Linux; Android 5.0) AppleWebKit/537.36 (KHTML, like Gecko) Mobile Safari/537.36 (compatible; Bytespider; spider-feedback@bytedance.com)"
114.119.130.253 - - [29/Aug/2026:13:48:46 -0300] "GET /?s=jj%E9%AC%A5%E5%9C%B0%E4%B8%BB%E8%AB%96%E5%A3%87-%E3%80%90%E2%9C%94%EF%B8%8F%E5%AE%98%E7%B6%B2DD86%C2%B7CC%E2%9C%94%EF%B8%8F%E3%80%91-%E6%96%B0%E5%8A%A0%E5%9D%A14d%E9%96%8B%E7%8D%8E%E7%B5%90%E6%9E%9C-jj%E9%AC%A5%E5%9C%B0%E4%B8%BB%E8%AB%96%E5%A3%879q9m7-%E3%80%90%E2%9C%94%EF%B8%8F%E5%AE%98%E7%B6%B2DD86%C2%B7CC%E2%9C%94%EF%B8%8F%E3%80%91-%E6%96%B0%E5%8A%A0%E5%9D%A14d%E9%96%8B%E7%8D%8E%E7%B5%90%E6%9E%9Cf8zh-jj%E9%AC%A5%E5%9C%B0%E4%B8%BB%E8%AB%96%E5%A3%87b1i4b-%E6%96%B0%E5%8A%A0%E5%9D%A14d%E9%96%8B%E7%8D%8E%E7%B5%90%E6%9E%9Chulo HTTP/1.1" 302 - "https://looksearch.cc/mkw/d3e1bdd080ebd4fdcdd2d899858f97d1b49487d9a7d5be8f8dbfbed2fab380d2ba899c80dce6bc89d18e.html" "Mozilla/5.0 (Linux; Android 7.0;) AppleWebKit/537.36 (HTML, like Gecko) Mobile Safari/537.36 (compatible; PetalBot;+https://webmaster.petalsearch.com/site/petalbot)"
114.119.159.121 - - [29/Aug/2026:13:50:40 -0300] "GET /?s=jj%E5%9C%B0%E4%B8%BB-%E3%80%90%E2%9C%94%EF%B8%8F%E6%8E%A8%E8%8D%90AC68%C2%B7CC%E2%9C%94%EF%B8%8F%E3%80%91-%E7%B4%A2%E8%8E%B1%E5%B0%94%E4%B8%9C%E6%96%B9%E9%9B%86%E5%9B%A2-jj%E5%9C%B0%E4%B8%BBwztqr-%E3%80%90%E2%9C%94%EF%B8%8F%E6%8E%A8%E8%8D%90AC68%C2%B7CC%E2%9C%94%EF%B8%8F%E3%80%91-%E7%B4%A2%E8%8E%B1%E5%B0%94%E4%B8%9C%E6%96%B9%E9%9B%86%E5%9B%A2jsw6-jj%E5%9C%B0%E4%B8%BBj5e6p-%E7%B4%A2%E8%8E%B1%E5%B0%94%E4%B8%9C%E6%96%B9%E9%9B%86%E5%9B%A280j4 HTTP/1.1" 302 - "https://www.traisungmy.top/ybhlqa/%E6%B2%B3%E5%8D%97%E9%B9%85%E5%8D%B5%E7%9F%B3%E9%95%BF%E6%9C%9F%E5%A4%A7%E9%87%8F%E5%87%BA%E5%94%AE-3b444a0221/" "Mozilla/5.0 (Linux; Android 7.0;) AppleWebKit/537.36 (HTML, like Gecko) Mobile Safari/537.36 (compatible; PetalBot;+https://webmaster.petalsearch.com/site/petalbot)"
114.119.130.253 - - [29/Aug/2026:13:52:35 -0300] "GET /?s=jd%E4%B8%805%E9%A1%AF%E7%A4%BA%E6%96%B7%E7%9B%B8%E4%BB%80%E9%BA%BC%E5%8E%9F%E5%9B%A0-%E3%80%90%E2%9C%94%EF%B8%8F%E6%8E%A8%E8%96%A6BB87%C2%B7CC%E2%9C%94%EF%B8%8F%E3%80%91-%E7%A7%8B%E5%A4%A9%E7%9F%AD%E6%96%8750%E5%AD%97-jd%E4%B8%805%E9%A1%AF%E7%A4%BA%E6%96%B7%E7%9B%B8%E4%BB%80%E9%BA%BC%E5%8E%9F%E5%9B%A0i4lq3-%E3%80%90%E2%9C%94%EF%B8%8F%E6%8E%A8%E8%96%A6BB87%C2%B7CC%E2%9C%94%EF%B8%8F%E3%80%91-%E7%A7%8B%E5%A4%A9%E7%9F%AD%E6%96%8750%E5%AD%97kh87-jd%E4%B8%805%E9%A1%AF%E7%A4%BA%E6%96%B7%E7%9B%B8%E4%BB%80%E9%BA%BC%E5%8E%9F%E5%9B%A0foxnq-%E7%A7%8B%E5%A4%A9%E7%9F%AD%E6%96%8750%E5%AD%976ku8 HTTP/1.1" 302 - "https://maharim.top/owbywkcr/loveyoutobits16-0b660d6d44/" "Mozilla/5.0 (Linux; Android 7.0;) AppleWebKit/537.36 (HTML, like Gecko) Mobile Safari/537.36 (compatible; PetalBot;+https://webmaster.petalsearch.com/site/petalbot)"
114.119.145.125 - - [29/Aug/2026:13:54:29 -0300] "GET /?s=jazz%E8%AF%B4%E5%94%B1%E7%89%B9%E7%82%B9-%E3%80%90%E2%9C%94%EF%B8%8F%E6%8E%A8%E8%8D%90KK37%C2%B7CC%E2%9C%94%EF%B8%8F%E3%80%91-%E6%81%B6%E7%81%B5%E9%99%84%E8%BA%AB%E7%95%8C%E9%9D%A2%E7%BF%BB%E8%AF%91-jazz%E8%AF%B4%E5%94%B1%E7%89%B9%E7%82%B9xttzw-%E3%80%90%E2%9C%94%EF%B8%8F%E6%8E%A8%E8%8D%90KK37%C2%B7CC%E2%9C%94%EF%B8%8F%E3%80%91-%E6%81%B6%E7%81%B5%E9%99%84%E8%BA%AB%E7%95%8C%E9%9D%A2%E7%BF%BB%E8%AF%91w0jr-jazz%E8%AF%B4%E5%94%B1%E7%89%B9%E7%82%B96r44x-%E6%81%B6%E7%81%B5%E9%99%84%E8%BA%AB%E7%95%8C%E9%9D%A2%E7%BF%BB%E8%AF%9176nf HTTP/1.1" 302 - "https://hostzxw.com/wbb/deb8b885a48bd89bdc818497d68581d3b9f8d3c890d986f58e94be83e1ba81d8b0d4b9fd.html" "Mozilla/5.0 (Linux; Android 7.0;) AppleWebKit/537.36 (HTML, like Gecko) Mobile Safari/537.36 (compatible; PetalBot;+https://webmaster.petalsearch.com/site/petalbot)"
114.119.159.121 - - [29/Aug/2026:13:56:23 -0300] "GET /?s=ios%E6%94%BE%E7%BD%AE%E7%B1%BB%E6%B8%B8%E6%88%8F%E6%8E%A8%E8%8D%90-%E3%80%90%E2%9C%94%EF%B8%8F%E6%8E%A8%E8%8D%90BB76%C2%B7CC%E2%9C%94%EF%B8%8F%E3%80%91-%E8%A1%A3%E5%AD%97%E6%97%81%E8%80%B3%E5%BF%B5%E4%BB%80%E4%B9%88-ios%E6%94%BE%E7%BD%AE%E7%B1%BB%E6%B8%B8%E6%88%8F%E6%8E%A8%E8%8D%90q6cz8-%E3%80%90%E2%9C%94%EF%B8%8F%E6%8E%A8%E8%8D%90BB76%C2%B7CC%E2%9C%94%EF%B8%8F%E3%80%91-%E8%A1%A3%E5%AD%97%E6%97%81%E8%80%B3%E5%BF%B5%E4%BB%80%E4%B9%88k97k-ios%E6%94%BE%E7%BD%AE%E7%B1%BB%E6%B8%B8%E6%88%8F%E6%8E%A8%E8%8D%90n3blb-%E8%A1%A3%E5%AD%97%E6%97%81%E8%80%B3%E5%BF%B5%E4%BB%80%E4%B9%88fi0v HTTP/1.1" 302 - "https://vavadacasino.top/qqie/%E5%9B%B4%E9%AA%B0%E8%8B%B1%E6%96%87-4f06095d7b/" "Mozilla/5.0 (Linux; Android 7.0;) AppleWebKit/537.36 (HTML, like Gecko) Mobile Safari/537.36 (compatible; PetalBot;+https://webmaster.petalsearch.com/site/petalbot)"
114.119.150.34 - - [29/Aug/2026:13:58:18 -0300] "GET /?s=imessage%E8%AE%B0%E5%BD%95%E4%B8%8D%E5%85%A8-%E3%80%90%E2%9C%94%EF%B8%8F%E6%8E%A8%E8%8D%90BB76%C2%B7CC%E2%9C%94%EF%B8%8F%E3%80%91-%E7%8C%B4%E4%BA%BA2018%E5%B9%B4%E8%BF%90%E5%8A%BF-imessage%E8%AE%B0%E5%BD%95%E4%B8%8D%E5%85%A8iv47w-%E3%80%90%E2%9C%94%EF%B8%8F%E6%8E%A8%E8%8D%90BB76%C2%B7CC%E2%9C%94%EF%B8%8F%E3%80%91-%E7%8C%B4%E4%BA%BA2018%E5%B9%B4%E8%BF%90%E5%8A%BFj6g2-imessage%E8%AE%B0%E5%BD%95%E4%B8%8D%E5%85%A8sj5ky-%E7%8C%B4%E4%BA%BA2018%E5%B9%B4%E8%BF%90%E5%8A%BFytzt HTTP/1.1" 302 - "https://www.steelmetals.top/pshuy/2022%E6%AD%90%E5%86%A0-5d3f507f74/" "Mozilla/5.0 (Linux; Android 7.0;) AppleWebKit/537.36 (HTML, like Gecko) Mobile Safari/537.36 (compatible; PetalBot;+https://webmaster.petalsearch.com/site/petalbot)"
46.224.210.134 - - [29/Aug/2026:13:58:40 -0300] "GET / HTTP/1.1" 302 - "-" "Mozilla/5.0 (compatible; webatlabot/1.0; +https://webatla.com/bot; abuse@webatla.com)"
46.224.210.134 - - [29/Aug/2026:13:58:41 -0300] "GET / HTTP/1.1" 302 - "-" "Mozilla/5.0 (compatible; webatlabot/1.0; +https://webatla.com/bot; abuse@webatla.com)"
114.119.145.163 - - [29/Aug/2026:14:02:06 -0300] "GET /?s=hustle%20%E4%B8%AD%E6%96%87-%E3%80%90%E2%9C%94%EF%B8%8F%E5%AE%98%E7%BD%91AA58%C2%B7CC%E2%9C%94%EF%B8%8F%E3%80%91-%E5%87%AF%E6%97%B6%E5%A8%B1%E4%B9%90-hustle%20%E4%B8%AD%E6%96%87rvelg-%E3%80%90%E2%9C%94%EF%B8%8F%E5%AE%98%E7%BD%91AA58%C2%B7CC%E2%9C%94%EF%B8%8F%E3%80%91-%E5%87%AF%E6%97%B6%E5%A8%B1%E4%B9%906jh1-hustle%20%E4%B8%AD%E6%96%87ss3i2-%E5%87%AF%E6%97%B6%E5%A8%B1%E4%B9%90e61b HTTP/1.1" 302 - "https://www.zutao.top/vugfhdyz/%E9%A2%A8%E8%B5%B7%E8%92%BC%E5%B5%90%E6%BC%AB%E7%95%AB%E5%85%8D%E8%B2%BB%E4%B8%8B%E6%8B%89%E5%BC%8F%E5%A5%87%E5%A6%99%E6%BC%AB%E7%95%AB-011c005e01/" "Mozilla/5.0 (Linux; Android 7.0;) AppleWebKit/537.36 (HTML, like Gecko) Mobile Safari/537.36 (compatible; PetalBot;+https://webmaster.petalsearch.com/site/petalbot)"
114.119.148.252 - - [29/Aug/2026:14:04:02 -0300] "GET /?s=hkjc%20football-%E3%80%90%E2%9C%94%EF%B8%8F%E5%AE%98%E7%BD%91AA58%C2%B7CC%E2%9C%94%EF%B8%8F%E3%80%91-%E5%8D%A2%E5%85%8B%E7%B4%A2%E5%A8%B1%E4%B9%90%E5%9F%8E-hkjc%20football90rl9-%E3%80%90%E2%9C%94%EF%B8%8F%E5%AE%98%E7%BD%91AA58%C2%B7CC%E2%9C%94%EF%B8%8F%E3%80%91-%E5%8D%A2%E5%85%8B%E7%B4%A2%E5%A8%B1%E4%B9%90%E5%9F%8Ezu58-hkjc%20football3mghn-%E5%8D%A2%E5%85%8B%E7%B4%A2%E5%A8%B1%E4%B9%90%E5%9F%8Eg0z8 HTTP/1.1" 302 - "https://dasearch.cc/rnj/dfd8add0a5ae81f1a1d181b8d7b8ac.html" "Mozilla/5.0 (Linux; Android 7.0;) AppleWebKit/537.36 (HTML, like Gecko) Mobile Safari/537.36 (compatible; PetalBot;+https://webmaster.petalsearch.com/site/petalbot)"
114.119.145.125 - - [29/Aug/2026:14:05:54 -0300] "GET /?s=h3c%E4%BA%A4%E6%8D%A2%E6%9C%BAacl%E9%99%90%E5%88%B6%E7%AB%AF%E5%8F%A3-%E3%80%90%E2%9C%94%EF%B8%8F%E6%8E%A8%E8%8D%90BB76%C2%B7CC%E2%9C%94%EF%B8%8F%E3%80%91-%E4%BB%8B%E4%BA%8E%E9%B8%AD%E5%92%8C%E9%B9%85%E4%B9%8B%E9%97%B4%E7%9A%84%E5%AE%B6%E7%A6%BD%E5%8F%AB%E4%BB%80%E4%B9%88-h3c%E4%BA%A4%E6%8D%A2%E6%9C%BAacl%E9%99%90%E5%88%B6%E7%AB%AF%E5%8F%A34uf63-%E3%80%90%E2%9C%94%EF%B8%8F%E6%8E%A8%E8%8D%90BB76%C2%B7CC%E2%9C%94%EF%B8%8F%E3%80%91-%E4%BB%8B%E4%BA%8E%E9%B8%AD%E5%92%8C%E9%B9%85%E4%B9%8B%E9%97%B4%E7%9A%84%E5%AE%B6%E7%A6%BD%E5%8F%AB%E4%BB%80%E4%B9%881y6g-h3c%E4%BA%A4%E6%8D%A2%E6%9C%BAacl%E9%99%90%E5%88%B6%E7%AB%AF%E5%8F%A3kio0m-%E4%BB%8B%E4%BA%8E%E9%B8%AD%E5%92%8C%E9%B9%85%E4%B9%8B%E9%97%B4%E7%9A%84%E5%AE%B6%E7%A6%BD%E5%8F%AB%E4%BB%80%E4%B9%88ddsg HTTP/1.1" 302 - "https://heartsd.top/uuas/%E4%BD%93%E7%90%83%E7%BD%91%E8%B6%B3%E7%90%83%E5%8D%B3%E6%97%B6%E8%B5%9B%E6%9E%9C-015e2e4528/" "Mozilla/5.0 (Linux; Android 7.0;) AppleWebKit/537.36 (HTML, like Gecko) Mobile Safari/537.36 (compatible; PetalBot;+https://webmaster.petalsearch.com/site/petalbot)"
114.119.145.125 - - [29/Aug/2026:14:07:46 -0300] "GET /?s=ggpoker%20%E7%8D%8E%E9%87%91%E4%BB%A3%E7%A2%BC-%E3%80%90%E2%9C%94%EF%B8%8F%E6%8E%A8%E8%96%A6DD96%C2%B7CC%E2%9C%94%EF%B8%8F%E3%80%91-%E8%99%8E%E6%92%B2nba-ggpoker%20%E7%8D%8E%E9%87%91%E4%BB%A3%E7%A2%BC1dio1-%E3%80%90%E2%9C%94%EF%B8%8F%E6%8E%A8%E8%96%A6DD96%C2%B7CC%E2%9C%94%EF%B8%8F%E3%80%91-%E8%99%8E%E6%92%B2nbak592-ggpoker%20%E7%8D%8E%E9%87%91%E4%BB%A3%E7%A2%BC1f3d7-%E8%99%8E%E6%92%B2nbajl6t HTTP/1.1" 302 - "https://betwinner-023850.top/zccwvqs/wipe%20phone%20and%20reinstall%20android-6744367f67/" "Mozilla/5.0 (Linux; Android 7.0;) AppleWebKit/537.36 (HTML, like Gecko) Mobile Safari/537.36 (compatible; PetalBot;+https://webmaster.petalsearch.com/site/petalbot)"
114.119.134.6 - - [29/Aug/2026:14:09:40 -0300] "GET /?s=gg%E6%89%91%E5%85%8B%E5%AE%89%E5%8D%93-%E3%80%90%E2%9C%94%EF%B8%8F%E6%8E%A8%E8%8D%90AC68%C2%B7CC%E2%9C%94%EF%B8%8F%E3%80%91-%E6%96%B0%E8%91%A1%E4%BA%AC%E5%A8%B1%E4%B9%90%E5%9F%8E-gg%E6%89%91%E5%85%8B%E5%AE%89%E5%8D%93rx7ph-%E3%80%90%E2%9C%94%EF%B8%8F%E6%8E%A8%E8%8D%90AC68%C2%B7CC%E2%9C%94%EF%B8%8F%E3%80%91-%E6%96%B0%E8%91%A1%E4%BA%AC%E5%A8%B1%E4%B9%90%E5%9F%8Evk7o-gg%E6%89%91%E5%85%8B%E5%AE%89%E5%8D%93p52ab-%E6%96%B0%E8%91%A1%E4%BA%AC%E5%A8%B1%E4%B9%90%E5%9F%8Ezcad HTTP/1.1" 302 - "https://2361.fun/mcu/ddb7bb84d9b5d38fb2d086fbd1819183b58ad5e9dbd19e93d6d7e3d59aa086dca5.html" "Mozilla/5.0 (Linux; Android 7.0;) AppleWebKit/537.36 (HTML, like Gecko) Mobile Safari/537.36 (compatible; PetalBot;+https://webmaster.petalsearch.com/site/petalbot)"
114.119.150.34 - - [29/Aug/2026:14:11:34 -0300] "GET /?s=gdp%E5%90%8D%E8%AF%8D%E8%A7%A3%E9%87%8A%E8%A5%BF%E6%96%B9%E7%BB%8F%E6%B5%8E%E5%AD%A6-%E3%80%90%E2%9C%94%EF%B8%8F%E6%8E%A8%E8%8D%90BB76%C2%B7CC%E2%9C%94%EF%B8%8F%E3%80%91-izone%20private%20mail-gdp%E5%90%8D%E8%AF%8D%E8%A7%A3%E9%87%8A%E8%A5%BF%E6%96%B9%E7%BB%8F%E6%B5%8E%E5%AD%A6o375l-%E3%80%90%E2%9C%94%EF%B8%8F%E6%8E%A8%E8%8D%90BB76%C2%B7CC%E2%9C%94%EF%B8%8F%E3%80%91-izone%20private%20mailam8d-gdp%E5%90%8D%E8%AF%8D%E8%A7%A3%E9%87%8A%E8%A5%BF%E6%96%B9%E7%BB%8F%E6%B5%8E%E5%AD%A6uyegt-izone%20private%20mailnkcp HTTP/1.1" 302 - "https://wearbbs.top/vkjxkamm/%E7%94%B7%E5%A5%B3%E4%B8%BB%E4%BA%92%E7%9B%B8%E6%9A%97%E6%88%80%E6%96%87-1d42000010/" "Mozilla/5.0 (Linux; Android 7.0;) AppleWebKit/537.36 (HTML, like Gecko) Mobile Safari/537.36 (compatible; PetalBot;+https://webmaster.petalsearch.com/site/petalbot)"
114.119.150.34 - - [29/Aug/2026:14:13:27 -0300] "GET /?s=gameone%E5%A8%B1%E4%B9%90%E5%9F%8E%E4%B8%8B%E8%BD%BD-%E3%80%90%E2%9C%94%EF%B8%8F%E5%AE%98%E7%BD%91AA58%C2%B7CC%E2%9C%94%EF%B8%8F%E3%80%91-%E5%8D%8E%E5%B1%B1%E8%AE%BA%E8%A7%81%E8%B6%B3%E7%90%83%E5%90%A7-gameone%E5%A8%B1%E4%B9%90%E5%9F%8E%E4%B8%8B%E8%BD%BDq4mu5-%E3%80%90%E2%9C%94%EF%B8%8F%E5%AE%98%E7%BD%91AA58%C2%B7CC%E2%9C%94%EF%B8%8F%E3%80%91-%E5%8D%8E%E5%B1%B1%E8%AE%BA%E8%A7%81%E8%B6%B3%E7%90%83%E5%90%A7w3k6-gameone%E5%A8%B1%E4%B9%90%E5%9F%8E%E4%B8%8B%E8%BD%BDyjn7s-%E5%8D%8E%E5%B1%B1%E8%AE%BA%E8%A7%81%E8%B6%B3%E7%90%83%E5%90%A75ni5 HTTP/1.1" 302 - "https://cpmdoc.top/xvrh/diamondbetpoker-1100167c50/" "Mozilla/5.0 (Linux; Android 7.0;) AppleWebKit/537.36 (HTML, like Gecko) Mobile Safari/537.36 (compatible; PetalBot;+https://webmaster.petalsearch.com/site/petalbot)"
114.119.145.125 - - [29/Aug/2026:14:15:21 -0300] "GET /?s=fox%20f1%E7%9B%B4%E6%92%AD-%E3%80%90%E2%9C%94%EF%B8%8F%E6%8E%A8%E8%8D%90AC68%C2%B7CC%E2%9C%94%EF%B8%8F%E3%80%91-%E5%A4%A7%E8%B5%84%E6%9C%AC%E8%B5%8C%E5%9C%BA-fox%20f1%E7%9B%B4%E6%92%ADy2y7r-%E3%80%90%E2%9C%94%EF%B8%8F%E6%8E%A8%E8%8D%90AC68%C2%B7CC%E2%9C%94%EF%B8%8F%E3%80%91-%E5%A4%A7%E8%B5%84%E6%9C%AC%E8%B5%8C%E5%9C%BAx7vt-fox%20f1%E7%9B%B4%E6%92%ADeecrk-%E5%A4%A7%E8%B5%84%E6%9C%AC%E8%B5%8C%E5%9C%BAhqx1 HTTP/1.1" 302 - "https://gogose1.top/wqbp/%E9%87%91%E5%AE%9D%E5%8D%9A%E7%94%B5%E8%AF%9D%E6%8A%95%E6%B3%A8-34032d4a55/" "Mozilla/5.0 (Linux; Android 7.0;) AppleWebKit/537.36 (HTML, like Gecko) Mobile Safari/537.36 (compatible; PetalBot;+https://webmaster.petalsearch.com/site/petalbot)"
114.119.145.125 - - [29/Aug/2026:14:17:16 -0300] "GET /?s=f4%E6%96%B9%E7%A8%8B%E5%BC%8F%E8%B3%BD%E8%BB%8A-%E3%80%90%E2%9C%94%EF%B8%8F%E6%8E%A8%E8%96%A6DD96%C2%B7CC%E2%9C%94%EF%B8%8F%E3%80%91-laohuji-f4%E6%96%B9%E7%A8%8B%E5%BC%8F%E8%B3%BD%E8%BB%8Aqkegx-%E3%80%90%E2%9C%94%EF%B8%8F%E6%8E%A8%E8%96%A6DD96%C2%B7CC%E2%9C%94%EF%B8%8F%E3%80%91-laohuji6zpb-f4%E6%96%B9%E7%A8%8B%E5%BC%8F%E8%B3%BD%E8%BB%8Ay8v4k-laohujioq2q HTTP/1.1" 302 - "https://2377.fun/kkc/868591d19d8cd5f49285b1a5d6c0e185a0bd83a3e18dcea58997b9.html" "Mozilla/5.0 (Linux; Android 7.0;) AppleWebKit/537.36 (HTML, like Gecko) Mobile Safari/537.36 (compatible; PetalBot;+https://webmaster.petalsearch.com/site/petalbot)"
114.119.130.253 - - [29/Aug/2026:14:19:12 -0300] "GET /?s=f1%E8%B5%9B%E8%BD%A6-%E3%80%90%E2%9C%94%EF%B8%8F%E6%8E%A8%E8%8D%90AC68%C2%B7CC%E2%9C%94%EF%B8%8F%E3%80%91-nba%E5%86%B3%E8%B5%9B%E7%9B%B4%E6%92%AD-f1%E8%B5%9B%E8%BD%A6ds3mb-%E3%80%90%E2%9C%94%EF%B8%8F%E6%8E%A8%E8%8D%90AC68%C2%B7CC%E2%9C%94%EF%B8%8F%E3%80%91-nba%E5%86%B3%E8%B5%9B%E7%9B%B4%E6%92%ADwsxh-f1%E8%B5%9B%E8%BD%A6kflou-nba%E5%86%B3%E8%B5%9B%E7%9B%B4%E6%92%ADgdo5 HTTP/1.1" 302 - "https://plays-fortuna.top/slksamh/parallels%20windows%20download-6b05300123/" "Mozilla/5.0 (Linux; Android 7.0;) AppleWebKit/537.36 (HTML, like Gecko) Mobile Safari/537.36 (compatible; PetalBot;+https://webmaster.petalsearch.com/site/petalbot)"
114.119.130.253 - - [29/Aug/2026:14:21:03 -0300] "GET /?s=f1%20%E9%98%BF%E5%B8%83%20%E6%89%8E%20%E6%AF%94%E5%A4%A7%E5%A5%96%E8%B5%9B%E6%AD%A3%E8%B5%9B%20%E7%9B%B4%E6%92%AD-%E3%80%90%E2%9C%94%EF%B8%8F%E6%8E%A8%E8%8D%90AC68%C2%B7CC%E2%9C%94%EF%B8%8F%E3%80%91-%E7%BD%91%E4%B8%8A%E7%8E%B0%E9%87%9121%E7%82%B9-f1%20%E9%98%BF%E5%B8%83%20%E6%89%8E%20%E6%AF%94%E5%A4%A7%E5%A5%96%E8%B5%9B%E6%AD%A3%E8%B5%9B%20%E7%9B%B4%E6%92%ADgoizl-%E3%80%90%E2%9C%94%EF%B8%8F%E6%8E%A8%E8%8D%90AC68%C2%B7CC%E2%9C%94%EF%B8%8F%E3%80%91-%E7%BD%91%E4%B8%8A%E7%8E%B0%E9%87%9121%E7%82%B9zdtj-f1%20%E9%98%BF%E5%B8%83%20%E6%89%8E%20%E6%AF%94%E5%A4%A7%E5%A5%96%E8%B5%9B%E6%AD%A3%E8%B5%9B%20%E7%9B%B4%E6%92%ADsm1v7-%E7%BD%91%E4%B8%8A%E7%8E%B0%E9%87%9121%E7%82%B90ij3 HTTP/1.1" 302 - "https://yamolca.top/vjdrj/188hi-2649327164/" "Mozilla/5.0 (Linux; Android 7.0;) AppleWebKit/537.36 (HTML, like Gecko) Mobile Safari/537.36 (compatible; PetalBot;+https://webmaster.petalsearch.com/site/petalbot)"
114.119.134.6 - - [29/Aug/2026:14:23:03 -0300] "GET /?s=f1%20%E7%9B%B4%E6%92%AD%205%20%E6%92%AD-%E3%80%90%E2%9C%94%EF%B8%8F%E5%AE%98%E7%BD%91AA58%C2%B7CC%E2%9C%94%EF%B8%8F%E3%80%91-%E5%B9%B8%E8%BF%90%E8%BD%AC%E7%9B%98online-f1%20%E7%9B%B4%E6%92%AD%205%20%E6%92%AD08wqy-%E3%80%90%E2%9C%94%EF%B8%8F%E5%AE%98%E7%BD%91AA58%C2%B7CC%E2%9C%94%EF%B8%8F%E3%80%91-%E5%B9%B8%E8%BF%90%E8%BD%AC%E7%9B%98onlinew6lt-f1%20%E7%9B%B4%E6%92%AD%205%20%E6%92%ADd2iou-%E5%B9%B8%E8%BF%90%E8%BD%AC%E7%9B%98online734l HTTP/1.1" 302 - "https://www.dongxibao.top/svpbap/%E5%A5%B6%E5%A5%B6%E5%A4%96%E8%B2%8C%E6%8F%8F%E5%86%99%E7%B2%BE%E5%BD%A9%E7%89%87%E6%AE%B5-55430c5463/" "Mozilla/5.0 (Linux; Android 7.0;) AppleWebKit/537.36 (HTML, like Gecko) Mobile Safari/537.36 (compatible; PetalBot;+https://webmaster.petalsearch.com/site/petalbot)"
114.119.145.163 - - [29/Aug/2026:14:24:55 -0300] "GET /?s=ex%E8%88%87x2%E8%AA%B0%E5%A4%A7-%E3%80%90%E2%9C%94%EF%B8%8F%E6%8E%A8%E8%96%A6BB87%C2%B7CC%E2%9C%94%EF%B8%8F%E3%80%91-%E6%A9%9F%E6%88%BF%E4%BC%BA%E6%9C%8D%E5%99%A8%E9%85%8D%E7%BD%AE-ex%E8%88%87x2%E8%AA%B0%E5%A4%A7xukdg-%E3%80%90%E2%9C%94%EF%B8%8F%E6%8E%A8%E8%96%A6BB87%C2%B7CC%E2%9C%94%EF%B8%8F%E3%80%91-%E6%A9%9F%E6%88%BF%E4%BC%BA%E6%9C%8D%E5%99%A8%E9%85%8D%E7%BD%AEscmf-ex%E8%88%87x2%E8%AA%B0%E5%A4%A7mj4ct-%E6%A9%9F%E6%88%BF%E4%BC%BA%E6%9C%8D%E5%99%A8%E9%85%8D%E7%BD%AEiuyq HTTP/1.1" 302 - "https://insureoptionsreview.top/riwun/nba%E6%AF%94%E8%B3%BD%E9%8C%84%E5%83%8F-3522663458/" "Mozilla/5.0 (Linux; Android 7.0;) AppleWebKit/537.36 (HTML, like Gecko) Mobile Safari/537.36 (compatible; PetalBot;+https://webmaster.petalsearch.com/site/petalbot)"
114.119.145.163 - - [29/Aug/2026:14:26:49 -0300] "GET /?s=espnstar%E7%9B%B4%E6%92%AD-%E3%80%90%E2%9C%94%EF%B8%8F%E6%8E%A8%E8%96%A6DD96%C2%B7CC%E2%9C%94%EF%B8%8F%E3%80%91-518%E5%A8%9B%E6%A8%82%E5%9F%8E-espnstar%E7%9B%B4%E6%92%AD8gtgo-%E3%80%90%E2%9C%94%EF%B8%8F%E6%8E%A8%E8%96%A6DD96%C2%B7CC%E2%9C%94%EF%B8%8F%E3%80%91-518%E5%A8%9B%E6%A8%82%E5%9F%8E5kiv-espnstar%E7%9B%B4%E6%92%ADoslec-518%E5%A8%9B%E6%A8%82%E5%9F%8Emj8s HTTP/1.1" 302 - "https://9dvvn79.top/ueunlek/acer%20aspire%203%20core%20i3%20specs-2c35205d56/" "Mozilla/5.0 (Linux; Android 7.0;) AppleWebKit/537.36 (HTML, like Gecko) Mobile Safari/537.36 (compatible; PetalBot;+https://webmaster.petalsearch.com/site/petalbot)"
114.119.134.6 - - [29/Aug/2026:14:28:40 -0300] "GET /?s=daxiaoqiu-%E3%80%90%E2%9C%94%EF%B8%8F%E6%8E%A8%E8%96%A6DD96%C2%B7CC%E2%9C%94%EF%B8%8F%E3%80%91-%E6%84%9B%E6%A8%82%E9%80%8F%E6%89%8B%E6%A9%9F%E6%8A%95%E6%B3%A8-daxiaoqiu5fv3i-%E3%80%90%E2%9C%94%EF%B8%8F%E6%8E%A8%E8%96%A6DD96%C2%B7CC%E2%9C%94%EF%B8%8F%E3%80%91-%E6%84%9B%E6%A8%82%E9%80%8F%E6%89%8B%E6%A9%9F%E6%8A%95%E6%B3%A83zwd-daxiaoqiuydzxf-%E6%84%9B%E6%A8%82%E9%80%8F%E6%89%8B%E6%A9%9F%E6%8A%95%E6%B3%A8rjw8 HTTP/1.1" 302 - "https://www.searchblog.top/wqul/%E8%BD%AC%E8%BD%AE%E7%9B%98%E8%8B%B1%E6%96%87-00770b4351/" "Mozilla/5.0 (Linux; Android 7.0;) AppleWebKit/537.36 (HTML, like Gecko) Mobile Safari/537.36 (compatible; PetalBot;+https://webmaster.petalsearch.com/site/petalbot)"
114.119.145.125 - - [29/Aug/2026:14:30:34 -0300] "GET /?s=david%20chiu%20hong%20kong-%E3%80%90%E2%9C%94%EF%B8%8F%E6%8E%A8%E8%8D%90AC68%C2%B7CC%E2%9C%94%EF%B8%8F%E3%80%91-%E5%8D%A1%E5%A1%94%E5%B0%94%E4%B8%96%E7%95%8C%E6%9D%AF%E9%97%A8%E7%A5%A8-david%20chiu%20hong%20kongcbt8b-%E3%80%90%E2%9C%94%EF%B8%8F%E6%8E%A8%E8%8D%90AC68%C2%B7CC%E2%9C%94%EF%B8%8F%E3%80%91-%E5%8D%A1%E5%A1%94%E5%B0%94%E4%B8%96%E7%95%8C%E6%9D%AF%E9%97%A8%E7%A5%A8qodi-david%20chiu%20hong%20konguae8y-%E5%8D%A1%E5%A1%94%E5%B0%94%E4%B8%96%E7%95%8C%E6%9D%AF%E9%97%A8%E7%A5%A860lh HTTP/1.1" 302 - "https://bettergame.top/udswtfd/manage%20offline%20files%20not%20opening-0171195f58/" "Mozilla/5.0 (Linux; Android 7.0;) AppleWebKit/537.36 (HTML, like Gecko) Mobile Safari/537.36 (compatible; PetalBot;+https://webmaster.petalsearch.com/site/petalbot)"
114.119.137.190 - - [29/Aug/2026:14:32:29 -0300] "GET /?s=d3%E5%92%8C%E4%BC%8A%E5%8F%AF%E6%96%B0%E7%9A%84%E5%8C%BA%E5%88%AB-%E3%80%90%E2%9C%94%EF%B8%8F%E6%8E%A8%E8%8D%90BB76%C2%B7CC%E2%9C%94%EF%B8%8F%E3%80%91-%E7%A9%BF%E8%B6%8A%E5%80%9A%E5%A4%A9%E4%B9%8B%E6%88%91%E6%98%AF%E5%8F%A4%E5%A2%93%E6%8E%8C%E9%97%A8-d3%E5%92%8C%E4%BC%8A%E5%8F%AF%E6%96%B0%E7%9A%84%E5%8C%BA%E5%88%ABft645-%E3%80%90%E2%9C%94%EF%B8%8F%E6%8E%A8%E8%8D%90BB76%C2%B7CC%E2%9C%94%EF%B8%8F%E3%80%91-%E7%A9%BF%E8%B6%8A%E5%80%9A%E5%A4%A9%E4%B9%8B%E6%88%91%E6%98%AF%E5%8F%A4%E5%A2%93%E6%8E%8C%E9%97%A8exfk-d3%E5%92%8C%E4%BC%8A%E5%8F%AF%E6%96%B0%E7%9A%84%E5%8C%BA%E5%88%ABzd1ua-%E7%A9%BF%E8%B6%8A%E5%80%9A%E5%A4%A9%E4%B9%8B%E6%88%91%E6%98%AF%E5%8F%A4%E5%A2%93%E6%8E%8C%E9%97%A8xwzz HTTP/1.1" 302 - "https://www.outtifun.top/kqzdzwte/%E7%B5%A6%E6%88%91%E4%B8%80%E5%80%8B%E8%B2%B7ipad%E7%9A%84%E7%90%86%E7%94%B1-07615b3203/" "Mozilla/5.0 (Linux; Android 7.0;) AppleWebKit/537.36 (HTML, like Gecko) Mobile Safari/537.36 (compatible; PetalBot;+https://webmaster.petalsearch.com/site/petalbot)"
114.119.137.190 - - [29/Aug/2026:14:34:27 -0300] "GET /?s=cystlike-%E3%80%90%E2%9C%94%EF%B8%8F%E6%8E%A8%E8%8D%90BB76%C2%B7CC%E2%9C%94%EF%B8%8F%E3%80%91-%E5%85%B3%E4%BA%8E%E6%98%A5%E5%A4%8F%E7%A7%8B%E5%86%AC%E7%9A%84%E5%8F%A4%E8%AF%97%E5%90%84%E4%BA%94%E9%A6%96-cystlikevy2hi-%E3%80%90%E2%9C%94%EF%B8%8F%E6%8E%A8%E8%8D%90BB76%C2%B7CC%E2%9C%94%EF%B8%8F%E3%80%91-%E5%85%B3%E4%BA%8E%E6%98%A5%E5%A4%8F%E7%A7%8B%E5%86%AC%E7%9A%84%E5%8F%A4%E8%AF%97%E5%90%84%E4%BA%94%E9%A6%96lxov-cystlikeakcgj-%E5%85%B3%E4%BA%8E%E6%98%A5%E5%A4%8F%E7%A7%8B%E5%86%AC%E7%9A%84%E5%8F%A4%E8%AF%97%E5%90%84%E4%BA%94%E9%A6%96eqv5 HTTP/1.1" 302 - "https://koame.top/sjhks/race%20the%20sun%20game-7a55057329/" "Mozilla/5.0 (Linux; Android 7.0;) AppleWebKit/537.36 (HTML, like Gecko) Mobile Safari/537.36 (compatible; PetalBot;+https://webmaster.petalsearch.com/site/petalbot)"
114.119.159.121 - - [29/Aug/2026:14:36:16 -0300] "GET /?s=college%20football%20bets-%E3%80%90%E2%9C%94%EF%B8%8F%E6%8E%A8%E8%8D%90AC68%C2%B7CC%E2%9C%94%EF%B8%8F%E3%80%91-%E9%BA%BB%E5%B0%86%E8%B5%B7%E6%BA%90-college%20football%20betsc0u77-%E3%80%90%E2%9C%94%EF%B8%8F%E6%8E%A8%E8%8D%90AC68%C2%B7CC%E2%9C%94%EF%B8%8F%E3%80%91-%E9%BA%BB%E5%B0%86%E8%B5%B7%E6%BA%90wgp7-college%20football%20bets94q9r-%E9%BA%BB%E5%B0%86%E8%B5%B7%E6%BA%90h8yq HTTP/1.1" 302 - "https://bestoff.top/xshjul/%E9%83%AD%E8%BE%BE%E6%B2%B3%E5%8D%97%E8%AF%9D%E7%94%B5%E5%BD%B1-7a4d63276a/" "Mozilla/5.0 (Linux; Android 7.0;) AppleWebKit/537.36 (HTML, like Gecko) Mobile Safari/537.36 (compatible; PetalBot;+https://webmaster.petalsearch.com/site/petalbot)"
114.119.134.6 - - [29/Aug/2026:14:38:10 -0300] "GET /?s=cba%E5%8E%86%E5%8F%B2%E5%BE%97%E5%88%86%E6%A6%9C-%E3%80%90%E2%9C%94%EF%B8%8F%E5%AE%98%E7%BD%91AA58%C2%B7CC%E2%9C%94%EF%B8%8F%E3%80%91-%E5%85%AD%E5%90%88%E5%BD%A9%20%E5%B0%BE%E6%95%B0-cba%E5%8E%86%E5%8F%B2%E5%BE%97%E5%88%86%E6%A6%9Cukw61-%E3%80%90%E2%9C%94%EF%B8%8F%E5%AE%98%E7%BD%91AA58%C2%B7CC%E2%9C%94%EF%B8%8F%E3%80%91-%E5%85%AD%E5%90%88%E5%BD%A9%20%E5%B0%BE%E6%95%B05epq-cba%E5%8E%86%E5%8F%B2%E5%BE%97%E5%88%86%E6%A6%9C68eya-%E5%85%AD%E5%90%88%E5%BD%A9%20%E5%B0%BE%E6%95%B0jbn0 HTTP/1.1" 302 - "https://drivegj.top/pdgekt/%E8%99%9A%E6%8B%9F%E7%94%B5%E8%AF%9D%E8%BD%AF%E4%BB%B6%E5%93%AA%E4%B8%AA%E5%A5%BD%E7%94%A8-6451070604/" "Mozilla/5.0 (Linux; Android 7.0;) AppleWebKit/537.36 (HTML, like Gecko) Mobile Safari/537.36 (compatible; PetalBot;+https://webmaster.petalsearch.com/site/petalbot)"
114.119.137.190 - - [29/Aug/2026:14:40:03 -0300] "GET /?s=casino%20demo-%E3%80%90%E2%9C%94%EF%B8%8F%E6%8E%A8%E8%8D%90AC68%C2%B7CC%E2%9C%94%EF%B8%8F%E3%80%91-toto%20%E8%AE%A1%E7%AE%97%E5%99%A8-casino%20demox95yv-%E3%80%90%E2%9C%94%EF%B8%8F%E6%8E%A8%E8%8D%90AC68%C2%B7CC%E2%9C%94%EF%B8%8F%E3%80%91-toto%20%E8%AE%A1%E7%AE%97%E5%99%A8ufj6-casino%20demo8a2s2-toto%20%E8%AE%A1%E7%AE%97%E5%99%A846ns HTTP/1.1" 302 - "https://www.lebnaneyat.top/xwhap/%E6%8E%92%E7%90%83%E6%AF%94%E8%B3%BD-61732d245d/" "Mozilla/5.0 (Linux; Android 7.0;) AppleWebKit/537.36 (HTML, like Gecko) Mobile Safari/537.36 (compatible; PetalBot;+https://webmaster.petalsearch.com/site/petalbot)"
114.119.145.163 - - [29/Aug/2026:14:41:58 -0300] "GET /?s=cashzine%20%E6%98%AF%20%E7%9C%9F%20%E7%9A%84%20%E5%90%97-%E3%80%90%E2%9C%94%EF%B8%8F%E6%8E%A8%E8%8D%90AC68%C2%B7CC%E2%9C%94%EF%B8%8F%E3%80%91-%E6%89%91%E5%85%8B%E4%BA%BA-cashzine%20%E6%98%AF%20%E7%9C%9F%20%E7%9A%84%20%E5%90%97tiky5-%E3%80%90%E2%9C%94%EF%B8%8F%E6%8E%A8%E8%8D%90AC68%C2%B7CC%E2%9C%94%EF%B8%8F%E3%80%91-%E6%89%91%E5%85%8B%E4%BA%BAhh3j-cashzine%20%E6%98%AF%20%E7%9C%9F%20%E7%9A%84%20%E5%90%97jcts7-%E6%89%91%E5%85%8B%E4%BA%BAjujb HTTP/1.1" 302 - "https://shop-cart.top/vgqk/espnstartw-7461376444/" "Mozilla/5.0 (Linux; Android 7.0;) AppleWebKit/537.36 (HTML, like Gecko) Mobile Safari/537.36 (compatible; PetalBot;+https://webmaster.petalsearch.com/site/petalbot)"
114.119.159.121 - - [29/Aug/2026:14:43:51 -0300] "GET /?s=candice%E6%98%AF%E4%BB%A3%E8%A1%A8%E4%BB%80%E9%BA%BC-%E3%80%90%E2%9C%94%EF%B8%8F%E6%8E%A8%E8%96%A6BB87%C2%B7CC%E2%9C%94%EF%B8%8F%E3%80%91-%E6%98%A5%E6%84%8F%E6%8E%9B%E4%B8%8A%E6%A8%B9%E6%A2%A2%E9%96%B1%E8%AE%80%E7%AD%94%E6%A1%88-candice%E6%98%AF%E4%BB%A3%E8%A1%A8%E4%BB%80%E9%BA%BCsfwvu-%E3%80%90%E2%9C%94%EF%B8%8F%E6%8E%A8%E8%96%A6BB87%C2%B7CC%E2%9C%94%EF%B8%8F%E3%80%91-%E6%98%A5%E6%84%8F%E6%8E%9B%E4%B8%8A%E6%A8%B9%E6%A2%A2%E9%96%B1%E8%AE%80%E7%AD%94%E6%A1%88y3wc-candice%E6%98%AF%E4%BB%A3%E8%A1%A8%E4%BB%80%E9%BA%BC6or2v-%E6%98%A5%E6%84%8F%E6%8E%9B%E4%B8%8A%E6%A8%B9%E6%A2%A2%E9%96%B1%E8%AE%80%E7%AD%94%E6%A1%88558q HTTP/1.1" 302 - "https://streamworld.top/zjsm/%E6%89%91%E5%85%8B%E7%89%8C%E5%8F%98%E9%AD%94%E6%9C%AF-0f570c0170/" "Mozilla/5.0 (Linux; Android 7.0;) AppleWebKit/537.36 (HTML, like Gecko) Mobile Safari/537.36 (compatible; PetalBot;+https://webmaster.petalsearch.com/site/petalbot)"
156.59.198.136 - - [29/Aug/2026:14:45:36 -0300] "GET /wp-content/uploads/2018/12/Drug-pipeline-3Q18-1.pdf HTTP/1.1" 404 - "-" "Mozilla/5.0 (Linux; Android 5.0) AppleWebKit/537.36 (KHTML, like Gecko) Mobile Safari/537.36 (compatible; Bytespider; spider-feedback@bytedance.com)"
114.119.145.163 - - [29/Aug/2026:14:45:47 -0300] "GET /?s=c%E5%85%A5%E9%97%A8%E7%BB%8F%E5%85%B8%E6%9C%80%E6%96%B0%E7%89%88-%E3%80%90%E2%9C%94%EF%B8%8F%E6%8E%A8%E8%8D%90BB76%C2%B7CC%E2%9C%94%EF%B8%8F%E3%80%91-%E4%B8%8A%E6%B5%B7%E5%87%A4%E5%87%B0%E8%80%81%E4%BA%BA%E7%94%B5%E5%8A%A8%E4%BB%A3%E6%AD%A5%E8%BD%A6-c%E5%85%A5%E9%97%A8%E7%BB%8F%E5%85%B8%E6%9C%80%E6%96%B0%E7%89%88g7ejp-%E3%80%90%E2%9C%94%EF%B8%8F%E6%8E%A8%E8%8D%90BB76%C2%B7CC%E2%9C%94%EF%B8%8F%E3%80%91-%E4%B8%8A%E6%B5%B7%E5%87%A4%E5%87%B0%E8%80%81%E4%BA%BA%E7%94%B5%E5%8A%A8%E4%BB%A3%E6%AD%A5%E8%BD%A6rqvd-c%E5%85%A5%E9%97%A8%E7%BB%8F%E5%85%B8%E6%9C%80%E6%96%B0%E7%89%88ttd2h-%E4%B8%8A%E6%B5%B7%E5%87%A4%E5%87%B0%E8%80%81%E4%BA%BA%E7%94%B5%E5%8A%A8%E4%BB%A3%E6%AD%A5%E8%BD%A66a32 HTTP/1.1" 302 - "https://someoneol.top/xupda/%E9%9B%B2%E9%A0%82%E8%B3%AD%E5%A0%B4-0223610307/" "Mozilla/5.0 (Linux; Android 7.0;) AppleWebKit/537.36 (HTML, like Gecko) Mobile Safari/537.36 (compatible; PetalBot;+https://webmaster.petalsearch.com/site/petalbot)"
114.119.159.121 - - [29/Aug/2026:14:47:39 -0300] "GET /?s=bwin%E4%B8%8B%E8%BD%BD-%E3%80%90%E2%9C%94%EF%B8%8F%E5%AE%98%E7%BD%91AA58%C2%B7CC%E2%9C%94%EF%B8%8F%E3%80%91-jjd%E6%96%97%E5%9C%B0%E4%B8%BB%E4%B8%8B%E8%BD%BD-bwin%E4%B8%8B%E8%BD%BDxmqnc-%E3%80%90%E2%9C%94%EF%B8%8F%E5%AE%98%E7%BD%91AA58%C2%B7CC%E2%9C%94%EF%B8%8F%E3%80%91-jjd%E6%96%97%E5%9C%B0%E4%B8%BB%E4%B8%8B%E8%BD%BDnfwr-bwin%E4%B8%8B%E8%BD%BDz525e-jjd%E6%96%97%E5%9C%B0%E4%B8%BB%E4%B8%8B%E8%BD%BDdnho HTTP/1.1" 302 - "https://www.usaeconfreedom.org/yii/d3cff585b996d286a68182d7818aefdfa7d484d6e9d89bd5d2e7b8de818188a0b18bcbd8.html" "Mozilla/5.0 (Linux; Android 7.0;) AppleWebKit/537.36 (HTML, like Gecko) Mobile Safari/537.36 (compatible; PetalBot;+https://webmaster.petalsearch.com/site/petalbot)"
114.119.145.163 - - [29/Aug/2026:14:49:33 -0300] "GET /?s=bose791%E5%90%B8%E9%A1%B6%E5%96%87%E5%8F%AD-%E3%80%90%E2%9C%94%EF%B8%8F%E6%8E%A8%E8%8D%90KK37%C2%B7CC%E2%9C%94%EF%B8%8F%E3%80%91-%E6%BF%AE%E9%98%B3%E5%8F%B0%E7%90%83%E6%A1%8C%E4%B8%93%E5%8D%96%E5%BA%97-bose791%E5%90%B8%E9%A1%B6%E5%96%87%E5%8F%ADaf0ei-%E3%80%90%E2%9C%94%EF%B8%8F%E6%8E%A8%E8%8D%90KK37%C2%B7CC%E2%9C%94%EF%B8%8F%E3%80%91-%E6%BF%AE%E9%98%B3%E5%8F%B0%E7%90%83%E6%A1%8C%E4%B8%93%E5%8D%96%E5%BA%97pwyr-bose791%E5%90%B8%E9%A1%B6%E5%96%87%E5%8F%ADdisvc-%E6%BF%AE%E9%98%B3%E5%8F%B0%E7%90%83%E6%A1%8C%E4%B8%93%E5%8D%96%E5%BA%979h2p HTTP/1.1" 302 - "http://cienp.org.br/?s=bose791%E5%90%B8%E9%A1%B6%E5%96%87%E5%8F%AD-%E3%80%90%E2%9C%94%EF%B8%8F%E6%8E%A8%E8%8D%90KK37%C2%B7CC%E2%9C%94%EF%B8%8F%E3%80%91-%E6%BF%AE%E9%98%B3%E5%8F%B0%E7%90%83%E6%A1%8C%E4%B8%93%E5%8D%96%E5%BA%97-bose791%E5%90%B8%E9%A1%B6%E5%96%87%E5%8F%ADaf0ei-%E3%80%90%E2%9C%94%EF%B8%8F%E6%8E%A8%E8%8D%90KK37%C2%B7CC%E2%9C%94%EF%B8%8F%E3%80%91-%E6%BF%AE%E9%98%B3%E5%8F%B0%E7%90%83%E6%A1%8C%E4%B8%93%E5%8D%96%E5%BA%97pwyr-bose791%E5%90%B8%E9%A1%B6%E5%96%87%E5%8F%ADdisvc-%E6%BF%AE%E9%98%B3%E5%8F%B0%E7%90%83%E6%A1%8C%E4%B8%93%E5%8D%96%E5%BA%979h2p" "Mozilla/5.0 (Linux; Android 7.0;) AppleWebKit/537.36 (HTML, like Gecko) Mobile Safari/537.36 (compatible; PetalBot;+https://webmaster.petalsearch.com/site/petalbot)"
50.19.221.48 - - [29/Aug/2026:14:50:19 -0300] "GET /robots.txt HTTP/1.1" 404 - "-" "Mozilla/5.0 AppleWebKit/537.36 (KHTML, like Gecko; compatible; Amazonbot/0.1; +https://developer.amazon.com/support/amazonbot) Chrome/119.0.6045.214 Safari/537.36"
52.200.58.199 - - [29/Aug/2026:14:50:24 -0300] "GET / HTTP/1.1" 302 - "-" "Mozilla/5.0 AppleWebKit/537.36 (KHTML, like Gecko; compatible; Amazonbot/0.1; +https://developer.amazon.com/support/amazonbot) Chrome/119.0.6045.214 Safari/537.36"
114.119.159.121 - - [29/Aug/2026:14:51:26 -0300] "GET /?s=bodog%20%E4%B8%AD%E5%9B%BD-%E3%80%90%E2%9C%94%EF%B8%8F%E6%8E%A8%E8%8D%90AC68%C2%B7CC%E2%9C%94%EF%B8%8F%E3%80%91-%E5%8D%9A%E5%BD%A9%E6%B8%B8%E6%88%8F%E4%B8%8B%E8%BD%BD-bodog%20%E4%B8%AD%E5%9B%BD3ar9q-%E3%80%90%E2%9C%94%EF%B8%8F%E6%8E%A8%E8%8D%90AC68%C2%B7CC%E2%9C%94%EF%B8%8F%E3%80%91-%E5%8D%9A%E5%BD%A9%E6%B8%B8%E6%88%8F%E4%B8%8B%E8%BD%BD2a3s-bodog%20%E4%B8%AD%E5%9B%BDswwxy-%E5%8D%9A%E5%BD%A9%E6%B8%B8%E6%88%8F%E4%B8%8B%E8%BD%BDktyq HTTP/1.1" 302 - "https://djzzzk.top/uybymtcj/%E9%A6%99%E6%B8%AF%E8%A1%97%E9%A0%AD%E5%81%B6%E9%81%87%E6%98%8E%E6%98%9F%E8%A6%96%E9%A0%BB-0b73340223/" "Mozilla/5.0 (Linux; Android 7.0;) AppleWebKit/537.36 (HTML, like Gecko) Mobile Safari/537.36 (compatible; PetalBot;+https://webmaster.petalsearch.com/site/petalbot)"
54.227.169.16 - - [29/Aug/2026:14:52:00 -0300] "GET / HTTP/1.1" 302 - "-" "Mozilla/5.0 (Macintosh; Intel Mac OS X 10_15_7) AppleWebKit/605.1.15 (KHTML, like Gecko) Chrome/139.0.0.0 Safari/605.1.15"
114.119.130.253 - - [29/Aug/2026:14:53:22 -0300] "GET /?s=blackpink%E5%B7%85%E5%B3%B0%E6%9C%9F-%E3%80%90%E2%9C%94%EF%B8%8F%E6%8E%A8%E8%8D%90BB76%C2%B7CC%E2%9C%94%EF%B8%8F%E3%80%91-%E4%BD%A0%E4%B8%BA%E4%BB%80%E4%B9%88%E5%8F%AB%E5%81%9A%E7%99%BE%E5%BA%A6-blackpink%E5%B7%85%E5%B3%B0%E6%9C%9F16w0x-%E3%80%90%E2%9C%94%EF%B8%8F%E6%8E%A8%E8%8D%90BB76%C2%B7CC%E2%9C%94%EF%B8%8F%E3%80%91-%E4%BD%A0%E4%B8%BA%E4%BB%80%E4%B9%88%E5%8F%AB%E5%81%9A%E7%99%BE%E5%BA%A6ieqf-blackpink%E5%B7%85%E5%B3%B0%E6%9C%9Fvsabk-%E4%BD%A0%E4%B8%BA%E4%BB%80%E4%B9%88%E5%8F%AB%E5%81%9A%E7%99%BE%E5%BA%A6wbbv HTTP/1.1" 302 - "https://travestistube.top/uoqjbcv/download%20ipvanish%20extension%20for%20mozilla%20firefox-2d0e51405a/" "Mozilla/5.0 (Linux; Android 7.0;) AppleWebKit/537.36 (HTML, like Gecko) Mobile Safari/537.36 (compatible; PetalBot;+https://webmaster.petalsearch.com/site/petalbot)"
114.119.137.190 - - [29/Aug/2026:14:55:16 -0300] "GET /?s=bk8%E4%B8%8B%E8%BC%89-%E3%80%90%E2%9C%94%EF%B8%8F%E6%8E%A8%E8%96%A6DD96%C2%B7CC%E2%9C%94%EF%B8%8F%E3%80%91-%E6%BB%99%E8%B1%90%E9%8A%80%E8%A1%8C%E5%80%92%E9%96%89-bk8%E4%B8%8B%E8%BC%8960anw-%E3%80%90%E2%9C%94%EF%B8%8F%E6%8E%A8%E8%96%A6DD96%C2%B7CC%E2%9C%94%EF%B8%8F%E3%80%91-%E6%BB%99%E8%B1%90%E9%8A%80%E8%A1%8C%E5%80%92%E9%96%89slyq-bk8%E4%B8%8B%E8%BC%89hb6ao-%E6%BB%99%E8%B1%90%E9%8A%80%E8%A1%8C%E5%80%92%E9%96%896wu2 HTTP/1.1" 302 - "https://www.worldbusinessforumaila.com/myq/8ac4dc8088b9878cedd383a18f928788b1a3d3dfa0.html" "Mozilla/5.0 (Linux; Android 7.0;) AppleWebKit/537.36 (HTML, like Gecko) Mobile Safari/537.36 (compatible; PetalBot;+https://webmaster.petalsearch.com/site/petalbot)"
114.119.130.253 - - [29/Aug/2026:14:57:08 -0300] "GET /?s=betway-%E3%80%90%E2%9C%94%EF%B8%8F%E5%AE%98%E7%BD%91AA58%C2%B7CC%E2%9C%94%EF%B8%8F%E3%80%91-%E6%AC%A2%E4%B9%90%E6%96%97%E5%9C%B0%E4%B8%BB%E5%A5%BD%E5%8F%8B%E5%90%8C%E7%8E%A9%E6%B2%A1%E4%BA%86-betwaym33gq-%E3%80%90%E2%9C%94%EF%B8%8F%E5%AE%98%E7%BD%91AA58%C2%B7CC%E2%9C%94%EF%B8%8F%E3%80%91-%E6%AC%A2%E4%B9%90%E6%96%97%E5%9C%B0%E4%B8%BB%E5%A5%BD%E5%8F%8B%E5%90%8C%E7%8E%A9%E6%B2%A1%E4%BA%86dcm1-betwayizk7y-%E6%AC%A2%E4%B9%90%E6%96%97%E5%9C%B0%E4%B8%BB%E5%A5%BD%E5%8F%8B%E5%90%8C%E7%8E%A9%E6%B2%A1%E4%BA%868i9m HTTP/1.1" 302 - "https://www.steelpipes.top/kbwj/%E8%B5%8C%E5%9C%BA%E8%80%81%E8%99%8E%E6%9C%BA-7e17462206/" "Mozilla/5.0 (Linux; Android 7.0;) AppleWebKit/537.36 (HTML, like Gecko) Mobile Safari/537.36 (compatible; PetalBot;+https://webmaster.petalsearch.com/site/petalbot)"
47.128.30.95 - - [29/Aug/2026:14:58:54 -0300] "GET /robots.txt HTTP/1.1" 404 - "-" "Mozilla/5.0 (iPhone; CPU iPhone OS 7_1_2 like Mac OS X) AppleWebKit/537.36 (KHTML, like Gecko) Version/7.0 Mobile Safari/537.36 (compatible; Bytespider; https://bytedance.sg.larkoffice.com/docx/K5bxdypulop3IIxrJb0lOjLVgFe)"
114.119.148.252 - - [29/Aug/2026:14:59:01 -0300] "GET /?s=zhibo8-%E3%80%90%E2%9C%94%EF%B8%8F%E5%AE%98%E7%BD%91AA58%C2%B7CC%E2%9C%94%EF%B8%8F%E3%80%91-%E4%BA%91%E9%A1%B6%E7%BD%91%E4%B8%8A%E8%B5%8C%E5%9C%BA-zhibo81sp2u-%E3%80%90%E2%9C%94%EF%B8%8F%E5%AE%98%E7%BD%91AA58%C2%B7CC%E2%9C%94%EF%B8%8F%E3%80%91-%E4%BA%91%E9%A1%B6%E7%BD%91%E4%B8%8A%E8%B5%8C%E5%9C%BAku9c-zhibo8yfwdx-%E4%BA%91%E9%A1%B6%E7%BD%91%E4%B8%8A%E8%B5%8C%E5%9C%BAxiq4 HTTP/1.1" 302 - "https://www.coinsmotor.com/bee/dbbe848385bfd5db918b9aaed3ddf685acb8d4fdecd1f9b88991b1.html" "Mozilla/5.0 (Linux; Android 7.0;) AppleWebKit/537.36 (HTML, like Gecko) Mobile Safari/537.36 (compatible; PetalBot;+https://webmaster.petalsearch.com/site/petalbot)"
162.241.72.235 - - [29/Aug/2026:14:59:28 -0300] "GET /.well-known/pki-validation/index.php HTTP/1.1" 404 - "-" "get_local:DCV"
114.119.148.252 - - [29/Aug/2026:15:00:56 -0300] "GET /?s=bet9-%E3%80%90%E2%9C%94%EF%B8%8F%E6%8E%A8%E8%96%A6DD96%C2%B7CC%E2%9C%94%EF%B8%8F%E3%80%91-aiscore%20%E6%AF%94%E5%88%86%E7%9B%B4%E6%92%AD-bet98dlhu-%E3%80%90%E2%9C%94%EF%B8%8F%E6%8E%A8%E8%96%A6DD96%C2%B7CC%E2%9C%94%EF%B8%8F%E3%80%91-aiscore%20%E6%AF%94%E5%88%86%E7%9B%B4%E6%92%AD88se-bet9tnq3z-aiscore%20%E6%AF%94%E5%88%86%E7%9B%B4%E6%92%ADg7cq HTTP/1.1" 302 - "https://wulcan-best.top/rwlqzj/%E5%87%86%E6%A0%BC%E5%B0%94%E6%97%97%E6%98%9F%E6%B2%B3%E5%AE%B6%E5%9B%AD%E4%BA%8C%E6%9C%9F-657b222759/" "Mozilla/5.0 (Linux; Android 7.0;) AppleWebKit/537.36 (HTML, like Gecko) Mobile Safari/537.36 (compatible; PetalBot;+https://webmaster.petalsearch.com/site/petalbot)"
114.119.148.252 - - [29/Aug/2026:15:02:49 -0300] "GET /?s=bet365%E5%8F%B0%E6%B9%BE-%E3%80%90%E2%9C%94%EF%B8%8F%E6%8E%A8%E8%8D%90AC68%C2%B7CC%E2%9C%94%EF%B8%8F%E3%80%91-%E6%94%BE%20%E7%90%83-bet365%E5%8F%B0%E6%B9%BE8t4cx-%E3%80%90%E2%9C%94%EF%B8%8F%E6%8E%A8%E8%8D%90AC68%C2%B7CC%E2%9C%94%EF%B8%8F%E3%80%91-%E6%94%BE%20%E7%90%83mykw-bet365%E5%8F%B0%E6%B9%BEh7kxl-%E6%94%BE%20%E7%90%838o57 HTTP/1.1" 302 - "https://tsupsec.top/pchtu/%E9%BA%BB%E5%B0%87%20%E6%98%8E%E6%98%9F3%E7%BC%BA1%20apk-5640704c27/" "Mozilla/5.0 (Linux; Android 7.0;) AppleWebKit/537.36 (HTML, like Gecko) Mobile Safari/537.36 (compatible; PetalBot;+https://webmaster.petalsearch.com/site/petalbot)"
114.119.134.6 - - [29/Aug/2026:15:04:44 -0300] "GET /?s=bet365%E4%BD%9C%E5%BC%8A-%E3%80%90%E2%9C%94%EF%B8%8F%E6%8E%A8%E8%8D%90AC68%C2%B7CC%E2%9C%94%EF%B8%8F%E3%80%91-%E5%9B%9B%E5%B7%9D%E9%BA%BB%E5%B0%86-bet365%E4%BD%9C%E5%BC%8A3fixl-%E3%80%90%E2%9C%94%EF%B8%8F%E6%8E%A8%E8%8D%90AC68%C2%B7CC%E2%9C%94%EF%B8%8F%E3%80%91-%E5%9B%9B%E5%B7%9D%E9%BA%BB%E5%B0%861yrq-bet365%E4%BD%9C%E5%BC%8A39n31-%E5%9B%9B%E5%B7%9D%E9%BA%BB%E5%B0%866ey6 HTTP/1.1" 302 - "https://travestistube.top/uoqjbcv/cefr%20test-142b26756d/" "Mozilla/5.0 (Linux; Android 7.0;) AppleWebKit/537.36 (HTML, like Gecko) Mobile Safari/537.36 (compatible; PetalBot;+https://webmaster.petalsearch.com/site/petalbot)"
114.119.137.190 - - [29/Aug/2026:15:06:38 -0300] "GET /?s=bet365%E4%BB%8B%E7%BB%8D-%E3%80%90%E2%9C%94%EF%B8%8F%E5%AE%98%E7%BD%91AA58%C2%B7CC%E2%9C%94%EF%B8%8F%E3%80%91-%E5%A4%A7%E5%8F%91%E6%89%91%E5%85%8B%E4%B8%8B%E8%BD%BD-bet365%E4%BB%8B%E7%BB%8Druq91-%E3%80%90%E2%9C%94%EF%B8%8F%E5%AE%98%E7%BD%91AA58%C2%B7CC%E2%9C%94%EF%B8%8F%E3%80%91-%E5%A4%A7%E5%8F%91%E6%89%91%E5%85%8B%E4%B8%8B%E8%BD%BDglkb-bet365%E4%BB%8B%E7%BB%8Djeko5-%E5%A4%A7%E5%8F%91%E6%89%91%E5%85%8B%E4%B8%8B%E8%BD%BDpglw HTTP/1.1" 302 - "https://pennylux.top/yxonfbh/free%20partition%20tool%20xp-0604590078/" "Mozilla/5.0 (Linux; Android 7.0;) AppleWebKit/537.36 (HTML, like Gecko) Mobile Safari/537.36 (compatible; PetalBot;+https://webmaster.petalsearch.com/site/petalbot)"
114.119.137.190 - - [29/Aug/2026:15:10:32 -0300] "GET /?s=bet365%20apk-%E3%80%90%E2%9C%94%EF%B8%8F%E6%8E%A8%E8%8D%90AC68%C2%B7CC%E2%9C%94%EF%B8%8F%E3%80%91-7m%E8%B6%B3%E7%90%83%E6%AF%94%E5%88%86-bet365%20apkz61pv-%E3%80%90%E2%9C%94%EF%B8%8F%E6%8E%A8%E8%8D%90AC68%C2%B7CC%E2%9C%94%EF%B8%8F%E3%80%91-7m%E8%B6%B3%E7%90%83%E6%AF%94%E5%88%86ztyx-bet365%20apkb49j9-7m%E8%B6%B3%E7%90%83%E6%AF%94%E5%88%86v97v HTTP/1.1" 302 - "https://streamworld.top/zjsm/%E7%82%B8%E9%87%91%E8%8A%B1%E8%A7%84%E5%88%99-625b14777a/" "Mozilla/5.0 (Linux; Android 7.0;) AppleWebKit/537.36 (HTML, like Gecko) Mobile Safari/537.36 (compatible; PetalBot;+https://webmaster.petalsearch.com/site/petalbot)"
114.119.159.121 - - [29/Aug/2026:15:12:18 -0300] "GET /?s=bet365%20%E5%BE%B7%E5%B7%9E%E6%89%91%E5%85%8B-%E3%80%90%E2%9C%94%EF%B8%8F%E5%AE%98%E7%BD%91AA58%C2%B7CC%E2%9C%94%EF%B8%8F%E3%80%91-%E6%AC%A7%E8%B5%94%E5%88%86%E6%9E%90-bet365%20%E5%BE%B7%E5%B7%9E%E6%89%91%E5%85%8Bcinw2-%E3%80%90%E2%9C%94%EF%B8%8F%E5%AE%98%E7%BD%91AA58%C2%B7CC%E2%9C%94%EF%B8%8F%E3%80%91-%E6%AC%A7%E8%B5%94%E5%88%86%E6%9E%9055ny-bet365%20%E5%BE%B7%E5%B7%9E%E6%89%91%E5%85%8Beiqoa-%E6%AC%A7%E8%B5%94%E5%88%86%E6%9E%906bvi HTTP/1.1" 302 - "https://smhbekt.top/xlwnvi/r%3Da%281%20sin%CE%B8%29%E8%A7%A3%E6%9E%90%E8%BF%87%E7%A8%8B-7c0f795c59/" "Mozilla/5.0 (Linux; Android 7.0;) AppleWebKit/537.36 (HTML, like Gecko) Mobile Safari/537.36 (compatible; PetalBot;+https://webmaster.petalsearch.com/site/petalbot)"
114.119.145.125 - - [29/Aug/2026:15:14:13 -0300] "GET /?s=bellagio%E9%85%92%E5%BA%97-%E3%80%90%E2%9C%94%EF%B8%8F%E6%8E%A8%E8%96%A6DD96%C2%B7CC%E2%9C%94%EF%B8%8F%E3%80%91-%E7%B4%90%E7%B4%84%20%E9%9B%B2%E9%A0%82%E8%B3%AD%E5%A0%B4%20%E7%A9%8D%E5%88%86-bellagio%E9%85%92%E5%BA%97ure31-%E3%80%90%E2%9C%94%EF%B8%8F%E6%8E%A8%E8%96%A6DD96%C2%B7CC%E2%9C%94%EF%B8%8F%E3%80%91-%E7%B4%90%E7%B4%84%20%E9%9B%B2%E9%A0%82%E8%B3%AD%E5%A0%B4%20%E7%A9%8D%E5%88%86m50r-bellagio%E9%85%92%E5%BA%977veck-%E7%B4%90%E7%B4%84%20%E9%9B%B2%E9%A0%82%E8%B3%AD%E5%A0%B4%20%E7%A9%8D%E5%88%86yp8e HTTP/1.1" 302 - "https://joanne-kelly.com/eue/81a5bbdda3abd1e58783aa8583bfbbd488dc8787ef8c96e5d1b7aa879c90.html" "Mozilla/5.0 (Linux; Android 7.0;) AppleWebKit/537.36 (HTML, like Gecko) Mobile Safari/537.36 (compatible; PetalBot;+https://webmaster.petalsearch.com/site/petalbot)"
114.119.145.163 - - [29/Aug/2026:15:16:06 -0300] "GET /?s=bcr%20%E5%A8%B1%E4%B9%90%20%E5%9F%8E-%E3%80%90%E2%9C%94%EF%B8%8F%E5%AE%98%E7%BD%91AA58%C2%B7CC%E2%9C%94%EF%B8%8F%E3%80%91-%E5%BE%B7%E5%B7%9E%E6%89%91%E5%85%8B%E8%AE%A1%E7%AE%97%E5%99%A8%E5%9C%A8%E7%BA%BF-bcr%20%E5%A8%B1%E4%B9%90%20%E5%9F%8E5psan-%E3%80%90%E2%9C%94%EF%B8%8F%E5%AE%98%E7%BD%91AA58%C2%B7CC%E2%9C%94%EF%B8%8F%E3%80%91-%E5%BE%B7%E5%B7%9E%E6%89%91%E5%85%8B%E8%AE%A1%E7%AE%97%E5%99%A8%E5%9C%A8%E7%BA%BFaje2-bcr%20%E5%A8%B1%E4%B9%90%20%E5%9F%8Eo3f6y-%E5%BE%B7%E5%B7%9E%E6%89%91%E5%85%8B%E8%AE%A1%E7%AE%97%E5%99%A8%E5%9C%A8%E7%BA%BF2vns HTTP/1.1" 302 - "https://wulcan-best.top/rwlqzj/%E4%B8%89%E6%98%9F%E6%89%8B%E6%9C%BA%E7%B3%BB%E7%BB%9F%E5%8D%87%E7%BA%A7-564c26567a/" "Mozilla/5.0 (Linux; Android 7.0;) AppleWebKit/537.36 (HTML, like Gecko) Mobile Safari/537.36 (compatible; PetalBot;+https://webmaster.petalsearch.com/site/petalbot)"
40.77.167.72 - - [29/Aug/2026:15:17:46 -0300] "GET /2018/01/22/drugmakers-cling-to-dual-il-13il-4-blockbuster-hop-2/ HTTP/1.1" 404 - "-" "Mozilla/5.0 AppleWebKit/537.36 (KHTML, like Gecko; compatible; bingbot/2.0; +http://www.bing.com/bingbot.htm) Chrome/116.0.1938.76 Safari/537.36"
114.119.150.34 - - [29/Aug/2026:15:17:59 -0300] "GET /?s=b%E7%AB%99%E5%8F%AF%E4%BB%A5%E4%B8%89%E5%80%8D%E9%80%9F%E5%97%8E-%E3%80%90%E2%9C%94%EF%B8%8F%E6%8E%A8%E8%96%A6BB87%C2%B7CC%E2%9C%94%EF%B8%8F%E3%80%91-%E9%9F%93%E5%9C%8B%E9%9B%BB%E5%BD%B1%E7%87%83%E7%87%92%E5%8F%A3%E7%A2%91%E7%88%86%E4%BA%86%E6%98%AF%E6%80%8E%E9%BA%BC%E5%9B%9E%E4%BA%8B-b%E7%AB%99%E5%8F%AF%E4%BB%A5%E4%B8%89%E5%80%8D%E9%80%9F%E5%97%8Ennnin-%E3%80%90%E2%9C%94%EF%B8%8F%E6%8E%A8%E8%96%A6BB87%C2%B7CC%E2%9C%94%EF%B8%8F%E3%80%91-%E9%9F%93%E5%9C%8B%E9%9B%BB%E5%BD%B1%E7%87%83%E7%87%92%E5%8F%A3%E7%A2%91%E7%88%86%E4%BA%86%E6%98%AF%E6%80%8E%E9%BA%BC%E5%9B%9E%E4%BA%8Bq1c7-b%E7%AB%99%E5%8F%AF%E4%BB%A5%E4%B8%89%E5%80%8D%E9%80%9F%E5%97%8Ed8hbq-%E9%9F%93%E5%9C%8B%E9%9B%BB%E5%BD%B1%E7%87%83%E7%87%92%E5%8F%A3%E7%A2%91%E7%88%86%E4%BA%86%E6%98%AF%E6%80%8E%E9%BA%BC%E5%9B%9E%E4%BA%8Bhbso HTTP/1.1" 302 - "https://guyff.top/xofu/%E7%BE%8E%E5%9B%BD%E8%8A%B1%E6%97%97%E9%93%B6%E8%A1%8C%E5%BC%80%E6%88%B7-51496b0510/" "Mozilla/5.0 (Linux; Android 7.0;) AppleWebKit/537.36 (HTML, like Gecko) Mobile Safari/537.36 (compatible; PetalBot;+https://webmaster.petalsearch.com/site/petalbot)"
