114.119.145.163 - - [29/Aug/2026:11:29:31 -0300] "GET /?s=qq%E6%96%97%E5%9C%B0%E4%B8%BB%E5%88%B7%E5%88%86%E5%99%A8-%E3%80%90%E2%9C%94%EF%B8%8F%E5%AE%98%E7%BD%91AA58%C2%B7CC%E2%9C%94%EF%B8%8F%E3%80%91-%E5%A8%B1%E4%B9%90%E5%9C%BA%E5%93%AA%E4%B8%AA%E6%9C%80%E5%A5%BD-qq%E6%96%97%E5%9C%B0%E4%B8%BB%E5%88%B7%E5%88%86%E5%99%A8jef9l-%E3%80%90%E2%9C%94%EF%B8%8F%E5%AE%98%E7%BD%91AA58%C2%B7CC%E2%9C%94%EF%B8%8F%E3%80%91-%E5%A8%B1%E4%B9%90%E5%9C%BA%E5%93%AA%E4%B8%AA%E6%9C%80%E5%A5%BDa42d-qq%E6%96%97%E5%9C%B0%E4%B8%BB%E5%88%B7%E5%88%86%E5%99%A8i25lf-%E5%A8%B1%E4%B9%90%E5%9C%BA%E5%93%AA%E4%B8%AA%E6%9C%80%E5%A5%BDyhcn HTTP/1.1" 302 - "https://someoneol.top/xupda/%E5%BE%B7%E5%B7%9E%E6%92%B2%E5%85%8B%E6%80%8E%E9%BA%BC%E8%B4%8F-352a417607/" "Mozilla/5.0 (Linux; Android 7.0;) AppleWebKit/537.36 (HTML, like Gecko) Mobile Safari/537.36 (compatible; PetalBot;+https://webmaster.petalsearch.com/site/petalbot)"
114.119.148.252 - - [29/Aug/2026:11:31:25 -0300] "GET /?s=qq%E5%9B%9B%E5%9C%8B%E8%BB%8D%E6%A3%8B-%E3%80%90%E2%9C%94%EF%B8%8F%E6%8E%A8%E8%96%A6DD96%C2%B7CC%E2%9C%94%EF%B8%8F%E3%80%91-%E9%AC%A5%E5%9C%B0%E4%B8%BB%E6%8A%80%E5%B7%A7%E6%95%99%E5%AD%B8-qq%E5%9B%9B%E5%9C%8B%E8%BB%8D%E6%A3%8Bdq0vc-%E3%80%90%E2%9C%94%EF%B8%8F%E6%8E%A8%E8%96%A6DD96%C2%B7CC%E2%9C%94%EF%B8%8F%E3%80%91-%E9%AC%A5%E5%9C%B0%E4%B8%BB%E6%8A%80%E5%B7%A7%E6%95%99%E5%AD%B83j66-qq%E5%9B%9B%E5%9C%8B%E8%BB%8D%E6%A3%8Bptou3-%E9%AC%A5%E5%9C%B0%E4%B8%BB%E6%8A%80%E5%B7%A7%E6%95%99%E5%AD%B8r9bz HTTP/1.1" 302 - "https://www.suprahungary.top/dncjczgw/%E6%88%90%E9%83%BD%E6%8B%93%E5%B1%95%E8%A8%93%E7%B7%B4%E5%85%AC%E5%8F%B8%E6%8E%92%E5%90%8D-0452057259/" "Mozilla/5.0 (Linux; Android 7.0;) AppleWebKit/537.36 (HTML, like Gecko) Mobile Safari/537.36 (compatible; PetalBot;+https://webmaster.petalsearch.com/site/petalbot)"
114.119.130.253 - - [29/Aug/2026:11:33:19 -0300] "GET /?s=qq%E5%8D%87%E7%BA%A7%E8%AE%B0%E7%89%8C%E5%99%A8-%E3%80%90%E2%9C%94%EF%B8%8F%E6%8E%A8%E8%8D%90AC68%C2%B7CC%E2%9C%94%EF%B8%8F%E3%80%91-%E7%94%B5%E7%AB%9E%E8%8F%A0%E8%8F%9C-qq%E5%8D%87%E7%BA%A7%E8%AE%B0%E7%89%8C%E5%99%A8hg2ah-%E3%80%90%E2%9C%94%EF%B8%8F%E6%8E%A8%E8%8D%90AC68%C2%B7CC%E2%9C%94%EF%B8%8F%E3%80%91-%E7%94%B5%E7%AB%9E%E8%8F%A0%E8%8F%9Ca3pi-qq%E5%8D%87%E7%BA%A7%E8%AE%B0%E7%89%8C%E5%99%A8gli1h-%E7%94%B5%E7%AB%9E%E8%8F%A0%E8%8F%9C6l1g HTTP/1.1" 302 - "https://5c607c0762gdjndx.4sui.top/" "Mozilla/5.0 (Linux; Android 7.0;) AppleWebKit/537.36 (HTML, like Gecko) Mobile Safari/537.36 (compatible; PetalBot;+https://webmaster.petalsearch.com/site/petalbot)"
114.119.150.34 - - [29/Aug/2026:11:35:13 -0300] "GET /?s=ps2%E8%BD%89usb%E6%8E%A5%E5%8F%A3%E6%8E%A5%E7%B7%9A%E5%9C%96-%E3%80%90%E2%9C%94%EF%B8%8F%E6%8E%A8%E8%96%A6BB87%C2%B7CC%E2%9C%94%EF%B8%8F%E3%80%91-%E5%A4%B1%E8%8D%8A%E5%B7%9E%E7%9A%84%E6%AD%87%E5%BE%8C%E8%AA%9E-ps2%E8%BD%89usb%E6%8E%A5%E5%8F%A3%E6%8E%A5%E7%B7%9A%E5%9C%96qelf4-%E3%80%90%E2%9C%94%EF%B8%8F%E6%8E%A8%E8%96%A6BB87%C2%B7CC%E2%9C%94%EF%B8%8F%E3%80%91-%E5%A4%B1%E8%8D%8A%E5%B7%9E%E7%9A%84%E6%AD%87%E5%BE%8C%E8%AA%9Ey5nl-ps2%E8%BD%89usb%E6%8E%A5%E5%8F%A3%E6%8E%A5%E7%B7%9A%E5%9C%96sg582-%E5%A4%B1%E8%8D%8A%E5%B7%9E%E7%9A%84%E6%AD%87%E5%BE%8C%E8%AA%9Ey7ys HTTP/1.1" 302 - "https://galaxyxxi.top/lvtq/%E8%B5%8C%20%E9%A9%AC%20%E7%8E%A9%E6%B3%95-1b63527f63/" "Mozilla/5.0 (Linux; Android 7.0;) AppleWebKit/537.36 (HTML, like Gecko) Mobile Safari/537.36 (compatible; PetalBot;+https://webmaster.petalsearch.com/site/petalbot)"
114.119.137.190 - - [29/Aug/2026:11:37:09 -0300] "GET /?s=ppsespn-%E3%80%90%E2%9C%94%EF%B8%8F%E6%8E%A8%E8%8D%90AC68%C2%B7CC%E2%9C%94%EF%B8%8F%E3%80%91-%E5%8D%9A%E5%BD%A9%E8%AE%BA%E5%9D%9B-ppsespnofp5l-%E3%80%90%E2%9C%94%EF%B8%8F%E6%8E%A8%E8%8D%90AC68%C2%B7CC%E2%9C%94%EF%B8%8F%E3%80%91-%E5%8D%9A%E5%BD%A9%E8%AE%BA%E5%9D%9Bigo2-ppsespnicb6e-%E5%8D%9A%E5%BD%A9%E8%AE%BA%E5%9D%9B7s8p HTTP/1.1" 302 - "https://www.ahsxzzx.top/zrihgz/win7%E9%97%AA%E9%80%80%E4%BF%AE%E5%A4%8D-7237545246/" "Mozilla/5.0 (Linux; Android 7.0;) AppleWebKit/537.36 (HTML, like Gecko) Mobile Safari/537.36 (compatible; PetalBot;+https://webmaster.petalsearch.com/site/petalbot)"
114.119.145.125 - - [29/Aug/2026:11:39:03 -0300] "GET /?s=powerball%E4%B8%AD%E7%8D%8E%E8%99%9F%E7%A2%BC-%E3%80%90%E2%9C%94%EF%B8%8F%E5%AE%98%E7%B6%B2DD86%C2%B7CC%E2%9C%94%EF%B8%8F%E3%80%91-poker%20power%20events-powerball%E4%B8%AD%E7%8D%8E%E8%99%9F%E7%A2%BC3sxp9-%E3%80%90%E2%9C%94%EF%B8%8F%E5%AE%98%E7%B6%B2DD86%C2%B7CC%E2%9C%94%EF%B8%8F%E3%80%91-poker%20power%20eventsfbez-powerball%E4%B8%AD%E7%8D%8E%E8%99%9F%E7%A2%BClk3tr-poker%20power%20eventscvkf HTTP/1.1" 302 - "https://www.annelieberg.com/nav/df8cfa86dfb5d4ae8ed1f9e0d18e90dc96cad5dcfed3fa978583e48780ba8998a0.html" "Mozilla/5.0 (Linux; Android 7.0;) AppleWebKit/537.36 (HTML, like Gecko) Mobile Safari/537.36 (compatible; PetalBot;+https://webmaster.petalsearch.com/site/petalbot)"
114.119.159.121 - - [29/Aug/2026:11:40:56 -0300] "GET /?s=pokertd-%E3%80%90%E2%9C%94%EF%B8%8F%E6%8E%A8%E8%8D%90AC68%C2%B7CC%E2%9C%94%EF%B8%8F%E3%80%91-bet365%E4%B8%AD%E6%96%87%E7%BD%91%E5%9D%80-pokertdlaiza-%E3%80%90%E2%9C%94%EF%B8%8F%E6%8E%A8%E8%8D%90AC68%C2%B7CC%E2%9C%94%EF%B8%8F%E3%80%91-bet365%E4%B8%AD%E6%96%87%E7%BD%91%E5%9D%8073vf-pokertdx0dlm-bet365%E4%B8%AD%E6%96%87%E7%BD%91%E5%9D%80igwo HTTP/1.1" 302 - "https://lmwork.top/pztqlsov/micromsg%E8%A3%A1%E9%9D%A2%E6%B2%92%E6%9C%89download-045e0f2074/" "Mozilla/5.0 (Linux; Android 7.0;) AppleWebKit/537.36 (HTML, like Gecko) Mobile Safari/537.36 (compatible; PetalBot;+https://webmaster.petalsearch.com/site/petalbot)"
66.249.74.10 - - [29/Aug/2026:11:41:18 -0300] "GET /robots.txt HTTP/1.1" 404 - "-" "Mozilla/5.0 (compatible; Googlebot/2.1; +http://www.google.com/bot.html)"
66.249.74.8 - - [29/Aug/2026:11:41:26 -0300] "GET /index.php?products/8136377/ HTTP/1.1" 302 - "-" "Mozilla/5.0 (Linux; Android 6.0.1; Nexus 5X Build/MMB29P) AppleWebKit/537.36 (KHTML, like Gecko) Chrome/151.0.7922.173 Mobile Safari/537.36 (compatible; Googlebot/2.1; +http://www.google.com/bot.html)"
114.119.130.253 - - [29/Aug/2026:11:42:50 -0300] "GET /?s=pokersoftware-%E3%80%90%E2%9C%94%EF%B8%8F%E5%AE%98%E7%BD%91AA58%C2%B7CC%E2%9C%94%EF%B8%8F%E3%80%91-%E6%97%B6%E6%97%B6%E5%BD%A9%E8%AE%A1%E5%88%92-pokersoftwareyl6up-%E3%80%90%E2%9C%94%EF%B8%8F%E5%AE%98%E7%BD%91AA58%C2%B7CC%E2%9C%94%EF%B8%8F%E3%80%91-%E6%97%B6%E6%97%B6%E5%BD%A9%E8%AE%A1%E5%88%92tn0g-pokersoftwarems0ub-%E6%97%B6%E6%97%B6%E5%BD%A9%E8%AE%A1%E5%88%92ci1l HTTP/1.1" 302 - "https://10bestproducts.top/zwrtfy/%E9%98%BF%E9%87%8C%E9%83%8E%E5%8F%A3%E7%90%B4%E7%AE%80%E8%B0%B1-56037c020e/" "Mozilla/5.0 (Linux; Android 7.0;) AppleWebKit/537.36 (HTML, like Gecko) Mobile Safari/537.36 (compatible; PetalBot;+https://webmaster.petalsearch.com/site/petalbot)"
114.119.159.121 - - [29/Aug/2026:11:44:45 -0300] "GET /?s=pokersize-%E3%80%90%E2%9C%94%EF%B8%8F%E6%8E%A8%E8%8D%90AC68%C2%B7CC%E2%9C%94%EF%B8%8F%E3%80%91-nba%E8%99%8E%E6%89%91-pokersizemkjwj-%E3%80%90%E2%9C%94%EF%B8%8F%E6%8E%A8%E8%8D%90AC68%C2%B7CC%E2%9C%94%EF%B8%8F%E3%80%91-nba%E8%99%8E%E6%89%91cxg5-pokersizebhueb-nba%E8%99%8E%E6%89%91b1qr HTTP/1.1" 302 - "https://morecheap.top/bnxvono/roof%20rack%20for%202015%20jeep%20grand%20cherokee%20altitude-757d442b01/" "Mozilla/5.0 (Linux; Android 7.0;) AppleWebKit/537.36 (HTML, like Gecko) Mobile Safari/537.36 (compatible; PetalBot;+https://webmaster.petalsearch.com/site/petalbot)"
114.119.137.190 - - [29/Aug/2026:11:46:39 -0300] "GET /?s=pokernow-%E3%80%90%E2%9C%94%EF%B8%8F%E5%AE%98%E7%B6%B2DD86%C2%B7CC%E2%9C%94%EF%B8%8F%E3%80%91-%E5%BE%B7%E5%B7%9E%E6%92%B2%E5%85%8B%E7%AF%84%E5%9C%8D%E8%A1%A8-pokernowfygp9-%E3%80%90%E2%9C%94%EF%B8%8F%E5%AE%98%E7%B6%B2DD86%C2%B7CC%E2%9C%94%EF%B8%8F%E3%80%91-%E5%BE%B7%E5%B7%9E%E6%92%B2%E5%85%8B%E7%AF%84%E5%9C%8D%E8%A1%A8uec0-pokernowy1q5k-%E5%BE%B7%E5%B7%9E%E6%92%B2%E5%85%8B%E7%AF%84%E5%9C%8D%E8%A1%A8x9uc HTTP/1.1" 302 - "https://larsd.top/yfjkfv/linux%E6%90%AD%E5%BB%BA%E4%BC%A0%E5%A5%87%E6%89%8B%E6%B8%B8-413e580903/" "Mozilla/5.0 (Linux; Android 7.0;) AppleWebKit/537.36 (HTML, like Gecko) Mobile Safari/537.36 (compatible; PetalBot;+https://webmaster.petalsearch.com/site/petalbot)"
114.119.159.121 - - [29/Aug/2026:11:48:38 -0300] "GET /?s=pokernews-%E3%80%90%E2%9C%94%EF%B8%8F%E6%8E%A8%E8%96%A6DD96%C2%B7CC%E2%9C%94%EF%B8%8F%E3%80%91-%E5%94%90%E4%BA%BA%E8%A1%97%E5%A8%9B%E6%A8%82%E5%9F%8E-pokernewse1tbd-%E3%80%90%E2%9C%94%EF%B8%8F%E6%8E%A8%E8%96%A6DD96%C2%B7CC%E2%9C%94%EF%B8%8F%E3%80%91-%E5%94%90%E4%BA%BA%E8%A1%97%E5%A8%9B%E6%A8%82%E5%9F%8Emkh5-pokernews4etbt-%E5%94%90%E4%BA%BA%E8%A1%97%E5%A8%9B%E6%A8%82%E5%9F%8E7wcm HTTP/1.1" 302 - "https://vlxxx.top/npgixv/jojo%E7%9A%84%E5%A5%87%E5%A6%99%E5%86%92%E9%99%A9%E9%BB%84%E9%87%91%E4%B9%8B%E9%A3%8E%E7%BD%91%E7%9B%98-0d305a1a0e/" "Mozilla/5.0 (Linux; Android 7.0;) AppleWebKit/537.36 (HTML, like Gecko) Mobile Safari/537.36 (compatible; PetalBot;+https://webmaster.petalsearch.com/site/petalbot)"
114.119.150.34 - - [29/Aug/2026:11:50:27 -0300] "GET /?s=pokerfacemv-%E3%80%90%E2%9C%94%EF%B8%8F%E5%AE%98%E7%BD%91AA58%C2%B7CC%E2%9C%94%EF%B8%8F%E3%80%91-crown%20%E5%8D%9A%E5%BD%A9%20%E5%AE%98%E7%BD%91-pokerfacemvmfmpy-%E3%80%90%E2%9C%94%EF%B8%8F%E5%AE%98%E7%BD%91AA58%C2%B7CC%E2%9C%94%EF%B8%8F%E3%80%91-crown%20%E5%8D%9A%E5%BD%A9%20%E5%AE%98%E7%BD%91gj45-pokerfacemvy0twk-crown%20%E5%8D%9A%E5%BD%A9%20%E5%AE%98%E7%BD%91yafg HTTP/1.1" 302 - "https://www.torrentreel24.top/tzvmwfqk/%E9%9B%BB%E5%BD%B1%E6%B1%9F%E6%B9%96%E5%85%92%E5%A5%B3%E5%8A%87%E6%83%85%E8%A9%B3%E8%A7%A3-4154064264/" "Mozilla/5.0 (Linux; Android 7.0;) AppleWebKit/537.36 (HTML, like Gecko) Mobile Safari/537.36 (compatible; PetalBot;+https://webmaster.petalsearch.com/site/petalbot)"
114.119.148.252 - - [29/Aug/2026:11:52:21 -0300] "GET /?s=pokerbots-%E3%80%90%E2%9C%94%EF%B8%8F%E5%AE%98%E7%B6%B2DD86%C2%B7CC%E2%9C%94%EF%B8%8F%E3%80%91-%E9%9B%AA%E8%B1%B9%E8%80%81%E8%99%8E%E6%A9%9F1.2-pokerbotsnr6iz-%E3%80%90%E2%9C%94%EF%B8%8F%E5%AE%98%E7%B6%B2DD86%C2%B7CC%E2%9C%94%EF%B8%8F%E3%80%91-%E9%9B%AA%E8%B1%B9%E8%80%81%E8%99%8E%E6%A9%9F1.2c5xo-pokerbotso6v0w-%E9%9B%AA%E8%B1%B9%E8%80%81%E8%99%8E%E6%A9%9F1.29iql HTTP/1.1" 302 - "https://casinosvulkan.top/kfbrygz/red%20light%20on%20thermostat%20honeywell-165a094616/" "Mozilla/5.0 (Linux; Android 7.0;) AppleWebKit/537.36 (HTML, like Gecko) Mobile Safari/537.36 (compatible; PetalBot;+https://webmaster.petalsearch.com/site/petalbot)"
54.151.198.116 - - [29/Aug/2026:11:53:36 -0300] "GET / HTTP/1.1" 302 - "-" "Go-http-client/1.1"
114.119.134.6 - - [29/Aug/2026:11:54:14 -0300] "GET /?s=poker%E6%8E%92%E5%90%8D-%E3%80%90%E2%9C%94%EF%B8%8F%E6%8E%A8%E8%96%A6DD96%C2%B7CC%E2%9C%94%EF%B8%8F%E3%80%91-%E9%A6%99%E6%B8%AF%E8%B6%B3%E7%90%83%E7%9B%B4%E6%92%AD-poker%E6%8E%92%E5%90%8D39spm-%E3%80%90%E2%9C%94%EF%B8%8F%E6%8E%A8%E8%96%A6DD96%C2%B7CC%E2%9C%94%EF%B8%8F%E3%80%91-%E9%A6%99%E6%B8%AF%E8%B6%B3%E7%90%83%E7%9B%B4%E6%92%ADpo0m-poker%E6%8E%92%E5%90%8Dfa8yx-%E9%A6%99%E6%B8%AF%E8%B6%B3%E7%90%83%E7%9B%B4%E6%92%ADbg6r HTTP/1.1" 302 - "https://www.huawentoys.top/vhkbksta/pann%E5%B0%8F%E7%9C%BE%E5%93%81%E7%89%8C-587d7c2008/" "Mozilla/5.0 (Linux; Android 7.0;) AppleWebKit/537.36 (HTML, like Gecko) Mobile Safari/537.36 (compatible; PetalBot;+https://webmaster.petalsearch.com/site/petalbot)"
114.119.145.163 - - [29/Aug/2026:11:56:08 -0300] "GET /?s=poker%E5%8F%B0%E6%B9%BE-%E3%80%90%E2%9C%94%EF%B8%8F%E5%AE%98%E7%BD%91AA58%C2%B7CC%E2%9C%94%EF%B8%8F%E3%80%91-%E7%BE%8E%E5%9B%BD%E8%B5%8C%E5%9C%BA%E7%99%BE%E5%AE%B6%E4%B9%90%E7%8E%A9%E6%B3%95-poker%E5%8F%B0%E6%B9%BEc9rsn-%E3%80%90%E2%9C%94%EF%B8%8F%E5%AE%98%E7%BD%91AA58%C2%B7CC%E2%9C%94%EF%B8%8F%E3%80%91-%E7%BE%8E%E5%9B%BD%E8%B5%8C%E5%9C%BA%E7%99%BE%E5%AE%B6%E4%B9%90%E7%8E%A9%E6%B3%958p5d-poker%E5%8F%B0%E6%B9%BEul53z-%E7%BE%8E%E5%9B%BD%E8%B5%8C%E5%9C%BA%E7%99%BE%E5%AE%B6%E4%B9%90%E7%8E%A9%E6%B3%95hljy HTTP/1.1" 302 - "https://rxpnb.fun/nhf/dad5b4d0889ed58fea8598cd8b8ca98ac2b887f8ced7bebdd4c3ddd3c8dcdea086.html" "Mozilla/5.0 (Linux; Android 7.0;) AppleWebKit/537.36 (HTML, like Gecko) Mobile Safari/537.36 (compatible; PetalBot;+https://webmaster.petalsearch.com/site/petalbot)"
114.119.159.121 - - [29/Aug/2026:11:58:02 -0300] "GET /?s=poker%20tournament%20books%20pdf-%E3%80%90%E2%9C%94%EF%B8%8F%E6%8E%A8%E8%96%A6DD96%C2%B7CC%E2%9C%94%EF%B8%8F%E3%80%91-%E6%AD%90%E5%86%A0%20%E6%AF%94%E8%B3%BD%E4%B8%8B%E8%BC%89-poker%20tournament%20books%20pdfbtn4i-%E3%80%90%E2%9C%94%EF%B8%8F%E6%8E%A8%E8%96%A6DD96%C2%B7CC%E2%9C%94%EF%B8%8F%E3%80%91-%E6%AD%90%E5%86%A0%20%E6%AF%94%E8%B3%BD%E4%B8%8B%E8%BC%896u0r-poker%20tournament%20books%20pdfjk3nr-%E6%AD%90%E5%86%A0%20%E6%AF%94%E8%B3%BD%E4%B8%8B%E8%BC%89yy1i HTTP/1.1" 302 - "https://tiantianys.top/thtnjg/%E8%B1%AB%E5%87%80%E7%8E%AF%E4%BF%9D%E7%A7%91%E6%8A%80%E6%9C%89%E9%99%90%E5%85%AC%E5%8F%B8-60445c5c51/" "Mozilla/5.0 (Linux; Android 7.0;) AppleWebKit/537.36 (HTML, like Gecko) Mobile Safari/537.36 (compatible; PetalBot;+https://webmaster.petalsearch.com/site/petalbot)"
114.119.137.190 - - [29/Aug/2026:11:59:56 -0300] "GET /?s=poker%20heat-%E3%80%90%E2%9C%94%EF%B8%8F%E5%AE%98%E7%BD%91AA58%C2%B7CC%E2%9C%94%EF%B8%8F%E3%80%91-jqk365%E5%A8%B1%E4%B9%90%E5%9F%8E-poker%20heat9ifhl-%E3%80%90%E2%9C%94%EF%B8%8F%E5%AE%98%E7%BD%91AA58%C2%B7CC%E2%9C%94%EF%B8%8F%E3%80%91-jqk365%E5%A8%B1%E4%B9%90%E5%9F%8Epowp-poker%20heatlwh6b-jqk365%E5%A8%B1%E4%B9%90%E5%9F%8E7sse HTTP/1.1" 302 - "https://baskino-hd1.top/gcuxje/qq%E9%A3%9E%E8%BD%A6%E9%80%82%E5%90%88%E5%A4%9A%E5%A4%A7%E5%B9%B4%E9%BE%84-4547773055/" "Mozilla/5.0 (Linux; Android 7.0;) AppleWebKit/537.36 (HTML, like Gecko) Mobile Safari/537.36 (compatible; PetalBot;+https://webmaster.petalsearch.com/site/petalbot)"
114.119.134.6 - - [29/Aug/2026:12:01:49 -0300] "GET /?s=poker%20face%E6%AD%8C%E8%AF%8D-%E3%80%90%E2%9C%94%EF%B8%8F%E6%8E%A8%E8%8D%90AC68%C2%B7CC%E2%9C%94%EF%B8%8F%E3%80%91-%E6%AC%A7%E6%B4%B2%E8%B6%B3%E7%90%83%E7%9B%B4%E6%92%AD-poker%20face%E6%AD%8C%E8%AF%8Dd4eos-%E3%80%90%E2%9C%94%EF%B8%8F%E6%8E%A8%E8%8D%90AC68%C2%B7CC%E2%9C%94%EF%B8%8F%E3%80%91-%E6%AC%A7%E6%B4%B2%E8%B6%B3%E7%90%83%E7%9B%B4%E6%92%ADdl5m-poker%20face%E6%AD%8C%E8%AF%8Dbzr8o-%E6%AC%A7%E6%B4%B2%E8%B6%B3%E7%90%83%E7%9B%B4%E6%92%ADsdtb HTTP/1.1" 302 - "https://www.huawentoys.top/qyudvle/free%20medical%20assistant%20training%20boston-7c0a7a0d1e/" "Mozilla/5.0 (Linux; Android 7.0;) AppleWebKit/537.36 (HTML, like Gecko) Mobile Safari/537.36 (compatible; PetalBot;+https://webmaster.petalsearch.com/site/petalbot)"
156.59.198.135 - - [29/Aug/2026:12:02:21 -0300] "GET /wp-content/uploads/2018/01/Texas-displays-Silicon-Valley-credentials-to-lure-Brazilian-biotechs.pdf HTTP/1.1" 404 - "-" "Mozilla/5.0 (Linux; Android 5.0) AppleWebKit/537.36 (KHTML, like Gecko) Mobile Safari/537.36 (compatible; Bytespider; spider-feedback@bytedance.com)"
114.119.137.190 - - [29/Aug/2026:12:03:45 -0300] "GET /?s=poker%20coin%20market%20cap-%E3%80%90%E2%9C%94%EF%B8%8F%E6%8E%A8%E8%96%A6DD96%C2%B7CC%E2%9C%94%EF%B8%8F%E3%80%91-%E8%BC%AA%E7%9B%A4%E8%A6%8F%E5%89%87-poker%20coin%20market%20capy4mwd-%E3%80%90%E2%9C%94%EF%B8%8F%E6%8E%A8%E8%96%A6DD96%C2%B7CC%E2%9C%94%EF%B8%8F%E3%80%91-%E8%BC%AA%E7%9B%A4%E8%A6%8F%E5%89%873een-poker%20coin%20market%20capqgpom-%E8%BC%AA%E7%9B%A4%E8%A6%8F%E5%89%87nmxo HTTP/1.1" 302 - "https://killlo.top/tsxwegv/the%20coop%20menu%20westborough-5879535272/" "Mozilla/5.0 (Linux; Android 7.0;) AppleWebKit/537.36 (HTML, like Gecko) Mobile Safari/537.36 (compatible; PetalBot;+https://webmaster.petalsearch.com/site/petalbot)"
114.119.148.252 - - [29/Aug/2026:12:05:39 -0300] "GET /?s=poker%20bots%20for%20sale-%E3%80%90%E2%9C%94%EF%B8%8F%E5%AE%98%E7%B6%B2DD86%C2%B7CC%E2%9C%94%EF%B8%8F%E3%80%91-%E8%B3%AD%E5%B9%A3%E6%A9%9F%E7%8E%A9%E6%B3%95-poker%20bots%20for%20saledr5re-%E3%80%90%E2%9C%94%EF%B8%8F%E5%AE%98%E7%B6%B2DD86%C2%B7CC%E2%9C%94%EF%B8%8F%E3%80%91-%E8%B3%AD%E5%B9%A3%E6%A9%9F%E7%8E%A9%E6%B3%952e2d-poker%20bots%20for%20sale04qou-%E8%B3%AD%E5%B9%A3%E6%A9%9F%E7%8E%A9%E6%B3%959pfk HTTP/1.1" 302 - "https://anysearch.cc/pry/dfedbad1a7b1d2a6e5ddf7b7d1aee4d997b5dc8cb38188b1d6e9b686d691.html" "Mozilla/5.0 (Linux; Android 7.0;) AppleWebKit/537.36 (HTML, like Gecko) Mobile Safari/537.36 (compatible; PetalBot;+https://webmaster.petalsearch.com/site/petalbot)"
114.119.148.252 - - [29/Aug/2026:12:07:32 -0300] "GET /?s=poker%20%E6%8E%92%E5%90%8D-%E3%80%90%E2%9C%94%EF%B8%8F%E5%AE%98%E7%BD%91AA58%C2%B7CC%E2%9C%94%EF%B8%8F%E3%80%91-%E8%91%A1%E4%BA%AC%E4%BA%BA%E9%85%92%E5%BA%97%E9%9A%94%E7%A6%BB%E4%BB%B7%E9%92%B1-poker%20%E6%8E%92%E5%90%8Dekhtr-%E3%80%90%E2%9C%94%EF%B8%8F%E5%AE%98%E7%BD%91AA58%C2%B7CC%E2%9C%94%EF%B8%8F%E3%80%91-%E8%91%A1%E4%BA%AC%E4%BA%BA%E9%85%92%E5%BA%97%E9%9A%94%E7%A6%BB%E4%BB%B7%E9%92%B11om2-poker%20%E6%8E%92%E5%90%8Du824c-%E8%91%A1%E4%BA%AC%E4%BA%BA%E9%85%92%E5%BA%97%E9%9A%94%E7%A6%BB%E4%BB%B7%E9%92%B1icae HTTP/1.1" 302 - "https://shopbliss.top/vdti/%E5%8A%9F%E5%A4%AB%E5%A8%B1%E4%B9%90%E5%9F%8E-5d680b0262/" "Mozilla/5.0 (Linux; Android 7.0;) AppleWebKit/537.36 (HTML, like Gecko) Mobile Safari/537.36 (compatible; PetalBot;+https://webmaster.petalsearch.com/site/petalbot)"
114.119.148.252 - - [29/Aug/2026:12:09:27 -0300] "GET /?s=pk9%E6%92%B2%E5%85%8B%E7%8E%8B-%E3%80%90%E2%9C%94%EF%B8%8F%E5%AE%98%E7%B6%B2DD86%C2%B7CC%E2%9C%94%EF%B8%8F%E3%80%91-poker%20tournaments-pk9%E6%92%B2%E5%85%8B%E7%8E%8Bdpx8m-%E3%80%90%E2%9C%94%EF%B8%8F%E5%AE%98%E7%B6%B2DD86%C2%B7CC%E2%9C%94%EF%B8%8F%E3%80%91-poker%20tournamentswec0-pk9%E6%92%B2%E5%85%8B%E7%8E%8B4hiai-poker%20tournaments9fgf HTTP/1.1" 302 - "https://paito.top/qlbcqpt/the%20balance%20everyday-3f01552b5e/" "Mozilla/5.0 (Linux; Android 7.0;) AppleWebKit/537.36 (HTML, like Gecko) Mobile Safari/537.36 (compatible; PetalBot;+https://webmaster.petalsearch.com/site/petalbot)"
114.119.145.163 - - [29/Aug/2026:12:11:22 -0300] "GET /?s=pentaconn%E6%8F%92%E5%A4%B4%E9%9F%B3%E8%B4%A8-%E3%80%90%E2%9C%94%EF%B8%8F%E6%8E%A8%E8%8D%90BB76%C2%B7CC%E2%9C%94%EF%B8%8F%E3%80%91-%E4%B8%AD%E5%8D%8E%E9%BB%91%E6%A1%83%E7%8E%8B%E5%9C%A8%E5%93%AA%E9%87%8C%E8%83%BD%E4%B9%B0%E5%88%B0-pentaconn%E6%8F%92%E5%A4%B4%E9%9F%B3%E8%B4%A8xzagh-%E3%80%90%E2%9C%94%EF%B8%8F%E6%8E%A8%E8%8D%90BB76%C2%B7CC%E2%9C%94%EF%B8%8F%E3%80%91-%E4%B8%AD%E5%8D%8E%E9%BB%91%E6%A1%83%E7%8E%8B%E5%9C%A8%E5%93%AA%E9%87%8C%E8%83%BD%E4%B9%B0%E5%88%B00v7j-pentaconn%E6%8F%92%E5%A4%B4%E9%9F%B3%E8%B4%A865vms-%E4%B8%AD%E5%8D%8E%E9%BB%91%E6%A1%83%E7%8E%8B%E5%9C%A8%E5%93%AA%E9%87%8C%E8%83%BD%E4%B9%B0%E5%88%B0w2bt HTTP/1.1" 302 - "https://heartsd.top/nwllwrn/noise%20cancelling%20bluetooth%20headset%20with%20mic-046e474007/" "Mozilla/5.0 (Linux; Android 7.0;) AppleWebKit/537.36 (HTML, like Gecko) Mobile Safari/537.36 (compatible; PetalBot;+https://webmaster.petalsearch.com/site/petalbot)"
114.119.150.34 - - [29/Aug/2026:12:13:13 -0300] "GET /?s=pdf%E6%A0%BC%E5%BC%8F%E6%80%8E%E4%B9%88%E8%B0%83%E6%96%87%E5%AD%97%E5%A4%A7%E5%B0%8F-%E3%80%90%E2%9C%94%EF%B8%8F%E6%8E%A8%E8%8D%90BB76%C2%B7CC%E2%9C%94%EF%B8%8F%E3%80%91-%E7%9B%B4%E6%92%AD%E7%9C%8B%E4%B8%8D%E8%A7%81%E6%89%93%E5%AD%97%E4%B8%BA%E4%BB%80%E4%B9%88-pdf%E6%A0%BC%E5%BC%8F%E6%80%8E%E4%B9%88%E8%B0%83%E6%96%87%E5%AD%97%E5%A4%A7%E5%B0%8Fu9el3-%E3%80%90%E2%9C%94%EF%B8%8F%E6%8E%A8%E8%8D%90BB76%C2%B7CC%E2%9C%94%EF%B8%8F%E3%80%91-%E7%9B%B4%E6%92%AD%E7%9C%8B%E4%B8%8D%E8%A7%81%E6%89%93%E5%AD%97%E4%B8%BA%E4%BB%80%E4%B9%88vqbd-pdf%E6%A0%BC%E5%BC%8F%E6%80%8E%E4%B9%88%E8%B0%83%E6%96%87%E5%AD%97%E5%A4%A7%E5%B0%8Fuo0c2-%E7%9B%B4%E6%92%AD%E7%9C%8B%E4%B8%8D%E8%A7%81%E6%89%93%E5%AD%97%E4%B8%BA%E4%BB%80%E4%B9%882mu2 HTTP/1.1" 302 - "https://www.huawentoys.top/kdmn/%E9%87%91%E9%BA%92%E9%BA%9F%E5%A8%B1%E4%B9%90%E5%9F%8E-045f613053/" "Mozilla/5.0 (Linux; Android 7.0;) AppleWebKit/537.36 (HTML, like Gecko) Mobile Safari/537.36 (compatible; PetalBot;+https://webmaster.petalsearch.com/site/petalbot)"
101.200.120.159 - - [29/Aug/2026:12:14:14 -0300] "GET / HTTP/1.1" 302 - "-" "Mozilla/5.0 (Windows NT 10.0; Win64; x64) AppleWebKit/537.36 (KHTML, like Gecko) Chrome/79.0 Safari/537.36"
114.119.130.253 - - [29/Aug/2026:12:15:11 -0300] "GET /?s=paul%20phua%E8%BA%AB%E5%AE%B6-%E3%80%90%E2%9C%94%EF%B8%8F%E5%AE%98%E7%B6%B2DD86%C2%B7CC%E2%9C%94%EF%B8%8F%E3%80%91-%E9%8B%A4%E5%A4%A7%E5%9C%B0facebook-paul%20phua%E8%BA%AB%E5%AE%B6ixbyp-%E3%80%90%E2%9C%94%EF%B8%8F%E5%AE%98%E7%B6%B2DD86%C2%B7CC%E2%9C%94%EF%B8%8F%E3%80%91-%E9%8B%A4%E5%A4%A7%E5%9C%B0facebooktrco-paul%20phua%E8%BA%AB%E5%AE%B6d3e4k-%E9%8B%A4%E5%A4%A7%E5%9C%B0facebook80hx HTTP/1.1" 302 - "http://cienp.org.br/?s=paul%20phua%E8%BA%AB%E5%AE%B6-%E3%80%90%E2%9C%94%EF%B8%8F%E5%AE%98%E7%B6%B2DD86%C2%B7CC%E2%9C%94%EF%B8%8F%E3%80%91-%E9%8B%A4%E5%A4%A7%E5%9C%B0facebook-paul%20phua%E8%BA%AB%E5%AE%B6ixbyp-%E3%80%90%E2%9C%94%EF%B8%8F%E5%AE%98%E7%B6%B2DD86%C2%B7CC%E2%9C%94%EF%B8%8F%E3%80%91-%E9%8B%A4%E5%A4%A7%E5%9C%B0facebooktrco-paul%20phua%E8%BA%AB%E5%AE%B6d3e4k-%E9%8B%A4%E5%A4%A7%E5%9C%B0facebook80hx" "Mozilla/5.0 (Linux; Android 7.0;) AppleWebKit/537.36 (HTML, like Gecko) Mobile Safari/537.36 (compatible; PetalBot;+https://webmaster.petalsearch.com/site/petalbot)"
114.119.145.163 - - [29/Aug/2026:12:17:00 -0300] "GET /?s=oppo%E5%84%BF%E7%AB%A5%E6%A8%A1%E5%BC%8F%E5%BF%98%E8%AE%B0%E5%AF%86%E7%A0%81-%E3%80%90%E2%9C%94%EF%B8%8F%E6%8E%A8%E8%8D%90BB76%C2%B7CC%E2%9C%94%EF%B8%8F%E3%80%91-%E8%AE%A1%E7%AE%97%E6%9C%BA%E8%AF%BE%E6%9C%AC-oppo%E5%84%BF%E7%AB%A5%E6%A8%A1%E5%BC%8F%E5%BF%98%E8%AE%B0%E5%AF%86%E7%A0%81a5epc-%E3%80%90%E2%9C%94%EF%B8%8F%E6%8E%A8%E8%8D%90BB76%C2%B7CC%E2%9C%94%EF%B8%8F%E3%80%91-%E8%AE%A1%E7%AE%97%E6%9C%BA%E8%AF%BE%E6%9C%ACyalf-oppo%E5%84%BF%E7%AB%A5%E6%A8%A1%E5%BC%8F%E5%BF%98%E8%AE%B0%E5%AF%86%E7%A0%81uhkd1-%E8%AE%A1%E7%AE%97%E6%9C%BA%E8%AF%BE%E6%9C%AC9pg5 HTTP/1.1" 302 - "https://xuec.top/qxzfg/%E6%BE%B3%20%E7%B6%B2%20%E7%9B%B4%E6%92%AD%20youtube-646c017748/" "Mozilla/5.0 (Linux; Android 7.0;) AppleWebKit/537.36 (HTML, like Gecko) Mobile Safari/537.36 (compatible; PetalBot;+https://webmaster.petalsearch.com/site/petalbot)"
114.119.137.190 - - [29/Aug/2026:12:18:56 -0300] "GET /?s=onlinebet-%E3%80%90%E2%9C%94%EF%B8%8F%E5%AE%98%E7%B6%B2DD86%C2%B7CC%E2%9C%94%EF%B8%8F%E3%80%91-%E5%BD%A9%E7%A5%A8%E8%A8%88%E7%AE%97%E5%85%AC%E5%BC%8F-onlinebet661wh-%E3%80%90%E2%9C%94%EF%B8%8F%E5%AE%98%E7%B6%B2DD86%C2%B7CC%E2%9C%94%EF%B8%8F%E3%80%91-%E5%BD%A9%E7%A5%A8%E8%A8%88%E7%AE%97%E5%85%AC%E5%BC%8Fbp1x-onlinebetn7ejy-%E5%BD%A9%E7%A5%A8%E8%A8%88%E7%AE%97%E5%85%AC%E5%BC%8Fac9d HTTP/1.1" 302 - "https://mkvmoviespoint.top/vxlrtdo/do%20viruses%20stay%20in%20your%20body%20forever-530c005225/" "Mozilla/5.0 (Linux; Android 7.0;) AppleWebKit/537.36 (HTML, like Gecko) Mobile Safari/537.36 (compatible; PetalBot;+https://webmaster.petalsearch.com/site/petalbot)"
162.241.72.235 - - [29/Aug/2026:12:19:31 -0300] "GET /.well-known/pki-validation/index.php HTTP/1.1" 404 - "-" "get_local:DCV"
114.119.145.125 - - [29/Aug/2026:12:21:14 -0300] "GET /?s=odds%20ratio%E6%80%8E%E4%B9%88%E7%AE%97-%E3%80%90%E2%9C%94%EF%B8%8F%E6%8E%A8%E8%8D%90AC68%C2%B7CC%E2%9C%94%EF%B8%8F%E3%80%91-www.playit365.net-odds%20ratio%E6%80%8E%E4%B9%88%E7%AE%97rmyb4-%E3%80%90%E2%9C%94%EF%B8%8F%E6%8E%A8%E8%8D%90AC68%C2%B7CC%E2%9C%94%EF%B8%8F%E3%80%91-www.playit365.netg25k-odds%20ratio%E6%80%8E%E4%B9%88%E7%AE%977rg9c-www.playit365.netqx0t HTTP/1.1" 302 - "https://schonesbild.top/tlrtno/%E7%BD%91%E6%98%93%E6%9C%89%E5%93%AA%E4%BA%9B%E8%B7%9F%E8%B4%B4%E5%A4%A7%E7%A5%9E-4956380054/" "Mozilla/5.0 (Linux; Android 7.0;) AppleWebKit/537.36 (HTML, like Gecko) Mobile Safari/537.36 (compatible; PetalBot;+https://webmaster.petalsearch.com/site/petalbot)"
167.71.136.84 - - [29/Aug/2026:12:21:38 -0300] "GET / HTTP/1.1" 302 - "-" "Mozilla/5.0 (X11; Linux x86_64; rv:142.0) Gecko/20100101 Firefox/142.0"
167.71.136.84 - - [29/Aug/2026:12:21:38 -0300] "GET /favicon.ico HTTP/1.1" 404 - "http://cienp.org.br/" "Mozilla/5.0 (X11; Linux x86_64; rv:142.0) Gecko/20100101 Firefox/142.0"
114.119.148.252 - - [29/Aug/2026:12:22:43 -0300] "GET /?s=nobody%E5%B0%91%E5%A5%B3%E6%97%B6%E4%BB%A3-%E3%80%90%E2%9C%94%EF%B8%8F%E6%8E%A8%E8%8D%90KK37%C2%B7CC%E2%9C%94%EF%B8%8F%E3%80%91-%E5%A5%B3%E7%9A%84%E5%BE%97%E4%BA%86%E9%98%B4%E8%99%B1%E7%97%87%E7%8A%B6%E5%9B%BE%E7%89%87-nobody%E5%B0%91%E5%A5%B3%E6%97%B6%E4%BB%A35kgqt-%E3%80%90%E2%9C%94%EF%B8%8F%E6%8E%A8%E8%8D%90KK37%C2%B7CC%E2%9C%94%EF%B8%8F%E3%80%91-%E5%A5%B3%E7%9A%84%E5%BE%97%E4%BA%86%E9%98%B4%E8%99%B1%E7%97%87%E7%8A%B6%E5%9B%BE%E7%89%87y72r-nobody%E5%B0%91%E5%A5%B3%E6%97%B6%E4%BB%A38e4z4-%E5%A5%B3%E7%9A%84%E5%BE%97%E4%BA%86%E9%98%B4%E8%99%B1%E7%97%87%E7%8A%B6%E5%9B%BE%E7%89%87lm8z HTTP/1.1" 302 - "https://tititi.cc/kps/d89baad8d8dbd2c1c2de9da0d4838bd6b9a2d7dee9d38db4.html" "Mozilla/5.0 (Linux; Android 7.0;) AppleWebKit/537.36 (HTML, like Gecko) Mobile Safari/537.36 (compatible; PetalBot;+https://webmaster.petalsearch.com/site/petalbot)"
114.119.148.252 - - [29/Aug/2026:12:24:35 -0300] "GET /?s=no%20limit%20hold%20%27em%20for%20advanced%20players%20pdf-%E3%80%90%E2%9C%94%EF%B8%8F%E5%AE%98%E7%B6%B2DD86%C2%B7CC%E2%9C%94%EF%B8%8F%E3%80%91-%E6%B0%B8%E5%88%A9%E9%AB%98%E7%8F%BE%E9%87%91%E7%B6%B2-no%20limit%20hold%20%27em%20for%20advanced%20players%20pdfvvf47-%E3%80%90%E2%9C%94%EF%B8%8F%E5%AE%98%E7%B6%B2DD86%C2%B7CC%E2%9C%94%EF%B8%8F%E3%80%91-%E6%B0%B8%E5%88%A9%E9%AB%98%E7%8F%BE%E9%87%91%E7%B6%B2w38v-no%20limit%20hold%20%27em%20for%20advanced%20players%20pdf7mqsn-%E6%B0%B8%E5%88%A9%E9%AB%98%E7%8F%BE%E9%87%91%E7%B6%B2qr65 HTTP/1.1" 302 - "https://fang7.top/zkgolqew/ondamp4-7727476076/" "Mozilla/5.0 (Linux; Android 7.0;) AppleWebKit/537.36 (HTML, like Gecko) Mobile Safari/537.36 (compatible; PetalBot;+https://webmaster.petalsearch.com/site/petalbot)"
43.134.94.96 - - [29/Aug/2026:12:25:16 -0300] "GET / HTTP/1.1" 302 - "-" "Mozilla/5.0 (iPhone; CPU iPhone OS 13_2_3 like Mac OS X) AppleWebKit/605.1.15 (KHTML, like Gecko) Version/13.0.3 Mobile/15E148 Safari/604.1"
114.119.137.190 - - [29/Aug/2026:12:26:31 -0300] "GET /?s=nice%20guy%E6%AD%8C%E8%AF%8D-%E3%80%90%E2%9C%94%EF%B8%8F%E6%8E%A8%E8%8D%90BB76%C2%B7CC%E2%9C%94%EF%B8%8F%E3%80%91-12000w%E7%A9%BA%E8%B0%83%E4%B8%80%E5%B0%8F%E6%97%B6%E5%87%A0%E5%BA%A6%E7%94%B5-nice%20guy%E6%AD%8C%E8%AF%8Duaqg9-%E3%80%90%E2%9C%94%EF%B8%8F%E6%8E%A8%E8%8D%90BB76%C2%B7CC%E2%9C%94%EF%B8%8F%E3%80%91-12000w%E7%A9%BA%E8%B0%83%E4%B8%80%E5%B0%8F%E6%97%B6%E5%87%A0%E5%BA%A6%E7%94%B5b04l-nice%20guy%E6%AD%8C%E8%AF%8Dgwtqf-12000w%E7%A9%BA%E8%B0%83%E4%B8%80%E5%B0%8F%E6%97%B6%E5%87%A0%E5%BA%A6%E7%94%B5u8il HTTP/1.1" 302 - "https://freekd.top/lvwadb/%E9%9C%B9%E9%9B%B3%E6%B8%B8%E4%BE%A01982%E5%9B%BD%E8%AF%AD%E7%89%88%E5%85%8D%E8%B4%B9%E8%A7%82%E7%9C%8B%E5%9C%A8%E7%BA%BF-76077c5305/" "Mozilla/5.0 (Linux; Android 7.0;) AppleWebKit/537.36 (HTML, like Gecko) Mobile Safari/537.36 (compatible; PetalBot;+https://webmaster.petalsearch.com/site/petalbot)"
114.119.145.125 - - [29/Aug/2026:12:28:24 -0300] "GET /?s=nhl%20%E5%86%B0%E7%90%83-%E3%80%90%E2%9C%94%EF%B8%8F%E6%8E%A8%E8%8D%90AC68%C2%B7CC%E2%9C%94%EF%B8%8F%E3%80%91-%E5%BE%B7%E5%B7%9E%E6%A6%82%E7%8E%87%E8%AE%A1%E7%AE%97%E5%99%A8-nhl%20%E5%86%B0%E7%90%83v2q23-%E3%80%90%E2%9C%94%EF%B8%8F%E6%8E%A8%E8%8D%90AC68%C2%B7CC%E2%9C%94%EF%B8%8F%E3%80%91-%E5%BE%B7%E5%B7%9E%E6%A6%82%E7%8E%87%E8%AE%A1%E7%AE%97%E5%99%A873nk-nhl%20%E5%86%B0%E7%90%83rt187-%E5%BE%B7%E5%B7%9E%E6%A6%82%E7%8E%87%E8%AE%A1%E7%AE%97%E5%99%A8ek4f HTTP/1.1" 302 - "https://nicesou.cc/bqu/d7a685dbcaab8d94bfde9ba48e97a98bd2d8d08cfb8491f9d3a4d2d4f3f2.html" "Mozilla/5.0 (Linux; Android 7.0;) AppleWebKit/537.36 (HTML, like Gecko) Mobile Safari/537.36 (compatible; PetalBot;+https://webmaster.petalsearch.com/site/petalbot)"
114.119.145.163 - - [29/Aug/2026:12:30:21 -0300] "GET /?s=nfl%20odds-%E3%80%90%E2%9C%94%EF%B8%8F%E6%8E%A8%E8%8D%90AC68%C2%B7CC%E2%9C%94%EF%B8%8F%E3%80%91-2022%E5%86%AC%E5%A5%A5%E4%BC%9A%E6%97%B6%E9%97%B4-nfl%20oddsxzhjb-%E3%80%90%E2%9C%94%EF%B8%8F%E6%8E%A8%E8%8D%90AC68%C2%B7CC%E2%9C%94%EF%B8%8F%E3%80%91-2022%E5%86%AC%E5%A5%A5%E4%BC%9A%E6%97%B6%E9%97%B4qtr9-nfl%20oddsvq2mx-2022%E5%86%AC%E5%A5%A5%E4%BC%9A%E6%97%B6%E9%97%B4irdx HTTP/1.1" 302 - "https://someoneol.top/xupda/%E5%A4%A7%20%E6%A8%82%20%E9%80%8F%20%E6%AD%B7%E5%8F%B2%20%E4%B8%8A%E7%9A%84%E4%BB%8A%E5%A4%A9-552d5f4321/" "Mozilla/5.0 (Linux; Android 7.0;) AppleWebKit/537.36 (HTML, like Gecko) Mobile Safari/537.36 (compatible; PetalBot;+https://webmaster.petalsearch.com/site/petalbot)"
114.119.150.34 - - [29/Aug/2026:12:32:11 -0300] "GET /?s=nba%E9%8C%84%E5%83%8F%E4%B8%8B%E8%BC%89-%E3%80%90%E2%9C%94%EF%B8%8F%E6%8E%A8%E8%96%A6DD96%C2%B7CC%E2%9C%94%EF%B8%8F%E3%80%91-take5%E6%80%8E%E9%BA%BC%E7%8E%A9-nba%E9%8C%84%E5%83%8F%E4%B8%8B%E8%BC%89bxa7m-%E3%80%90%E2%9C%94%EF%B8%8F%E6%8E%A8%E8%96%A6DD96%C2%B7CC%E2%9C%94%EF%B8%8F%E3%80%91-take5%E6%80%8E%E9%BA%BC%E7%8E%A9ch70-nba%E9%8C%84%E5%83%8F%E4%B8%8B%E8%BC%8983j9m-take5%E6%80%8E%E9%BA%BC%E7%8E%A9fmk4 HTTP/1.1" 302 - "https://2361.fun/mcu/d39eb686eb82d28f9dd3b0ded0bb8481a3b4d6fdd4d3a0bf.html" "Mozilla/5.0 (Linux; Android 7.0;) AppleWebKit/537.36 (HTML, like Gecko) Mobile Safari/537.36 (compatible; PetalBot;+https://webmaster.petalsearch.com/site/petalbot)"
114.119.145.163 - - [29/Aug/2026:12:34:05 -0300] "GET /?s=nba%E8%BD%89%E6%9C%832022-%E3%80%90%E2%9C%94%EF%B8%8F%E5%AE%98%E7%B6%B2DD86%C2%B7CC%E2%9C%94%EF%B8%8F%E3%80%91-%E8%86%BD%E6%8B%96%E6%8A%95%E6%B3%A8%E6%B3%95-nba%E8%BD%89%E6%9C%8320222fc8o-%E3%80%90%E2%9C%94%EF%B8%8F%E5%AE%98%E7%B6%B2DD86%C2%B7CC%E2%9C%94%EF%B8%8F%E3%80%91-%E8%86%BD%E6%8B%96%E6%8A%95%E6%B3%A8%E6%B3%950f4l-nba%E8%BD%89%E6%9C%8320229a85z-%E8%86%BD%E6%8B%96%E6%8A%95%E6%B3%A8%E6%B3%95ojlk HTTP/1.1" 302 - "https://dispensadordecerveza.top/ogvwvmh/bird%20sound%20quiz-77033e705c/" "Mozilla/5.0 (Linux; Android 7.0;) AppleWebKit/537.36 (HTML, like Gecko) Mobile Safari/537.36 (compatible; PetalBot;+https://webmaster.petalsearch.com/site/petalbot)"
114.119.145.125 - - [29/Aug/2026:12:35:59 -0300] "GET /?s=shawei-%E3%80%90%E2%9C%94%EF%B8%8F%E6%8E%A8%E8%8D%90AC68%C2%B7CC%E2%9C%94%EF%B8%8F%E3%80%91-%E5%85%84%E5%BC%9F%E5%A8%B1%E4%B9%90%E5%9F%8E-shaweicqgxl-%E3%80%90%E2%9C%94%EF%B8%8F%E6%8E%A8%E8%8D%90AC68%C2%B7CC%E2%9C%94%EF%B8%8F%E3%80%91-%E5%85%84%E5%BC%9F%E5%A8%B1%E4%B9%90%E5%9F%8E1j3b-shaweidqytf-%E5%85%84%E5%BC%9F%E5%A8%B1%E4%B9%90%E5%9F%8E1eky HTTP/1.1" 302 - "https://www.fuqingshui.top/zaui/nba%E5%8F%8A%E6%97%B6%E6%AF%94%E5%88%86-05404c4555/" "Mozilla/5.0 (Linux; Android 7.0;) AppleWebKit/537.36 (HTML, like Gecko) Mobile Safari/537.36 (compatible; PetalBot;+https://webmaster.petalsearch.com/site/petalbot)"
114.119.130.253 - - [29/Aug/2026:12:37:54 -0300] "GET /?s=nba%E8%B3%BD%E7%A8%8B2022%202023-%E3%80%90%E2%9C%94%EF%B8%8F%E5%AE%98%E7%B6%B2DD86%C2%B7CC%E2%9C%94%EF%B8%8F%E3%80%91-%E9%9B%80%E9%AD%82steam%E7%84%A1%E6%B3%95%E4%B8%8B%E8%BC%89-nba%E8%B3%BD%E7%A8%8B2022%2020235m37a-%E3%80%90%E2%9C%94%EF%B8%8F%E5%AE%98%E7%B6%B2DD86%C2%B7CC%E2%9C%94%EF%B8%8F%E3%80%91-%E9%9B%80%E9%AD%82steam%E7%84%A1%E6%B3%95%E4%B8%8B%E8%BC%89he92-nba%E8%B3%BD%E7%A8%8B2022%2020231j33d-%E9%9B%80%E9%AD%82steam%E7%84%A1%E6%B3%95%E4%B8%8B%E8%BC%89iziw HTTP/1.1" 302 - "https://www.madamegypsy.com/jwu/dad998dabd81d6abb786ac8385fa99d58df7d5afbc86fa8b.html" "Mozilla/5.0 (Linux; Android 7.0;) AppleWebKit/537.36 (HTML, like Gecko) Mobile Safari/537.36 (compatible; PetalBot;+https://webmaster.petalsearch.com/site/petalbot)"
114.119.145.163 - - [29/Aug/2026:12:39:49 -0300] "GET /?s=nba%E8%B3%AD%E7%90%83%E5%88%86%E6%9E%90-%E3%80%90%E2%9C%94%EF%B8%8F%E6%8E%A8%E8%96%A6DD96%C2%B7CC%E2%9C%94%EF%B8%8F%E3%80%91-rummy%E7%8E%A9%E6%B3%95-nba%E8%B3%AD%E7%90%83%E5%88%86%E6%9E%90nla4o-%E3%80%90%E2%9C%94%EF%B8%8F%E6%8E%A8%E8%96%A6DD96%C2%B7CC%E2%9C%94%EF%B8%8F%E3%80%91-rummy%E7%8E%A9%E6%B3%955cp7-nba%E8%B3%AD%E7%90%83%E5%88%86%E6%9E%90kja8x-rummy%E7%8E%A9%E6%B3%95nxue HTTP/1.1" 302 - "https://www.torrentreel25.top/xpgeod/%E9%95%BF%E6%98%A5%E5%B8%82%E4%BA%8C%E9%81%93%E5%8C%BA%E6%9C%80%E5%B7%AE%E5%B0%8F%E5%AD%A6-09334c5f70/" "Mozilla/5.0 (Linux; Android 7.0;) AppleWebKit/537.36 (HTML, like Gecko) Mobile Safari/537.36 (compatible; PetalBot;+https://webmaster.petalsearch.com/site/petalbot)"
114.119.145.125 - - [29/Aug/2026:12:41:40 -0300] "GET /?s=nba%E7%B8%BD%E6%B1%BA%E8%B3%BDg5-%E3%80%90%E2%9C%94%EF%B8%8F%E5%AE%98%E7%B6%B2DD86%C2%B7CC%E2%9C%94%EF%B8%8F%E3%80%91-%E8%B2%B7%E8%B6%B3%E5%BD%A9-nba%E7%B8%BD%E6%B1%BA%E8%B3%BDg5vqhx6-%E3%80%90%E2%9C%94%EF%B8%8F%E5%AE%98%E7%B6%B2DD86%C2%B7CC%E2%9C%94%EF%B8%8F%E3%80%91-%E8%B2%B7%E8%B6%B3%E5%BD%A96t7i-nba%E7%B8%BD%E6%B1%BA%E8%B3%BDg5hi120-%E8%B2%B7%E8%B6%B3%E5%BD%A9iszl HTTP/1.1" 302 - "https://www.vofog.top/vfcczo/360%E5%A4%A9%E6%93%8E%E6%80%8E%E6%A0%B7%E9%80%80%E5%87%BA-50602b4c5b/" "Mozilla/5.0 (Linux; Android 7.0;) AppleWebKit/537.36 (HTML, like Gecko) Mobile Safari/537.36 (compatible; PetalBot;+https://webmaster.petalsearch.com/site/petalbot)"
114.119.137.190 - - [29/Aug/2026:12:43:34 -0300] "GET /?s=nba%E7%B1%83%E7%90%83%E6%AF%94%E5%88%86%E7%B6%B2-%E3%80%90%E2%9C%94%EF%B8%8F%E5%AE%98%E7%B6%B2DD86%C2%B7CC%E2%9C%94%EF%B8%8F%E3%80%91-%E9%87%91%E5%A4%9A%E5%AF%B6%E5%85%AD%E5%90%88%E5%BD%A9-nba%E7%B1%83%E7%90%83%E6%AF%94%E5%88%86%E7%B6%B2gj43p-%E3%80%90%E2%9C%94%EF%B8%8F%E5%AE%98%E7%B6%B2DD86%C2%B7CC%E2%9C%94%EF%B8%8F%E3%80%91-%E9%87%91%E5%A4%9A%E5%AF%B6%E5%85%AD%E5%90%88%E5%BD%A9em3a-nba%E7%B1%83%E7%90%83%E6%AF%94%E5%88%86%E7%B6%B2knbi7-%E9%87%91%E5%A4%9A%E5%AF%B6%E5%85%AD%E5%90%88%E5%BD%A9pat7 HTTP/1.1" 302 - "https://wtsearch.cc/fyj/83d0868c968cd6a8d383c9b9d489e6d597fed6dbf3d7add8d0d9f6.html" "Mozilla/5.0 (Linux; Android 7.0;) AppleWebKit/537.36 (HTML, like Gecko) Mobile Safari/537.36 (compatible; PetalBot;+https://webmaster.petalsearch.com/site/petalbot)"
114.119.137.190 - - [29/Aug/2026:12:45:27 -0300] "GET /?s=nba%E7%9B%B4-%E3%80%90%E2%9C%94%EF%B8%8F%E5%AE%98%E7%B6%B2DD86%C2%B7CC%E2%9C%94%EF%B8%8F%E3%80%91-%E9%AA%B0%E5%AD%90%20%E8%B4%8F%E9%8C%A2%E6%8A%80%E5%B7%A7-nba%E7%9B%B4qbohp-%E3%80%90%E2%9C%94%EF%B8%8F%E5%AE%98%E7%B6%B2DD86%C2%B7CC%E2%9C%94%EF%B8%8F%E3%80%91-%E9%AA%B0%E5%AD%90%20%E8%B4%8F%E9%8C%A2%E6%8A%80%E5%B7%A7nude-nba%E7%9B%B42bn06-%E9%AA%B0%E5%AD%90%20%E8%B4%8F%E9%8C%A2%E6%8A%80%E5%B7%A77jwt HTTP/1.1" 302 - "https://modelimage.top/txgutqd/sony%20portable%20bluetooth%20digital%20turner%20am%20fm%20cd%20player%20mega%20bass%20reflex%20stereo%20sound%20system-79175e4e22/" "Mozilla/5.0 (Linux; Android 7.0;) AppleWebKit/537.36 (HTML, like Gecko) Mobile Safari/537.36 (compatible; PetalBot;+https://webmaster.petalsearch.com/site/petalbot)"
114.119.130.253 - - [29/Aug/2026:12:47:21 -0300] "GET /?s=nba%E7%9B%B4%E6%92%ADcctv5-%E3%80%90%E2%9C%94%EF%B8%8F%E5%AE%98%E7%BD%91AA58%C2%B7CC%E2%9C%94%EF%B8%8F%E3%80%91-%E6%96%B9%E7%A8%8B%E5%BC%8F%E8%B5%9B%E8%BD%A6-nba%E7%9B%B4%E6%92%ADcctv5pvpf2-%E3%80%90%E2%9C%94%EF%B8%8F%E5%AE%98%E7%BD%91AA58%C2%B7CC%E2%9C%94%EF%B8%8F%E3%80%91-%E6%96%B9%E7%A8%8B%E5%BC%8F%E8%B5%9B%E8%BD%A6fdls-nba%E7%9B%B4%E6%92%ADcctv5k5zm3-%E6%96%B9%E7%A8%8B%E5%BC%8F%E8%B5%9B%E8%BD%A6io4n HTTP/1.1" 302 - "https://yourtub.top/ohcjzwp/plantronics%20voyager%20bluetooth%20pairing-294320600a/" "Mozilla/5.0 (Linux; Android 7.0;) AppleWebKit/537.36 (HTML, like Gecko) Mobile Safari/537.36 (compatible; PetalBot;+https://webmaster.petalsearch.com/site/petalbot)"
156.59.198.136 - - [29/Aug/2026:12:49:06 -0300] "GET /wp-content/uploads/2017/11/21-Mammalian-Erythrocyte-Micronucleus-Test.pdf HTTP/1.1" 404 - "-" "Mozilla/5.0 (Linux; Android 5.0) AppleWebKit/537.36 (KHTML, like Gecko) Mobile Safari/537.36 (compatible; Bytespider; spider-feedback@bytedance.com)"
114.119.145.125 - - [29/Aug/2026:12:49:16 -0300] "GET /?s=nba%E7%9B%B4%E6%92%AD%E7%B6%B2%E7%AB%99-%E3%80%90%E2%9C%94%EF%B8%8F%E5%AE%98%E7%B6%B2DD86%C2%B7CC%E2%9C%94%EF%B8%8F%E3%80%91-%E5%9C%A8%E7%B7%9A%E5%A8%9B%E6%A8%82%E5%A0%B4-nba%E7%9B%B4%E6%92%AD%E7%B6%B2%E7%AB%99e8irp-%E3%80%90%E2%9C%94%EF%B8%8F%E5%AE%98%E7%B6%B2DD86%C2%B7CC%E2%9C%94%EF%B8%8F%E3%80%91-%E5%9C%A8%E7%B7%9A%E5%A8%9B%E6%A8%82%E5%A0%B4dq5a-nba%E7%9B%B4%E6%92%AD%E7%B6%B2%E7%AB%99pg20z-%E5%9C%A8%E7%B7%9A%E5%A8%9B%E6%A8%82%E5%A0%B4fuqf HTTP/1.1" 302 - "https://baixion.top/gpkcewd/spring%20boot%20interview%20questions-137068634f/" "Mozilla/5.0 (Linux; Android 7.0;) AppleWebKit/537.36 (HTML, like Gecko) Mobile Safari/537.36 (compatible; PetalBot;+https://webmaster.petalsearch.com/site/petalbot)"
114.119.159.121 - - [29/Aug/2026:12:51:10 -0300] "GET /?s=nba%E7%9B%B4%E6%92%AD%E4%BB%8A%E6%97%A5-%E3%80%90%E2%9C%94%EF%B8%8F%E6%8E%A8%E8%96%A6DD96%C2%B7CC%E2%9C%94%EF%B8%8F%E3%80%91-wilson%E5%90%8D%E5%AD%97-nba%E7%9B%B4%E6%92%AD%E4%BB%8A%E6%97%A531fmb-%E3%80%90%E2%9C%94%EF%B8%8F%E6%8E%A8%E8%96%A6DD96%C2%B7CC%E2%9C%94%EF%B8%8F%E3%80%91-wilson%E5%90%8D%E5%AD%97o949-nba%E7%9B%B4%E6%92%AD%E4%BB%8A%E6%97%A5o8gjz-wilson%E5%90%8D%E5%AD%97lhdu HTTP/1.1" 302 - "https://www.usaeconfreedom.org/yii/d3efd08497add1939e81bcf2818fe7deb3fe87f8e7d6b5f1.html" "Mozilla/5.0 (Linux; Android 7.0;) AppleWebKit/537.36 (HTML, like Gecko) Mobile Safari/537.36 (compatible; PetalBot;+https://webmaster.petalsearch.com/site/petalbot)"
114.119.145.125 - - [29/Aug/2026:12:53:03 -0300] "GET /?s=nba%E7%8E%B0%E5%9C%BA%E7%9B%B4%E6%92%ADcctv5-%E3%80%90%E2%9C%94%EF%B8%8F%E6%8E%A8%E8%8D%90AC68%C2%B7CC%E2%9C%94%EF%B8%8F%E3%80%91-%E8%99%8E%E6%89%91%E6%B8%B8%E6%88%8F-nba%E7%8E%B0%E5%9C%BA%E7%9B%B4%E6%92%ADcctv5kn49y-%E3%80%90%E2%9C%94%EF%B8%8F%E6%8E%A8%E8%8D%90AC68%C2%B7CC%E2%9C%94%EF%B8%8F%E3%80%91-%E8%99%8E%E6%89%91%E6%B8%B8%E6%88%8Fwrqr-nba%E7%8E%B0%E5%9C%BA%E7%9B%B4%E6%92%ADcctv51542c-%E8%99%8E%E6%89%91%E6%B8%B8%E6%88%8Frrdw HTTP/1.1" 302 - "https://www.32w.top/ywlljjsa/%E9%98%BF%E9%87%8C%E7%82%BA%E4%BB%80%E9%BA%BC%E5%B9%B9%E4%B8%8D%E9%81%8E%E9%A8%B0%E8%A8%8A-5a537b5642/" "Mozilla/5.0 (Linux; Android 7.0;) AppleWebKit/537.36 (HTML, like Gecko) Mobile Safari/537.36 (compatible; PetalBot;+https://webmaster.petalsearch.com/site/petalbot)"
114.119.137.190 - - [29/Aug/2026:12:59:52 -0300] "GET /?s=nba%E5%BA%A7%E4%BD%8D-%E3%80%90%E2%9C%94%EF%B8%8F%E6%8E%A8%E8%8D%90AC68%C2%B7CC%E2%9C%94%EF%B8%8F%E3%80%91-%E6%B4%97%E7%89%8C%E6%AD%8C%E8%AF%8D-nba%E5%BA%A7%E4%BD%8D79hwh-%E3%80%90%E2%9C%94%EF%B8%8F%E6%8E%A8%E8%8D%90AC68%C2%B7CC%E2%9C%94%EF%B8%8F%E3%80%91-%E6%B4%97%E7%89%8C%E6%AD%8C%E8%AF%8Dn4wn-nba%E5%BA%A7%E4%BD%8D6hzvt-%E6%B4%97%E7%89%8C%E6%AD%8C%E8%AF%8Dztww HTTP/1.1" 302 - "http://cienp.org.br/?s=nba%E5%BA%A7%E4%BD%8D-%E3%80%90%E2%9C%94%EF%B8%8F%E6%8E%A8%E8%8D%90AC68%C2%B7CC%E2%9C%94%EF%B8%8F%E3%80%91-%E6%B4%97%E7%89%8C%E6%AD%8C%E8%AF%8D-nba%E5%BA%A7%E4%BD%8D79hwh-%E3%80%90%E2%9C%94%EF%B8%8F%E6%8E%A8%E8%8D%90AC68%C2%B7CC%E2%9C%94%EF%B8%8F%E3%80%91-%E6%B4%97%E7%89%8C%E6%AD%8C%E8%AF%8Dn4wn-nba%E5%BA%A7%E4%BD%8D6hzvt-%E6%B4%97%E7%89%8C%E6%AD%8C%E8%AF%8Dztww" "Mozilla/5.0 (Linux; Android 7.0;) AppleWebKit/537.36 (HTML, like Gecko) Mobile Safari/537.36 (compatible; PetalBot;+https://webmaster.petalsearch.com/site/petalbot)"
114.119.130.253 - - [29/Aug/2026:13:01:20 -0300] "GET /?s=nba%E5%A4%BA%E5%86%A0%E8%B5%94%E7%8E%87-%E3%80%90%E2%9C%94%EF%B8%8F%E5%AE%98%E7%BD%91AA58%C2%B7CC%E2%9C%94%EF%B8%8F%E3%80%91-%E7%BD%91%E8%B5%8C%20%E6%8A%80%E5%B7%A7-nba%E5%A4%BA%E5%86%A0%E8%B5%94%E7%8E%8768xh3-%E3%80%90%E2%9C%94%EF%B8%8F%E5%AE%98%E7%BD%91AA58%C2%B7CC%E2%9C%94%EF%B8%8F%E3%80%91-%E7%BD%91%E8%B5%8C%20%E6%8A%80%E5%B7%A7yh2t-nba%E5%A4%BA%E5%86%A0%E8%B5%94%E7%8E%87zx0m6-%E7%BD%91%E8%B5%8C%20%E6%8A%80%E5%B7%A7kzxy HTTP/1.1" 302 - "https://www.hirobot.top/vyflgrlr/%E7%AF%80%E7%9B%AE%E9%81%B8%E7%AE%A1%E7%B5%84%E5%B7%A5%E4%BD%9C%E5%85%A7%E5%AE%B9-5552146725/" "Mozilla/5.0 (Linux; Android 7.0;) AppleWebKit/537.36 (HTML, like Gecko) Mobile Safari/537.36 (compatible; PetalBot;+https://webmaster.petalsearch.com/site/petalbot)"
114.119.159.121 - - [29/Aug/2026:13:03:11 -0300] "GET /?s=nba%E5%9B%9E%E6%94%BE%E5%8E%9F%E5%A3%B0-%E3%80%90%E2%9C%94%EF%B8%8F%E5%AE%98%E7%BD%91AA58%C2%B7CC%E2%9C%94%EF%B8%8F%E3%80%91-%E7%9A%87%E9%A9%AC%E6%9B%BC%E5%9F%8E%E7%9B%B4%E6%92%AD-nba%E5%9B%9E%E6%94%BE%E5%8E%9F%E5%A3%B0c2iau-%E3%80%90%E2%9C%94%EF%B8%8F%E5%AE%98%E7%BD%91AA58%C2%B7CC%E2%9C%94%EF%B8%8F%E3%80%91-%E7%9A%87%E9%A9%AC%E6%9B%BC%E5%9F%8E%E7%9B%B4%E6%92%ADbwgm-nba%E5%9B%9E%E6%94%BE%E5%8E%9F%E5%A3%B0wixdu-%E7%9A%87%E9%A9%AC%E6%9B%BC%E5%9F%8E%E7%9B%B4%E6%92%ADackq HTTP/1.1" 302 - "https://aasou.cc/eau/8ce4a0ddaeccd5d5f1d5ecafd296eedfd9a187dfbedda0f5.html" "Mozilla/5.0 (Linux; Android 7.0;) AppleWebKit/537.36 (HTML, like Gecko) Mobile Safari/537.36 (compatible; PetalBot;+https://webmaster.petalsearch.com/site/petalbot)"
114.119.130.253 - - [29/Aug/2026:13:05:05 -0300] "GET /?s=nba%E4%B8%AD%E5%9B%BD%E7%90%83%E5%91%982022-%E3%80%90%E2%9C%94%EF%B8%8F%E6%8E%A8%E8%8D%90AC68%C2%B7CC%E2%9C%94%EF%B8%8F%E3%80%91-%E8%B6%B3%E7%90%83%E7%9B%B4%E6%92%AD%E9%A2%91%E9%81%93-nba%E4%B8%AD%E5%9B%BD%E7%90%83%E5%91%982022xlpmn-%E3%80%90%E2%9C%94%EF%B8%8F%E6%8E%A8%E8%8D%90AC68%C2%B7CC%E2%9C%94%EF%B8%8F%E3%80%91-%E8%B6%B3%E7%90%83%E7%9B%B4%E6%92%AD%E9%A2%91%E9%81%937l7p-nba%E4%B8%AD%E5%9B%BD%E7%90%83%E5%91%9820229009o-%E8%B6%B3%E7%90%83%E7%9B%B4%E6%92%AD%E9%A2%91%E9%81%934ko0 HTTP/1.1" 302 - "https://linksou.cc/tds/8bfde4d0fcb0d49f95d7f7ccd291f3.html" "Mozilla/5.0 (Linux; Android 7.0;) AppleWebKit/537.36 (HTML, like Gecko) Mobile Safari/537.36 (compatible; PetalBot;+https://webmaster.petalsearch.com/site/petalbot)"
114.119.137.190 - - [29/Aug/2026:13:07:03 -0300] "GET /?s=nba%E4%B8%AD%E5%9B%BD%20%E8%BD%AC%E6%92%AD-%E3%80%90%E2%9C%94%EF%B8%8F%E6%8E%A8%E8%8D%90AC68%C2%B7CC%E2%9C%94%EF%B8%8F%E3%80%91-wnba%E5%AD%A3%E5%90%8E%E8%B5%9B-nba%E4%B8%AD%E5%9B%BD%20%E8%BD%AC%E6%92%ADaz2t0-%E3%80%90%E2%9C%94%EF%B8%8F%E6%8E%A8%E8%8D%90AC68%C2%B7CC%E2%9C%94%EF%B8%8F%E3%80%91-wnba%E5%AD%A3%E5%90%8E%E8%B5%9Bt9fg-nba%E4%B8%AD%E5%9B%BD%20%E8%BD%AC%E6%92%ADhe26a-wnba%E5%AD%A3%E5%90%8E%E8%B5%9Bb391 HTTP/1.1" 302 - "http://cienp.org.br/?s=nba%E4%B8%AD%E5%9B%BD%20%E8%BD%AC%E6%92%AD-%E3%80%90%E2%9C%94%EF%B8%8F%E6%8E%A8%E8%8D%90AC68%C2%B7CC%E2%9C%94%EF%B8%8F%E3%80%91-wnba%E5%AD%A3%E5%90%8E%E8%B5%9B-nba%E4%B8%AD%E5%9B%BD%20%E8%BD%AC%E6%92%ADaz2t0-%E3%80%90%E2%9C%94%EF%B8%8F%E6%8E%A8%E8%8D%90AC68%C2%B7CC%E2%9C%94%EF%B8%8F%E3%80%91-wnba%E5%AD%A3%E5%90%8E%E8%B5%9Bt9fg-nba%E4%B8%AD%E5%9B%BD%20%E8%BD%AC%E6%92%ADhe26a-wnba%E5%AD%A3%E5%90%8E%E8%B5%9Bb391" "Mozilla/5.0 (Linux; Android 7.0;) AppleWebKit/537.36 (HTML, like Gecko) Mobile Safari/537.36 (compatible; PetalBot;+https://webmaster.petalsearch.com/site/petalbot)"
114.119.137.190 - - [29/Aug/2026:13:08:52 -0300] "GET /?s=nba%20%E7%BE%8E%E5%9B%BD%E8%81%8C%E4%B8%9A%E7%AF%AE%E7%90%83%E8%81%94%E8%B5%9B-%E3%80%90%E2%9C%94%EF%B8%8F%E5%AE%98%E7%BD%91AA58%C2%B7CC%E2%9C%94%EF%B8%8F%E3%80%91-%E6%96%AF%E8%AF%BA%E5%85%8B%E8%B5%9B%E7%A8%8B-nba%20%E7%BE%8E%E5%9B%BD%E8%81%8C%E4%B8%9A%E7%AF%AE%E7%90%83%E8%81%94%E8%B5%9Bb5976-%E3%80%90%E2%9C%94%EF%B8%8F%E5%AE%98%E7%BD%91AA58%C2%B7CC%E2%9C%94%EF%B8%8F%E3%80%91-%E6%96%AF%E8%AF%BA%E5%85%8B%E8%B5%9B%E7%A8%8Bv73h-nba%20%E7%BE%8E%E5%9B%BD%E8%81%8C%E4%B8%9A%E7%AF%AE%E7%90%83%E8%81%94%E8%B5%9Bhzilg-%E6%96%AF%E8%AF%BA%E5%85%8B%E8%B5%9B%E7%A8%8Bn92b HTTP/1.1" 302 - "https://zqyxw.top/trjmrsc/00487%20country%20code-7425437c0f/" "Mozilla/5.0 (Linux; Android 7.0;) AppleWebKit/537.36 (HTML, like Gecko) Mobile Safari/537.36 (compatible; PetalBot;+https://webmaster.petalsearch.com/site/petalbot)"
114.119.148.252 - - [29/Aug/2026:13:10:47 -0300] "GET /?s=mypoker-%E3%80%90%E2%9C%94%EF%B8%8F%E6%8E%A8%E8%96%A6DD96%C2%B7CC%E2%9C%94%EF%B8%8F%E3%80%91-%E7%B4%8D%E6%96%AF%E5%8D%A1%E8%B3%BD%E8%BB%8A%E8%A6%8F%E5%89%87-mypoker1s8qj-%E3%80%90%E2%9C%94%EF%B8%8F%E6%8E%A8%E8%96%A6DD96%C2%B7CC%E2%9C%94%EF%B8%8F%E3%80%91-%E7%B4%8D%E6%96%AF%E5%8D%A1%E8%B3%BD%E8%BB%8A%E8%A6%8F%E5%89%87d03h-mypokernuo5o-%E7%B4%8D%E6%96%AF%E5%8D%A1%E8%B3%BD%E8%BB%8A%E8%A6%8F%E5%89%87hemn HTTP/1.1" 302 - "https://tsupsec.top/pchtu/jj%E9%AC%A5%E5%9C%B0%E4%B8%BB%E5%AE%98%E6%96%B9%E7%B6%B2%E7%AB%99-5752657725/" "Mozilla/5.0 (Linux; Android 7.0;) AppleWebKit/537.36 (HTML, like Gecko) Mobile Safari/537.36 (compatible; PetalBot;+https://webmaster.petalsearch.com/site/petalbot)"
114.119.137.190 - - [29/Aug/2026:13:12:43 -0300] "GET /?s=mlb%E7%9B%B4%E6%92%AD%E5%90%A7-%E3%80%90%E2%9C%94%EF%B8%8F%E5%AE%98%E7%BD%91AA58%C2%B7CC%E2%9C%94%EF%B8%8F%E3%80%91-%E8%80%81%E8%99%8E%E6%9C%BA%20%E6%A6%82%E7%8E%87%E8%A1%A8-mlb%E7%9B%B4%E6%92%AD%E5%90%A7jfa18-%E3%80%90%E2%9C%94%EF%B8%8F%E5%AE%98%E7%BD%91AA58%C2%B7CC%E2%9C%94%EF%B8%8F%E3%80%91-%E8%80%81%E8%99%8E%E6%9C%BA%20%E6%A6%82%E7%8E%87%E8%A1%A80dw9-mlb%E7%9B%B4%E6%92%AD%E5%90%A7phget-%E8%80%81%E8%99%8E%E6%9C%BA%20%E6%A6%82%E7%8E%87%E8%A1%A8h1vh HTTP/1.1" 302 - "https://35072e1754vydwkz.jasonlam.top/" "Mozilla/5.0 (Linux; Android 7.0;) AppleWebKit/537.36 (HTML, like Gecko) Mobile Safari/537.36 (compatible; PetalBot;+https://webmaster.petalsearch.com/site/petalbot)"
114.119.159.121 - - [29/Aug/2026:13:14:34 -0300] "GET /?s=mlb%E5%AE%98%E7%B6%B2-%E3%80%90%E2%9C%94%EF%B8%8F%E6%8E%A8%E8%96%A6DD96%C2%B7CC%E2%9C%94%EF%B8%8F%E3%80%91-%E6%92%B2%E5%85%8B%E7%89%8C%E7%8E%A9%E6%B3%95%E9%A6%AC%E4%BE%86%E8%A5%BF%E4%BA%9E%E9%87%A3%E9%AD%9A-mlb%E5%AE%98%E7%B6%B20ymc0-%E3%80%90%E2%9C%94%EF%B8%8F%E6%8E%A8%E8%96%A6DD96%C2%B7CC%E2%9C%94%EF%B8%8F%E3%80%91-%E6%92%B2%E5%85%8B%E7%89%8C%E7%8E%A9%E6%B3%95%E9%A6%AC%E4%BE%86%E8%A5%BF%E4%BA%9E%E9%87%A3%E9%AD%9A1hlo-mlb%E5%AE%98%E7%B6%B2ux7o3-%E6%92%B2%E5%85%8B%E7%89%8C%E7%8E%A9%E6%B3%95%E9%A6%AC%E4%BE%86%E8%A5%BF%E4%BA%9E%E9%87%A3%E9%AD%9A01r7 HTTP/1.1" 302 - "https://www.casmokefreehousing.org/drs/d7de9d85e5c5d19ddfd7a6b5d0b6abd8c3e8d797a817d0b9bd8189f5d3fece.html" "Mozilla/5.0 (Linux; Android 7.0;) AppleWebKit/537.36 (HTML, like Gecko) Mobile Safari/537.36 (compatible; PetalBot;+https://webmaster.petalsearch.com/site/petalbot)"
43.161.251.162 - - [29/Aug/2026:13:15:08 -0300] "GET / HTTP/1.1" 302 - "-" "Mozilla/5.0 (iPhone; CPU iPhone OS 13_2_3 like Mac OS X) AppleWebKit/605.1.15 (KHTML, like Gecko) Version/13.0.3 Mobile/15E148 Safari/604.1"
114.119.145.163 - - [29/Aug/2026:13:16:28 -0300] "GET /?s=mlb%E5%8D%B3%E6%99%82%E6%AF%94%E5%88%86-%E3%80%90%E2%9C%94%EF%B8%8F%E5%AE%98%E7%B6%B2DD86%C2%B7CC%E2%9C%94%EF%B8%8F%E3%80%91-%E4%B8%AD%E5%9C%8B%E7%A6%8F%E5%88%A9%E5%BD%A9%E7%A5%A8%E6%9F%A5%E8%A9%A2-mlb%E5%8D%B3%E6%99%82%E6%AF%94%E5%88%867vpoq-%E3%80%90%E2%9C%94%EF%B8%8F%E5%AE%98%E7%B6%B2DD86%C2%B7CC%E2%9C%94%EF%B8%8F%E3%80%91-%E4%B8%AD%E5%9C%8B%E7%A6%8F%E5%88%A9%E5%BD%A9%E7%A5%A8%E6%9F%A5%E8%A9%A21lf3-mlb%E5%8D%B3%E6%99%82%E6%AF%94%E5%88%86wfm3n-%E4%B8%AD%E5%9C%8B%E7%A6%8F%E5%88%A9%E5%BD%A9%E7%A5%A8%E6%9F%A5%E8%A9%A2xz9h HTTP/1.1" 302 - "https://foocnei.top/xxisfsau/winform%E9%96%8B%E7%99%BC%E5%AF%A6%E4%BE%8B%E6%95%99%E7%A8%8B-467f676b52/" "Mozilla/5.0 (Linux; Android 7.0;) AppleWebKit/537.36 (HTML, like Gecko) Mobile Safari/537.36 (compatible; PetalBot;+https://webmaster.petalsearch.com/site/petalbot)"
114.119.150.34 - - [29/Aug/2026:13:18:23 -0300] "GET /?s=mlb%20%E6%95%B8%E6%93%9A-%E3%80%90%E2%9C%94%EF%B8%8F%E6%8E%A8%E8%96%A6DD96%C2%B7CC%E2%9C%94%EF%B8%8F%E3%80%91-%E8%99%8E%E6%92%B2%E8%AB%96%E5%A3%87-mlb%20%E6%95%B8%E6%93%9Ahqiem-%E3%80%90%E2%9C%94%EF%B8%8F%E6%8E%A8%E8%96%A6DD96%C2%B7CC%E2%9C%94%EF%B8%8F%E3%80%91-%E8%99%8E%E6%92%B2%E8%AB%96%E5%A3%876zy8-mlb%20%E6%95%B8%E6%93%9Auqp28-%E8%99%8E%E6%92%B2%E8%AB%96%E5%A3%87j1k5 HTTP/1.1" 302 - "https://smhbeki.top/zotfvz/%E4%BD%A0%E7%9A%84%E5%AE%B6%E6%88%91%E7%9A%84%E5%AE%B6%E6%80%8E%E4%B9%88%E7%94%BB-065f030a57/" "Mozilla/5.0 (Linux; Android 7.0;) AppleWebKit/537.36 (HTML, like Gecko) Mobile Safari/537.36 (compatible; PetalBot;+https://webmaster.petalsearch.com/site/petalbot)"
114.119.137.190 - - [29/Aug/2026:13:20:17 -0300] "GET /?s=miu%E6%9C%89%E5%B9%BE%E5%80%8B%E8%81%B2%E8%AA%BF-%E3%80%90%E2%9C%94%EF%B8%8F%E6%8E%A8%E8%96%A6BB87%C2%B7CC%E2%9C%94%EF%B8%8F%E3%80%91-%E8%83%BD%E8%A3%9Ddeepin%E7%9A%84%E8%BB%9F%E9%AB%94-miu%E6%9C%89%E5%B9%BE%E5%80%8B%E8%81%B2%E8%AA%BFcwltm-%E3%80%90%E2%9C%94%EF%B8%8F%E6%8E%A8%E8%96%A6BB87%C2%B7CC%E2%9C%94%EF%B8%8F%E3%80%91-%E8%83%BD%E8%A3%9Ddeepin%E7%9A%84%E8%BB%9F%E9%AB%94mw32-miu%E6%9C%89%E5%B9%BE%E5%80%8B%E8%81%B2%E8%AA%BFceo66-%E8%83%BD%E8%A3%9Ddeepin%E7%9A%84%E8%BB%9F%E9%AB%94h719 HTTP/1.1" 302 - "https://mokee.top/xxessp/%E6%97%A5%E6%9C%AC%E8%BF%9B%E5%8F%A3%E5%B7%A5%E5%85%B7-000d510973/" "Mozilla/5.0 (Linux; Android 7.0;) AppleWebKit/537.36 (HTML, like Gecko) Mobile Safari/537.36 (compatible; PetalBot;+https://webmaster.petalsearch.com/site/petalbot)"
114.119.134.6 - - [29/Aug/2026:13:22:12 -0300] "GET /?s=ltgames%20global%E4%B8%AD%E5%9B%BD-%E3%80%90%E2%9C%94%EF%B8%8F%E5%AE%98%E7%BD%91AA58%C2%B7CC%E2%9C%94%EF%B8%8F%E3%80%91-nba%E5%86%B3%E8%B5%9B2022-ltgames%20global%E4%B8%AD%E5%9B%BDzjlii-%E3%80%90%E2%9C%94%EF%B8%8F%E5%AE%98%E7%BD%91AA58%C2%B7CC%E2%9C%94%EF%B8%8F%E3%80%91-nba%E5%86%B3%E8%B5%9B2022uw3g-ltgames%20global%E4%B8%AD%E5%9B%BDmje4h-nba%E5%86%B3%E8%B5%9B2022uyq0 HTTP/1.1" 302 - "https://27117d5841iukeps.elktv.top/" "Mozilla/5.0 (Linux; Android 7.0;) AppleWebKit/537.36 (HTML, like Gecko) Mobile Safari/537.36 (compatible; PetalBot;+https://webmaster.petalsearch.com/site/petalbot)"
114.119.130.253 - - [29/Aug/2026:13:24:04 -0300] "GET /?s=lotto%20max%E5%8E%86%E5%8F%B2%E4%B8%AD%E5%A5%96%E5%8F%B7%E7%A0%81-%E3%80%90%E2%9C%94%EF%B8%8F%E5%AE%98%E7%BD%91AA58%C2%B7CC%E2%9C%94%EF%B8%8F%E3%80%91-texas%20poker%E7%8E%A9%E6%B3%95-lotto%20max%E5%8E%86%E5%8F%B2%E4%B8%AD%E5%A5%96%E5%8F%B7%E7%A0%81aecow-%E3%80%90%E2%9C%94%EF%B8%8F%E5%AE%98%E7%BD%91AA58%C2%B7CC%E2%9C%94%EF%B8%8F%E3%80%91-texas%20poker%E7%8E%A9%E6%B3%95xe52-lotto%20max%E5%8E%86%E5%8F%B2%E4%B8%AD%E5%A5%96%E5%8F%B7%E7%A0%810kq8k-texas%20poker%E7%8E%A9%E6%B3%953snc HTTP/1.1" 302 - "https://daimazxw.com/rma/d9cd84d7a1dc81b7cb808cb3d1d08982dda9ddbfc186aab9d4e3b9d8d28edc89bb89858f.html" "Mozilla/5.0 (Linux; Android 7.0;) AppleWebKit/537.36 (HTML, like Gecko) Mobile Safari/537.36 (compatible; PetalBot;+https://webmaster.petalsearch.com/site/petalbot)"
114.119.145.163 - - [29/Aug/2026:13:25:58 -0300] "GET /?s=loser%E8%AF%95%E5%90%AC-%E3%80%90%E2%9C%94%EF%B8%8F%E6%8E%A8%E8%8D%90BB76%C2%B7CC%E2%9C%94%EF%B8%8F%E3%80%91-%E7%94%B7%E7%94%9F%E6%B5%81%E8%A1%8C%E5%8F%91%E8%89%B2-loser%E8%AF%95%E5%90%ACz10r9-%E3%80%90%E2%9C%94%EF%B8%8F%E6%8E%A8%E8%8D%90BB76%C2%B7CC%E2%9C%94%EF%B8%8F%E3%80%91-%E7%94%B7%E7%94%9F%E6%B5%81%E8%A1%8C%E5%8F%91%E8%89%B27a5d-loser%E8%AF%95%E5%90%ACxegki-%E7%94%B7%E7%94%9F%E6%B5%81%E8%A1%8C%E5%8F%91%E8%89%B24xyq HTTP/1.1" 302 - "https://www.anandiaper.top/ynvllsvn/baby%E5%81%B6%E9%81%87%E4%BA%95%E6%9F%8F%E7%84%B6-06666d5f3d/" "Mozilla/5.0 (Linux; Android 7.0;) AppleWebKit/537.36 (HTML, like Gecko) Mobile Safari/537.36 (compatible; PetalBot;+https://webmaster.petalsearch.com/site/petalbot)"
