114.119.130.253 - - [29/Aug/2026:15:19:54 -0300] "GET /?s=avx%E9%92%BD%E7%94%B5%E5%AE%B9%E5%B9%B4%E4%BB%BD%E4%BB%A3%E7%A0%81-%E3%80%90%E2%9C%94%EF%B8%8F%E6%8E%A8%E8%8D%90BB76%C2%B7CC%E2%9C%94%EF%B8%8F%E3%80%91-%E8%BF%9D%E8%A7%84%E7%BD%91%E7%AB%99%E4%B8%BE%E6%8A%A5-avx%E9%92%BD%E7%94%B5%E5%AE%B9%E5%B9%B4%E4%BB%BD%E4%BB%A3%E7%A0%81b8uzd-%E3%80%90%E2%9C%94%EF%B8%8F%E6%8E%A8%E8%8D%90BB76%C2%B7CC%E2%9C%94%EF%B8%8F%E3%80%91-%E8%BF%9D%E8%A7%84%E7%BD%91%E7%AB%99%E4%B8%BE%E6%8A%A5zflk-avx%E9%92%BD%E7%94%B5%E5%AE%B9%E5%B9%B4%E4%BB%BD%E4%BB%A3%E7%A0%81ml06r-%E8%BF%9D%E8%A7%84%E7%BD%91%E7%AB%99%E4%B8%BE%E6%8A%A5rr3m HTTP/1.1" 302 - "https://www.lanthanumnitrate.top/vxdk/%E6%89%91%E5%85%8B%E7%89%8C%E7%8E%A9%E6%B3%95%E9%A9%AC%E6%9D%A5%E8%A5%BF%E4%BA%9A-77544a525d/" "Mozilla/5.0 (Linux; Android 7.0;) AppleWebKit/537.36 (HTML, like Gecko) Mobile Safari/537.36 (compatible; PetalBot;+https://webmaster.petalsearch.com/site/petalbot)"
114.119.145.125 - - [29/Aug/2026:15:21:49 -0300] "GET /?s=against%20the%20odds%20%E4%B8%AD%E6%96%87-%E3%80%90%E2%9C%94%EF%B8%8F%E6%8E%A8%E8%96%A6DD96%C2%B7CC%E2%9C%94%EF%B8%8F%E3%80%91-%E5%8B%9E%E6%96%AF%E8%90%8A%E6%96%AF%E5%B9%BB%E5%BD%B1%E5%A4%9A%E5%B0%91%E7%BE%8E%E5%85%83-against%20the%20odds%20%E4%B8%AD%E6%96%87v516m-%E3%80%90%E2%9C%94%EF%B8%8F%E6%8E%A8%E8%96%A6DD96%C2%B7CC%E2%9C%94%EF%B8%8F%E3%80%91-%E5%8B%9E%E6%96%AF%E8%90%8A%E6%96%AF%E5%B9%BB%E5%BD%B1%E5%A4%9A%E5%B0%91%E7%BE%8E%E5%85%837np7-against%20the%20odds%20%E4%B8%AD%E6%96%87optvo-%E5%8B%9E%E6%96%AF%E8%90%8A%E6%96%AF%E5%B9%BB%E5%BD%B1%E5%A4%9A%E5%B0%91%E7%BE%8E%E5%85%83jnn0 HTTP/1.1" 302 - "https://www.latheing.top/zqxsqjwc/%E7%B4%85%E9%A1%8F%E6%98%93%E9%80%9D%E7%85%99%E8%8A%B1%E6%98%93%E5%86%B7%E6%84%8F%E6%80%9D-7f3e5f5055/" "Mozilla/5.0 (Linux; Android 7.0;) AppleWebKit/537.36 (HTML, like Gecko) Mobile Safari/537.36 (compatible; PetalBot;+https://webmaster.petalsearch.com/site/petalbot)"
114.119.145.163 - - [29/Aug/2026:15:23:42 -0300] "GET /?s=888casino-%E3%80%90%E2%9C%94%EF%B8%8F%E5%AE%98%E7%BD%91AA58%C2%B7CC%E2%9C%94%EF%B8%8F%E3%80%91-%E5%87%91%E5%8D%81%E7%82%B9%E6%89%91%E5%85%8B%E7%89%8C%E5%8D%A0%E5%8D%9C-888casinoafy20-%E3%80%90%E2%9C%94%EF%B8%8F%E5%AE%98%E7%BD%91AA58%C2%B7CC%E2%9C%94%EF%B8%8F%E3%80%91-%E5%87%91%E5%8D%81%E7%82%B9%E6%89%91%E5%85%8B%E7%89%8C%E5%8D%A0%E5%8D%9Crp1x-888casino8mjqf-%E5%87%91%E5%8D%81%E7%82%B9%E6%89%91%E5%85%8B%E7%89%8C%E5%8D%A0%E5%8D%9Cloj7 HTTP/1.1" 302 - "https://yamolca.top/vjdrj/%E5%BE%B7%E5%85%8B%E8%96%A9%E6%96%AF%E6%92%B2%E5%85%8B%E7%8E%A9%E6%B3%95-0a67025b5a/" "Mozilla/5.0 (Linux; Android 7.0;) AppleWebKit/537.36 (HTML, like Gecko) Mobile Safari/537.36 (compatible; PetalBot;+https://webmaster.petalsearch.com/site/petalbot)"
114.119.145.125 - - [29/Aug/2026:15:25:36 -0300] "GET /?s=888%20blast-%E3%80%90%E2%9C%94%EF%B8%8F%E5%AE%98%E7%BD%91AA58%C2%B7CC%E2%9C%94%EF%B8%8F%E3%80%91-%E4%BA%9A%E6%B4%B2%E6%89%91%E5%85%8B-888%20blast96f6t-%E3%80%90%E2%9C%94%EF%B8%8F%E5%AE%98%E7%BD%91AA58%C2%B7CC%E2%9C%94%EF%B8%8F%E3%80%91-%E4%BA%9A%E6%B4%B2%E6%89%91%E5%85%8Bkpni-888%20blastii8iu-%E4%BA%9A%E6%B4%B2%E6%89%91%E5%85%8Bhos0 HTTP/1.1" 302 - "https://toisef.top/vrhi/wm%E7%99%BE%E5%AE%B6%20%E4%B9%90-7f7d13327a/" "Mozilla/5.0 (Linux; Android 7.0;) AppleWebKit/537.36 (HTML, like Gecko) Mobile Safari/537.36 (compatible; PetalBot;+https://webmaster.petalsearch.com/site/petalbot)"
114.119.130.253 - - [29/Aug/2026:15:27:29 -0300] "GET /?s=80%E5%88%86%E6%95%99%E5%AD%B8-%E3%80%90%E2%9C%94%EF%B8%8F%E5%AE%98%E7%B6%B2DD86%C2%B7CC%E2%9C%94%EF%B8%8F%E3%80%91-%E9%BA%BB%E5%B0%87%E4%B8%8B%E8%BC%89%E9%9B%BB%E8%85%A6%E7%89%88-80%E5%88%86%E6%95%99%E5%AD%B8ogxni-%E3%80%90%E2%9C%94%EF%B8%8F%E5%AE%98%E7%B6%B2DD86%C2%B7CC%E2%9C%94%EF%B8%8F%E3%80%91-%E9%BA%BB%E5%B0%87%E4%B8%8B%E8%BC%89%E9%9B%BB%E8%85%A6%E7%89%88wnjg-80%E5%88%86%E6%95%99%E5%AD%B86lxiw-%E9%BA%BB%E5%B0%87%E4%B8%8B%E8%BC%89%E9%9B%BB%E8%85%A6%E7%89%88bbe9 HTTP/1.1" 302 - "https://www.vb-outlets.top/zazv/%E9%94%84%E5%A4%A7%E5%9C%B0%E6%B8%B8%E6%88%8F-36020b6879/" "Mozilla/5.0 (Linux; Android 7.0;) AppleWebKit/537.36 (HTML, like Gecko) Mobile Safari/537.36 (compatible; PetalBot;+https://webmaster.petalsearch.com/site/petalbot)"
114.119.134.6 - - [29/Aug/2026:15:29:24 -0300] "GET /?s=7poker-%E3%80%90%E2%9C%94%EF%B8%8F%E6%8E%A8%E8%8D%90AC68%C2%B7CC%E2%9C%94%EF%B8%8F%E3%80%91-%E8%B5%9B%E9%A9%AC%E8%B5%9B%E4%BA%8B-7pokerh6a8t-%E3%80%90%E2%9C%94%EF%B8%8F%E6%8E%A8%E8%8D%90AC68%C2%B7CC%E2%9C%94%EF%B8%8F%E3%80%91-%E8%B5%9B%E9%A9%AC%E8%B5%9B%E4%BA%8Biuer-7pokergdhw2-%E8%B5%9B%E9%A9%AC%E8%B5%9B%E4%BA%8Buukv HTTP/1.1" 302 - "https://cursodephotoshop.top/uslsx/casino%20demo-786f4e5342/" "Mozilla/5.0 (Linux; Android 7.0;) AppleWebKit/537.36 (HTML, like Gecko) Mobile Safari/537.36 (compatible; PetalBot;+https://webmaster.petalsearch.com/site/petalbot)"
114.119.150.34 - - [29/Aug/2026:15:31:18 -0300] "GET /?s=7m%E6%89%8B%E6%A9%9F%E6%AF%94%E5%88%86-%E3%80%90%E2%9C%94%EF%B8%8F%E6%8E%A8%E8%96%A6DD96%C2%B7CC%E2%9C%94%EF%B8%8F%E3%80%91-%E7%9C%9F%E9%8C%A2%E9%AC%A5%E5%9C%B0%E4%B8%BB1%E7%9A%87%E5%AE%B6%E5%90%A7-7m%E6%89%8B%E6%A9%9F%E6%AF%94%E5%88%86zthpp-%E3%80%90%E2%9C%94%EF%B8%8F%E6%8E%A8%E8%96%A6DD96%C2%B7CC%E2%9C%94%EF%B8%8F%E3%80%91-%E7%9C%9F%E9%8C%A2%E9%AC%A5%E5%9C%B0%E4%B8%BB1%E7%9A%87%E5%AE%B6%E5%90%A7qtka-7m%E6%89%8B%E6%A9%9F%E6%AF%94%E5%88%86lsfnh-%E7%9C%9F%E9%8C%A2%E9%AC%A5%E5%9C%B0%E4%B8%BB1%E7%9A%87%E5%AE%B6%E5%90%A7o65s HTTP/1.1" 302 - "https://shop-store.top/ugmkru/%E8%AE%A9%E4%BA%BA%E4%B8%80%E7%9C%8B%E5%B0%B1%E8%B5%9E%E7%9A%84%E6%99%9A%E5%AE%89%E8%AF%B4%E8%AF%B4-2f44564b53/" "Mozilla/5.0 (Linux; Android 7.0;) AppleWebKit/537.36 (HTML, like Gecko) Mobile Safari/537.36 (compatible; PetalBot;+https://webmaster.petalsearch.com/site/petalbot)"
114.119.130.253 - - [29/Aug/2026:15:33:13 -0300] "GET /?s=778%E5%8D%9A%E5%BD%A9%E8%AB%96%E5%A3%87-%E3%80%90%E2%9C%94%EF%B8%8F%E6%8E%A8%E8%96%A6DD96%C2%B7CC%E2%9C%94%EF%B8%8F%E3%80%91-pokerinfo-778%E5%8D%9A%E5%BD%A9%E8%AB%96%E5%A3%87j506z-%E3%80%90%E2%9C%94%EF%B8%8F%E6%8E%A8%E8%96%A6DD96%C2%B7CC%E2%9C%94%EF%B8%8F%E3%80%91-pokerinfocpo4-778%E5%8D%9A%E5%BD%A9%E8%AB%96%E5%A3%872xfac-pokerinfot370 HTTP/1.1" 302 - "https://partyd.cc/syr/d9f0acd9a5908bc9a383f5dcda8efed5e8fbdfd998808a81.html" "Mozilla/5.0 (Linux; Android 7.0;) AppleWebKit/537.36 (HTML, like Gecko) Mobile Safari/537.36 (compatible; PetalBot;+https://webmaster.petalsearch.com/site/petalbot)"
114.119.150.34 - - [29/Aug/2026:15:35:06 -0300] "GET /?s=500%E5%BD%A9%E7%A5%A8%E7%BD%91%E9%80%80%E5%B8%82-%E3%80%90%E2%9C%94%EF%B8%8F%E5%AE%98%E7%BD%91AA58%C2%B7CC%E2%9C%94%EF%B8%8F%E3%80%91-%E5%8D%81%20%E5%85%AD%20%E6%B5%A6%20%E9%85%92%E5%BA%97%20%E5%A5%97%20%E7%A5%A8-500%E5%BD%A9%E7%A5%A8%E7%BD%91%E9%80%80%E5%B8%82xpnxb-%E3%80%90%E2%9C%94%EF%B8%8F%E5%AE%98%E7%BD%91AA58%C2%B7CC%E2%9C%94%EF%B8%8F%E3%80%91-%E5%8D%81%20%E5%85%AD%20%E6%B5%A6%20%E9%85%92%E5%BA%97%20%E5%A5%97%20%E7%A5%A86sq6-500%E5%BD%A9%E7%A5%A8%E7%BD%91%E9%80%80%E5%B8%824cgkj-%E5%8D%81%20%E5%85%AD%20%E6%B5%A6%20%E9%85%92%E5%BA%97%20%E5%A5%97%20%E7%A5%A8u1dq HTTP/1.1" 302 - "https://2377.fun/kkc/0e4c0b050506d5e3958bba89d6c4e08688a4.html" "Mozilla/5.0 (Linux; Android 7.0;) AppleWebKit/537.36 (HTML, like Gecko) Mobile Safari/537.36 (compatible; PetalBot;+https://webmaster.petalsearch.com/site/petalbot)"
114.119.148.252 - - [29/Aug/2026:15:37:01 -0300] "GET /?s=5%E5%AD%97%E5%BC%80%E5%A4%B4%E7%9A%84%E5%9F%BA%E9%87%91-%E3%80%90%E2%9C%94%EF%B8%8F%E6%8E%A8%E8%8D%90BB76%C2%B7CC%E2%9C%94%EF%B8%8F%E3%80%91-%E9%BA%A6%E9%98%BF%E5%A7%A8%E8%AE%B2%E6%95%85%E4%BA%8B%E5%9C%A8%E7%BA%BF%E6%94%B6%E5%90%AC%E8%BF%9E%E6%94%BE-5%E5%AD%97%E5%BC%80%E5%A4%B4%E7%9A%84%E5%9F%BA%E9%87%91ofek2-%E3%80%90%E2%9C%94%EF%B8%8F%E6%8E%A8%E8%8D%90BB76%C2%B7CC%E2%9C%94%EF%B8%8F%E3%80%91-%E9%BA%A6%E9%98%BF%E5%A7%A8%E8%AE%B2%E6%95%85%E4%BA%8B%E5%9C%A8%E7%BA%BF%E6%94%B6%E5%90%AC%E8%BF%9E%E6%94%BEdscd-5%E5%AD%97%E5%BC%80%E5%A4%B4%E7%9A%84%E5%9F%BA%E9%87%91c6it7-%E9%BA%A6%E9%98%BF%E5%A7%A8%E8%AE%B2%E6%95%85%E4%BA%8B%E5%9C%A8%E7%BA%BF%E6%94%B6%E5%90%AC%E8%BF%9E%E6%94%BEt2ho HTTP/1.1" 302 - "https://www.vofog.top/vfcczo/%E9%9A%94%E9%94%85%E5%8F%B0%E4%B8%8A%E7%82%95%E7%9A%84%E6%95%85%E4%BA%8B-0479284977/" "Mozilla/5.0 (Linux; Android 7.0;) AppleWebKit/537.36 (HTML, like Gecko) Mobile Safari/537.36 (compatible; PetalBot;+https://webmaster.petalsearch.com/site/petalbot)"
34.173.118.33 - - [29/Aug/2026:15:38:32 -0300] "GET /robots.txt HTTP/1.1" 404 - "-" "Mozilla/5.0 (compatible; Reflectionbot/1.0; +https://reflection.ai/bot)"
34.173.118.33 - - [29/Aug/2026:15:38:33 -0300] "GET /2017/10/20/grail-to-pour-1-billion-into-blood-test-to-detect-early-cancer-2 HTTP/1.1" 404 - "-" "Mozilla/5.0 (compatible; Reflectionbot/1.0; +https://reflection.ai/bot)"
114.119.134.6 - - [29/Aug/2026:15:38:53 -0300] "GET /?s=4%E4%BA%BA%E9%BA%BB%E5%B0%86%E7%8E%A9%E6%B3%95-%E3%80%90%E2%9C%94%EF%B8%8F%E5%AE%98%E7%BD%91AA58%C2%B7CC%E2%9C%94%EF%B8%8F%E3%80%91-%E6%AC%A7%E6%B4%B2%20%E8%B6%B3%E7%90%83%20%E8%B5%94%20%E7%8E%87-4%E4%BA%BA%E9%BA%BB%E5%B0%86%E7%8E%A9%E6%B3%950he0c-%E3%80%90%E2%9C%94%EF%B8%8F%E5%AE%98%E7%BD%91AA58%C2%B7CC%E2%9C%94%EF%B8%8F%E3%80%91-%E6%AC%A7%E6%B4%B2%20%E8%B6%B3%E7%90%83%20%E8%B5%94%20%E7%8E%87e3nt-4%E4%BA%BA%E9%BA%BB%E5%B0%86%E7%8E%A9%E6%B3%95ygyfx-%E6%AC%A7%E6%B4%B2%20%E8%B6%B3%E7%90%83%20%E8%B5%94%20%E7%8E%87nylo HTTP/1.1" 302 - "https://digimovie2.top/yyuwwc/2000%E5%B9%B4%E4%B8%89%E6%98%9F%E6%89%8B%E6%9C%BA%E5%9B%BE%E7%89%87-287a765235/" "Mozilla/5.0 (Linux; Android 7.0;) AppleWebKit/537.36 (HTML, like Gecko) Mobile Safari/537.36 (compatible; PetalBot;+https://webmaster.petalsearch.com/site/petalbot)"
114.119.148.252 - - [29/Aug/2026:15:41:00 -0300] "GET /?s=4%E4%BA%BA%E9%AC%A5%E5%9C%B0%E4%B8%BB%E6%80%8E%E9%BA%BC%E7%8E%A9-%E3%80%90%E2%9C%94%EF%B8%8F%E5%AE%98%E7%B6%B2DD86%C2%B7CC%E2%9C%94%EF%B8%8F%E3%80%91-%E6%8E%92%E5%88%97%E4%BA%94%E9%96%8B%E7%8D%8E%E7%9B%B4%E6%92%AD-4%E4%BA%BA%E9%AC%A5%E5%9C%B0%E4%B8%BB%E6%80%8E%E9%BA%BC%E7%8E%A9shmdj-%E3%80%90%E2%9C%94%EF%B8%8F%E5%AE%98%E7%B6%B2DD86%C2%B7CC%E2%9C%94%EF%B8%8F%E3%80%91-%E6%8E%92%E5%88%97%E4%BA%94%E9%96%8B%E7%8D%8E%E7%9B%B4%E6%92%ADcdco-4%E4%BA%BA%E9%AC%A5%E5%9C%B0%E4%B8%BB%E6%80%8E%E9%BA%BC%E7%8E%A92i72p-%E6%8E%92%E5%88%97%E4%BA%94%E9%96%8B%E7%8D%8E%E7%9B%B4%E6%92%AD8m21 HTTP/1.1" 302 - "https://moviemad.top/ztdznn/%E5%BA%8A%E5%88%9A%E5%88%B7%E5%AE%8C%E6%B2%B9%E6%BC%86%E5%A4%9A%E4%B9%85%E5%8F%AF%E4%BB%A5%E7%9D%A1%E8%A7%89-2540510f25/" "Mozilla/5.0 (Linux; Android 7.0;) AppleWebKit/537.36 (HTML, like Gecko) Mobile Safari/537.36 (compatible; PetalBot;+https://webmaster.petalsearch.com/site/petalbot)"
114.119.150.34 - - [29/Aug/2026:15:42:45 -0300] "GET /?s=310%E7%AB%B6%E5%BD%A9%E8%B6%B3%E7%90%83%E5%8B%9D%E8%B2%A0-%E3%80%90%E2%9C%94%EF%B8%8F%E5%AE%98%E7%B6%B2DD86%C2%B7CC%E2%9C%94%EF%B8%8F%E3%80%91-%E6%AD%A1%E6%A8%82%E9%AC%A5%E5%9C%B0%E4%B8%BB%E5%A5%BD%E5%8F%8B%E5%90%8C%E7%8E%A9%E6%B2%92%E4%BA%86-310%E7%AB%B6%E5%BD%A9%E8%B6%B3%E7%90%83%E5%8B%9D%E8%B2%A02chwy-%E3%80%90%E2%9C%94%EF%B8%8F%E5%AE%98%E7%B6%B2DD86%C2%B7CC%E2%9C%94%EF%B8%8F%E3%80%91-%E6%AD%A1%E6%A8%82%E9%AC%A5%E5%9C%B0%E4%B8%BB%E5%A5%BD%E5%8F%8B%E5%90%8C%E7%8E%A9%E6%B2%92%E4%BA%86yvww-310%E7%AB%B6%E5%BD%A9%E8%B6%B3%E7%90%83%E5%8B%9D%E8%B2%A04rf8e-%E6%AD%A1%E6%A8%82%E9%AC%A5%E5%9C%B0%E4%B8%BB%E5%A5%BD%E5%8F%8B%E5%90%8C%E7%8E%A9%E6%B2%92%E4%BA%86fgm5 HTTP/1.1" 302 - "https://digimovie2.top/yyuwwc/%E8%BA%BA%E5%AD%97%E7%BB%84%E8%AF%8D-5d7b42002a/" "Mozilla/5.0 (Linux; Android 7.0;) AppleWebKit/537.36 (HTML, like Gecko) Mobile Safari/537.36 (compatible; PetalBot;+https://webmaster.petalsearch.com/site/petalbot)"
114.119.148.252 - - [29/Aug/2026:15:44:37 -0300] "GET /?s=3%E4%BA%BA%E9%AC%A5%E5%9C%B0%E4%B8%BB-%E3%80%90%E2%9C%94%EF%B8%8F%E5%AE%98%E7%B6%B2DD86%C2%B7CC%E2%9C%94%EF%B8%8F%E3%80%91-%E9%AC%A5%E5%9C%B0%E4%B8%BBonline-3%E4%BA%BA%E9%AC%A5%E5%9C%B0%E4%B8%BBit1l9-%E3%80%90%E2%9C%94%EF%B8%8F%E5%AE%98%E7%B6%B2DD86%C2%B7CC%E2%9C%94%EF%B8%8F%E3%80%91-%E9%AC%A5%E5%9C%B0%E4%B8%BBonlineagy5-3%E4%BA%BA%E9%AC%A5%E5%9C%B0%E4%B8%BB2678f-%E9%AC%A5%E5%9C%B0%E4%B8%BBonlineq69t HTTP/1.1" 302 - "https://www.ohfuck.top/hbzrmn/%E9%AB%98%E5%AF%86%E9%9D%92%E5%BB%BA%E4%B8%80%E5%93%81%E7%8E%B0%E5%9C%A8%E6%88%BF%E4%BB%B7-577c635e72/" "Mozilla/5.0 (Linux; Android 7.0;) AppleWebKit/537.36 (HTML, like Gecko) Mobile Safari/537.36 (compatible; PetalBot;+https://webmaster.petalsearch.com/site/petalbot)"
156.59.198.136 - - [29/Aug/2026:15:45:55 -0300] "GET /wp-content/uploads/2022/01/Folder-Neuropatia-quimioter%C3%A1pico.pdf HTTP/1.1" 404 - "-" "Mozilla/5.0 (Linux; Android 5.0) AppleWebKit/537.36 (KHTML, like Gecko) Mobile Safari/537.36 (compatible; Bytespider; spider-feedback@bytedance.com)"
114.119.130.253 - - [29/Aug/2026:15:46:33 -0300] "GET /?s=3%204%206%207%2024%E9%BB%9E-%E3%80%90%E2%9C%94%EF%B8%8F%E5%AE%98%E7%B6%B2DD86%C2%B7CC%E2%9C%94%EF%B8%8F%E3%80%91-%E7%8E%A9%E8%80%81%E8%99%8E%E6%A9%9F%E5%A6%82%E4%BD%95%E4%BD%9C%E5%BC%8A-3%204%206%207%2024%E9%BB%9Eldge0-%E3%80%90%E2%9C%94%EF%B8%8F%E5%AE%98%E7%B6%B2DD86%C2%B7CC%E2%9C%94%EF%B8%8F%E3%80%91-%E7%8E%A9%E8%80%81%E8%99%8E%E6%A9%9F%E5%A6%82%E4%BD%95%E4%BD%9C%E5%BC%8A2z9c-3%204%206%207%2024%E9%BB%9E7qwpf-%E7%8E%A9%E8%80%81%E8%99%8E%E6%A9%9F%E5%A6%82%E4%BD%95%E4%BD%9C%E5%BC%8A1otq HTTP/1.1" 302 - "https://www.simplenspice.com/tqh/deb5bdd2f1a8de88b8dda38bd0c38adbb7ced3ecf9868cf2d286ebddce80.html" "Mozilla/5.0 (Linux; Android 7.0;) AppleWebKit/537.36 (HTML, like Gecko) Mobile Safari/537.36 (compatible; PetalBot;+https://webmaster.petalsearch.com/site/petalbot)"
114.119.145.125 - - [29/Aug/2026:15:48:26 -0300] "GET /?s=21%E9%BB%9E%E6%A6%82%E7%8E%87%E8%A8%88%E7%AE%97-%E3%80%90%E2%9C%94%EF%B8%8F%E6%8E%A8%E8%96%A6DD96%C2%B7CC%E2%9C%94%EF%B8%8F%E3%80%91-%E6%88%91%E7%99%BC%E8%B2%A1%E5%A8%9B%E6%A8%82%E5%9F%8E-21%E9%BB%9E%E6%A6%82%E7%8E%87%E8%A8%88%E7%AE%97t8cp5-%E3%80%90%E2%9C%94%EF%B8%8F%E6%8E%A8%E8%96%A6DD96%C2%B7CC%E2%9C%94%EF%B8%8F%E3%80%91-%E6%88%91%E7%99%BC%E8%B2%A1%E5%A8%9B%E6%A8%82%E5%9F%8Eqw2c-21%E9%BB%9E%E6%A6%82%E7%8E%87%E8%A8%88%E7%AE%978ntfo-%E6%88%91%E7%99%BC%E8%B2%A1%E5%A8%9B%E6%A8%82%E5%9F%8E8700 HTTP/1.1" 302 - "https://www.ohfuck.top/mgjz/%E7%8E%A9%E8%8B%B9%E6%9E%9C%E6%9C%BA%E5%BF%85%E8%83%9C%E6%96%B9%E6%B3%95-174e4f587c/" "Mozilla/5.0 (Linux; Android 7.0;) AppleWebKit/537.36 (HTML, like Gecko) Mobile Safari/537.36 (compatible; PetalBot;+https://webmaster.petalsearch.com/site/petalbot)"
114.119.159.121 - - [29/Aug/2026:15:50:19 -0300] "GET /?s=21%E9%BB%9E%20%E6%8A%80%E5%B7%A7-%E3%80%90%E2%9C%94%EF%B8%8F%E5%AE%98%E7%B6%B2DD86%C2%B7CC%E2%9C%94%EF%B8%8F%E3%80%91-%E7%B1%83%E7%90%83%20%E8%B3%BD%20%E6%9E%9C-21%E9%BB%9E%20%E6%8A%80%E5%B7%A77tfuk-%E3%80%90%E2%9C%94%EF%B8%8F%E5%AE%98%E7%B6%B2DD86%C2%B7CC%E2%9C%94%EF%B8%8F%E3%80%91-%E7%B1%83%E7%90%83%20%E8%B3%BD%20%E6%9E%9Cs5ym-21%E9%BB%9E%20%E6%8A%80%E5%B7%A7tkd1z-%E7%B1%83%E7%90%83%20%E8%B3%BD%20%E6%9E%9C45vt HTTP/1.1" 302 - "https://www.insertgrinder.top/ttpbsmnl/%E8%9C%82%E7%AE%B1%E8%A6%86%E5%B8%83%E5%93%AA%E8%A3%A1%E6%9C%89%E8%B3%A3-6234765856/" "Mozilla/5.0 (Linux; Android 7.0;) AppleWebKit/537.36 (HTML, like Gecko) Mobile Safari/537.36 (compatible; PetalBot;+https://webmaster.petalsearch.com/site/petalbot)"
156.59.198.135 - - [29/Aug/2026:15:50:44 -0300] "GET /wp-content/uploads/2018/01/2017-FDA-drug-approvals.pdf HTTP/1.1" 404 - "-" "Mozilla/5.0 (Linux; Android 5.0) AppleWebKit/537.36 (KHTML, like Gecko) Mobile Safari/537.36 (compatible; Bytespider; spider-feedback@bytedance.com)"
114.119.134.6 - - [29/Aug/2026:15:52:13 -0300] "GET /?s=21%E7%82%B9%E6%8A%80%E5%B7%A7-%E3%80%90%E2%9C%94%EF%B8%8F%E6%8E%A8%E8%8D%90AC68%C2%B7CC%E2%9C%94%EF%B8%8F%E3%80%91-%E5%BD%A9%E7%A5%A8%E9%80%89%E5%8F%B7%E5%99%A8-21%E7%82%B9%E6%8A%80%E5%B7%A71191p-%E3%80%90%E2%9C%94%EF%B8%8F%E6%8E%A8%E8%8D%90AC68%C2%B7CC%E2%9C%94%EF%B8%8F%E3%80%91-%E5%BD%A9%E7%A5%A8%E9%80%89%E5%8F%B7%E5%99%A8smhj-21%E7%82%B9%E6%8A%80%E5%B7%A773s07-%E5%BD%A9%E7%A5%A8%E9%80%89%E5%8F%B7%E5%99%A8i0k1 HTTP/1.1" 302 - "https://galaxyxxi.top/yajsscck/%E9%9F%93%E5%8A%87%E5%A5%B3%E4%B8%BB%E6%98%AF%E6%96%B0%E8%81%9E%E4%B8%BB%E6%92%AD%E7%94%9F%E5%AD%A9%E5%AD%90-49630a7e43/" "Mozilla/5.0 (Linux; Android 7.0;) AppleWebKit/537.36 (HTML, like Gecko) Mobile Safari/537.36 (compatible; PetalBot;+https://webmaster.petalsearch.com/site/petalbot)"
114.119.159.121 - - [29/Aug/2026:15:54:07 -0300] "GET /?s=21%E7%82%B9%20%E6%8A%80%E5%B7%A7-%E3%80%90%E2%9C%94%EF%B8%8F%E5%AE%98%E7%BD%91AA58%C2%B7CC%E2%9C%94%EF%B8%8F%E3%80%91-%E5%8D%9A%20%E9%91%AB-21%E7%82%B9%20%E6%8A%80%E5%B7%A7y7trt-%E3%80%90%E2%9C%94%EF%B8%8F%E5%AE%98%E7%BD%91AA58%C2%B7CC%E2%9C%94%EF%B8%8F%E3%80%91-%E5%8D%9A%20%E9%91%ABwutt-21%E7%82%B9%20%E6%8A%80%E5%B7%A7jprph-%E5%8D%9A%20%E9%91%ABv57o HTTP/1.1" 302 - "https://www.99pm.top/owpmrq/%E5%8D%9A%E4%BA%BA%E4%BC%A0%E5%BF%85%E7%9C%8B%E9%9B%86%E6%95%B0-7757225226/" "Mozilla/5.0 (Linux; Android 7.0;) AppleWebKit/537.36 (HTML, like Gecko) Mobile Safari/537.36 (compatible; PetalBot;+https://webmaster.petalsearch.com/site/petalbot)"
106.52.171.40 - - [29/Aug/2026:15:54:30 -0300] "HEAD / HTTP/1.1" 302 - "https://m.baidu.com/s?word=www.jnqye.cn" "Mozilla/5.0 (Linux; Android 6.0.1; OPPO R9s Build/MMB29M; wv) AppleWebKit/537.36 (KHTML, like Gecko) Version/4.0 Chrome/63.0.3239.83 Mobile Safari/537.36 T7/10.13 baiduboxapp/10.13.0.10 (Baidu; P1 6.0.1)"
43.172.73.201 - - [29/Aug/2026:15:56:01 -0300] "GET / HTTP/1.1" 302 - "https://m.baidu.com/s?word=www.veiez.cn" "Mozilla/5.0 (iPhone; CPU iPhone OS 18_7 like Mac OS X) AppleWebKit/605.1.15 (KHTML, like Gecko) Version/26.5 Mobile/15E148 Safari/604.1"
114.119.148.252 - - [29/Aug/2026:15:56:02 -0300] "GET /?s=21%20%E7%82%B9%20%E7%AE%97%20%E7%89%8C%20%E8%A1%A8-%E3%80%90%E2%9C%94%EF%B8%8F%E6%8E%A8%E8%8D%90AC68%C2%B7CC%E2%9C%94%EF%B8%8F%E3%80%91-%E6%98%8E%E9%99%9E-21%20%E7%82%B9%20%E7%AE%97%20%E7%89%8C%20%E8%A1%A8ky00m-%E3%80%90%E2%9C%94%EF%B8%8F%E6%8E%A8%E8%8D%90AC68%C2%B7CC%E2%9C%94%EF%B8%8F%E3%80%91-%E6%98%8E%E9%99%9Ewgi3-21%20%E7%82%B9%20%E7%AE%97%20%E7%89%8C%20%E8%A1%A845y7b-%E6%98%8E%E9%99%9Enelu HTTP/1.1" 302 - "https://shopik.top/adct/%E7%99%BE%E5%AE%B6%E4%B9%90%20%E5%8F%AA%E6%89%93%20%E7%AC%AC%20%E4%BA%8C%E6%89%8B-0e0a450909/" "Mozilla/5.0 (Linux; Android 7.0;) AppleWebKit/537.36 (HTML, like Gecko) Mobile Safari/537.36 (compatible; PetalBot;+https://webmaster.petalsearch.com/site/petalbot)"
114.119.130.253 - - [29/Aug/2026:15:57:55 -0300] "GET /?s=2022%E4%B8%96%E7%95%8C%E7%9B%83%E5%88%86%E7%B5%84-%E3%80%90%E2%9C%94%EF%B8%8F%E6%8E%A8%E8%96%A6DD96%C2%B7CC%E2%9C%94%EF%B8%8F%E3%80%91-%E5%8D%9A%E5%BD%A9%E7%B6%B2%E7%AB%99%E6%8E%92%E5%90%8D-2022%E4%B8%96%E7%95%8C%E7%9B%83%E5%88%86%E7%B5%84p4mi1-%E3%80%90%E2%9C%94%EF%B8%8F%E6%8E%A8%E8%96%A6DD96%C2%B7CC%E2%9C%94%EF%B8%8F%E3%80%91-%E5%8D%9A%E5%BD%A9%E7%B6%B2%E7%AB%99%E6%8E%92%E5%90%8Dg8zr-2022%E4%B8%96%E7%95%8C%E7%9B%83%E5%88%86%E7%B5%844nulc-%E5%8D%9A%E5%BD%A9%E7%B6%B2%E7%AB%99%E6%8E%92%E5%90%8D5g3v HTTP/1.1" 302 - "https://www.liliang.info/fzy/d9b885d4ae8986f1e0d489dcd28d8fd4d9a3838cbbd3b7de.html" "Mozilla/5.0 (Linux; Android 7.0;) AppleWebKit/537.36 (HTML, like Gecko) Mobile Safari/537.36 (compatible; PetalBot;+https://webmaster.petalsearch.com/site/petalbot)"
114.119.137.190 - - [29/Aug/2026:15:59:49 -0300] "GET /?s=2020%E8%AA%9E%E6%96%87%E8%AA%B2%E6%9C%AC%E6%94%B9%E7%89%88-%E3%80%90%E2%9C%94%EF%B8%8F%E6%8E%A8%E8%96%A6BB87%C2%B7CC%E2%9C%94%EF%B8%8F%E3%80%91-%E4%BB%80%E9%BA%BC%E8%80%8C%E4%BB%80%E9%BA%BC%E8%A9%9E%E5%BD%99-2020%E8%AA%9E%E6%96%87%E8%AA%B2%E6%9C%AC%E6%94%B9%E7%89%88qcco2-%E3%80%90%E2%9C%94%EF%B8%8F%E6%8E%A8%E8%96%A6BB87%C2%B7CC%E2%9C%94%EF%B8%8F%E3%80%91-%E4%BB%80%E9%BA%BC%E8%80%8C%E4%BB%80%E9%BA%BC%E8%A9%9E%E5%BD%99b1o9-2020%E8%AA%9E%E6%96%87%E8%AA%B2%E6%9C%AC%E6%94%B9%E7%89%88q5zvm-%E4%BB%80%E9%BA%BC%E8%80%8C%E4%BB%80%E9%BA%BC%E8%A9%9E%E5%BD%99i4ig HTTP/1.1" 302 - "https://3650329.top/wgbbsir/what%20can%20you%20do%20with%20an%20early%20childhood%20education%20degree%20besides%20teach-120f526958/" "Mozilla/5.0 (Linux; Android 7.0;) AppleWebKit/537.36 (HTML, like Gecko) Mobile Safari/537.36 (compatible; PetalBot;+https://webmaster.petalsearch.com/site/petalbot)"
114.119.145.163 - - [29/Aug/2026:16:01:42 -0300] "GET /?s=2020%E6%AD%B7%E5%8F%B2%E6%9E%B6%E7%A9%BA%E5%AE%8C%E7%B5%90%E5%B0%8F%E8%AA%AA-%E3%80%90%E2%9C%94%EF%B8%8F%E6%8E%A8%E8%96%A6BB87%C2%B7CC%E2%9C%94%EF%B8%8F%E3%80%91-%E7%B4%85%E7%B1%B3hm1%E6%98%AF%E4%BB%80%E9%BA%BC%E5%9E%8B%E8%99%9F-2020%E6%AD%B7%E5%8F%B2%E6%9E%B6%E7%A9%BA%E5%AE%8C%E7%B5%90%E5%B0%8F%E8%AA%AAl0ckb-%E3%80%90%E2%9C%94%EF%B8%8F%E6%8E%A8%E8%96%A6BB87%C2%B7CC%E2%9C%94%EF%B8%8F%E3%80%91-%E7%B4%85%E7%B1%B3hm1%E6%98%AF%E4%BB%80%E9%BA%BC%E5%9E%8B%E8%99%9F7mjl-2020%E6%AD%B7%E5%8F%B2%E6%9E%B6%E7%A9%BA%E5%AE%8C%E7%B5%90%E5%B0%8F%E8%AA%AAnu303-%E7%B4%85%E7%B1%B3hm1%E6%98%AF%E4%BB%80%E9%BA%BC%E5%9E%8B%E8%99%9Fhd0r HTTP/1.1" 302 - "https://baixion.top/gpkcewd/mac%20won%27t%20boot%20into%20recovery%20mode-0c4d66487c/" "Mozilla/5.0 (Linux; Android 7.0;) AppleWebKit/537.36 (HTML, like Gecko) Mobile Safari/537.36 (compatible; PetalBot;+https://webmaster.petalsearch.com/site/petalbot)"
114.119.150.34 - - [29/Aug/2026:16:03:36 -0300] "GET /?s=2020%E5%B9%B4nba%E6%80%BB%E5%86%A0%E5%86%9B-%E3%80%90%E2%9C%94%EF%B8%8F%E5%AE%98%E7%BD%91AA58%C2%B7CC%E2%9C%94%EF%B8%8F%E3%80%91-%E8%85%BE%E8%AE%AF%E7%9B%B4%E6%92%ADapp-2020%E5%B9%B4nba%E6%80%BB%E5%86%A0%E5%86%9Bpd2a7-%E3%80%90%E2%9C%94%EF%B8%8F%E5%AE%98%E7%BD%91AA58%C2%B7CC%E2%9C%94%EF%B8%8F%E3%80%91-%E8%85%BE%E8%AE%AF%E7%9B%B4%E6%92%ADapp8js0-2020%E5%B9%B4nba%E6%80%BB%E5%86%A0%E5%86%9Bz73fq-%E8%85%BE%E8%AE%AF%E7%9B%B4%E6%92%ADappfy46 HTTP/1.1" 302 - "https://mokee.top/xxessp/%E5%A6%99%E4%B8%A5%E7%A6%85%E5%AF%BA-5747373950/" "Mozilla/5.0 (Linux; Android 7.0;) AppleWebKit/537.36 (HTML, like Gecko) Mobile Safari/537.36 (compatible; PetalBot;+https://webmaster.petalsearch.com/site/petalbot)"
114.119.137.190 - - [29/Aug/2026:16:05:29 -0300] "GET /?s=2020%E5%B9%B4%E6%9C%80%E6%96%B0%E6%9E%AA%E6%88%98%E5%8A%A8%E4%BD%9C%E7%89%87-%E3%80%90%E2%9C%94%EF%B8%8F%E6%8E%A8%E8%8D%90KK37%C2%B7CC%E2%9C%94%EF%B8%8F%E3%80%91-%E9%AB%98%E9%9F%B3%E5%93%A5%E5%93%AA%E7%9A%84%E4%BA%BA-2020%E5%B9%B4%E6%9C%80%E6%96%B0%E6%9E%AA%E6%88%98%E5%8A%A8%E4%BD%9C%E7%89%87prep3-%E3%80%90%E2%9C%94%EF%B8%8F%E6%8E%A8%E8%8D%90KK37%C2%B7CC%E2%9C%94%EF%B8%8F%E3%80%91-%E9%AB%98%E9%9F%B3%E5%93%A5%E5%93%AA%E7%9A%84%E4%BA%BAw6d8-2020%E5%B9%B4%E6%9C%80%E6%96%B0%E6%9E%AA%E6%88%98%E5%8A%A8%E4%BD%9C%E7%89%873kbla-%E9%AB%98%E9%9F%B3%E5%93%A5%E5%93%AA%E7%9A%84%E4%BA%BAhbwa HTTP/1.1" 302 - "https://ccsearch.cc/zsj/888ae7d9b1f2d894f5dcc1d484a39adbb6b4dda3a887f5d0ddbbaad296f5.html" "Mozilla/5.0 (Linux; Android 7.0;) AppleWebKit/537.36 (HTML, like Gecko) Mobile Safari/537.36 (compatible; PetalBot;+https://webmaster.petalsearch.com/site/petalbot)"
114.119.134.6 - - [29/Aug/2026:16:07:27 -0300] "GET /?s=2018%E8%99%8E%E7%89%99%E5%B9%B4%E5%BA%A6%E5%86%A0%E5%86%9B%E4%B8%BB%E6%92%AD%E6%98%AF%E8%B0%81-%E3%80%90%E2%9C%94%EF%B8%8F%E6%8E%A8%E8%8D%90BB76%C2%B7CC%E2%9C%94%EF%B8%8F%E3%80%91-%E6%81%90%E6%80%96%E6%BD%9C%E4%BC%8F%E7%99%BE%E5%BA%A6%E4%BA%91%E8%B5%84%E6%BA%90-2018%E8%99%8E%E7%89%99%E5%B9%B4%E5%BA%A6%E5%86%A0%E5%86%9B%E4%B8%BB%E6%92%AD%E6%98%AF%E8%B0%81a39bc-%E3%80%90%E2%9C%94%EF%B8%8F%E6%8E%A8%E8%8D%90BB76%C2%B7CC%E2%9C%94%EF%B8%8F%E3%80%91-%E6%81%90%E6%80%96%E6%BD%9C%E4%BC%8F%E7%99%BE%E5%BA%A6%E4%BA%91%E8%B5%84%E6%BA%90zfuq-2018%E8%99%8E%E7%89%99%E5%B9%B4%E5%BA%A6%E5%86%A0%E5%86%9B%E4%B8%BB%E6%92%AD%E6%98%AF%E8%B0%81xzrww-%E6%81%90%E6%80%96%E6%BD%9C%E4%BC%8F%E7%99%BE%E5%BA%A6%E4%BA%91%E8%B5%84%E6%BA%90o3xm HTTP/1.1" 302 - "https://dispensadordecerveza.top/ogvwvmh/how%20to%20remove%20drop%20down%20arrow%20in%20excel-571a3e7277/" "Mozilla/5.0 (Linux; Android 7.0;) AppleWebKit/537.36 (HTML, like Gecko) Mobile Safari/537.36 (compatible; PetalBot;+https://webmaster.petalsearch.com/site/petalbot)"
114.119.134.6 - - [29/Aug/2026:16:09:20 -0300] "GET /?s=2%E4%BA%BA%E6%96%97%E5%9C%B0%E4%B8%BB%E8%A7%84%E5%88%99-%E3%80%90%E2%9C%94%EF%B8%8F%E5%AE%98%E7%BD%91AA58%C2%B7CC%E2%9C%94%EF%B8%8F%E3%80%91-%E5%BE%B7%E5%B7%9E%E6%89%91%E5%85%8B%20%E5%A6%82%E4%BD%95%20%E8%AE%A1%E7%AE%97%20%E8%83%9C%E7%8E%87-2%E4%BA%BA%E6%96%97%E5%9C%B0%E4%B8%BB%E8%A7%84%E5%88%997boc3-%E3%80%90%E2%9C%94%EF%B8%8F%E5%AE%98%E7%BD%91AA58%C2%B7CC%E2%9C%94%EF%B8%8F%E3%80%91-%E5%BE%B7%E5%B7%9E%E6%89%91%E5%85%8B%20%E5%A6%82%E4%BD%95%20%E8%AE%A1%E7%AE%97%20%E8%83%9C%E7%8E%87wd1r-2%E4%BA%BA%E6%96%97%E5%9C%B0%E4%B8%BB%E8%A7%84%E5%88%993n6nm-%E5%BE%B7%E5%B7%9E%E6%89%91%E5%85%8B%20%E5%A6%82%E4%BD%95%20%E8%AE%A1%E7%AE%97%20%E8%83%9C%E7%8E%87z77p HTTP/1.1" 302 - "https://dispensadordecerveza.top/rygop/%E8%B5%B0%E5%9C%B0%E7%9A%87-7543144803/" "Mozilla/5.0 (Linux; Android 7.0;) AppleWebKit/537.36 (HTML, like Gecko) Mobile Safari/537.36 (compatible; PetalBot;+https://webmaster.petalsearch.com/site/petalbot)"
114.119.159.121 - - [29/Aug/2026:16:11:13 -0300] "GET /?s=1xbet%E4%B8%AD%E6%96%87-%E3%80%90%E2%9C%94%EF%B8%8F%E5%AE%98%E7%BD%91AA58%C2%B7CC%E2%9C%94%EF%B8%8F%E3%80%91-bwin%20login-1xbet%E4%B8%AD%E6%96%87cqgna-%E3%80%90%E2%9C%94%EF%B8%8F%E5%AE%98%E7%BD%91AA58%C2%B7CC%E2%9C%94%EF%B8%8F%E3%80%91-bwin%20loginmtf0-1xbet%E4%B8%AD%E6%96%87uuv00-bwin%20logingtyf HTTP/1.1" 302 - "https://wulcan-best.top/rwlqzj/%E4%BE%8F%E7%BD%97%E7%BA%AA%E4%B8%96%E7%95%8C2%E5%85%8D%E8%B4%B9%E9%AB%98%E6%B8%85%E5%9B%BD%E8%AF%AD-4157100647/" "Mozilla/5.0 (Linux; Android 7.0;) AppleWebKit/537.36 (HTML, like Gecko) Mobile Safari/537.36 (compatible; PetalBot;+https://webmaster.petalsearch.com/site/petalbot)"
45.78.197.202 - - [29/Aug/2026:16:12:57 -0300] "GET /wp-content/uploads/2017/09/CNPQ-200x145.jpg HTTP/1.1" 404 - "-" "Mozilla/5.0 (Macintosh; Intel Mac OS X 10_15_7) AppleWebKit/537.36 (KHTML, like Gecko) Chrome/150.0.0.0 Safari/537.36"
114.119.145.163 - - [29/Aug/2026:16:13:06 -0300] "GET /?s=1968%E5%B9%B4%E5%B1%9E%E7%8C%B4%E5%8F%8C%E9%B1%BC%E5%BA%A7%E5%B9%B8%E8%BF%90%E8%89%B2-%E3%80%90%E2%9C%94%EF%B8%8F%E6%8E%A8%E8%8D%90BB76%C2%B7CC%E2%9C%94%EF%B8%8F%E3%80%91-%E8%B4%B5%E6%97%8F%E5%AD%A6%E9%99%A2%E5%B0%8F%E8%AF%B4-1968%E5%B9%B4%E5%B1%9E%E7%8C%B4%E5%8F%8C%E9%B1%BC%E5%BA%A7%E5%B9%B8%E8%BF%90%E8%89%B2w0k4e-%E3%80%90%E2%9C%94%EF%B8%8F%E6%8E%A8%E8%8D%90BB76%C2%B7CC%E2%9C%94%EF%B8%8F%E3%80%91-%E8%B4%B5%E6%97%8F%E5%AD%A6%E9%99%A2%E5%B0%8F%E8%AF%B4uhd1-1968%E5%B9%B4%E5%B1%9E%E7%8C%B4%E5%8F%8C%E9%B1%BC%E5%BA%A7%E5%B9%B8%E8%BF%90%E8%89%B26hryy-%E8%B4%B5%E6%97%8F%E5%AD%A6%E9%99%A2%E5%B0%8F%E8%AF%B4lm90 HTTP/1.1" 302 - "https://www.outtifun.top/kqzdzwte/%E7%B2%BD%E5%AD%90%E7%99%BC%E9%9F%B3-05590f1520/" "Mozilla/5.0 (Linux; Android 7.0;) AppleWebKit/537.36 (HTML, like Gecko) Mobile Safari/537.36 (compatible; PetalBot;+https://webmaster.petalsearch.com/site/petalbot)"
136.65.190.192 - - [29/Aug/2026:16:13:45 -0300] "GET /en/services/pk-tk-adme-2 HTTP/1.1" 404 - "-" "Mozilla/5.0 (compatible; Reflectionbot/1.0; +https://reflection.ai/bot)"
114.119.145.125 - - [29/Aug/2026:16:15:01 -0300] "GET /?s=188bet%E6%BB%BE%E7%90%83-%E3%80%90%E2%9C%94%EF%B8%8F%E6%8E%A8%E8%96%A6DD96%C2%B7CC%E2%9C%94%EF%B8%8F%E3%80%91-%E7%8E%96%E7%8E%96%E5%9C%8B%E9%9A%9B-188bet%E6%BB%BE%E7%90%83xcqrx-%E3%80%90%E2%9C%94%EF%B8%8F%E6%8E%A8%E8%96%A6DD96%C2%B7CC%E2%9C%94%EF%B8%8F%E3%80%91-%E7%8E%96%E7%8E%96%E5%9C%8B%E9%9A%9Btbv0-188bet%E6%BB%BE%E7%90%83ndqen-%E7%8E%96%E7%8E%96%E5%9C%8B%E9%9A%9Betj1 HTTP/1.1" 302 - "https://www.dddsb.top/mhdmkx/ps4%E6%B8%AF%E6%9C%8Dea%E4%BC%9A%E5%91%98-6957415963/" "Mozilla/5.0 (Linux; Android 7.0;) AppleWebKit/537.36 (HTML, like Gecko) Mobile Safari/537.36 (compatible; PetalBot;+https://webmaster.petalsearch.com/site/petalbot)"
88.80.26.2 - - [29/Aug/2026:16:15:19 -0300] "GET /2021/06/17/farmaceutica-diz-a-cpi-que-faturou-8-vezes-mais-em-2020-com-medicamentos-do-kit-covid/ HTTP/1.1" 404 - "http://cienp.org.br/" "Mozilla/5.0 (Windows NT 10.0; Win64; x64) AppleWebKit/537.36 (KHTML, like Gecko) Chrome/91.0.4472.124 Safari/537.36"
114.119.148.252 - - [29/Aug/2026:16:16:56 -0300] "GET /?s=188%E9%87%91%E5%AE%9D%E5%8D%9A%E5%A4%87%E7%94%A8%E7%BD%91%E5%9D%80-%E3%80%90%E2%9C%94%EF%B8%8F%E5%AE%98%E7%BD%91AA58%C2%B7CC%E2%9C%94%EF%B8%8F%E3%80%91-bet007%E7%AF%AE%E7%90%83-188%E9%87%91%E5%AE%9D%E5%8D%9A%E5%A4%87%E7%94%A8%E7%BD%91%E5%9D%80uitge-%E3%80%90%E2%9C%94%EF%B8%8F%E5%AE%98%E7%BD%91AA58%C2%B7CC%E2%9C%94%EF%B8%8F%E3%80%91-bet007%E7%AF%AE%E7%90%83areo-188%E9%87%91%E5%AE%9D%E5%8D%9A%E5%A4%87%E7%94%A8%E7%BD%91%E5%9D%80sazlw-bet007%E7%AF%AE%E7%90%838rpj HTTP/1.1" 302 - "https://shop-cart.top/movdxctd/%E9%AD%94%E7%8E%8B%E8%88%87%E7%A5%9E%E9%8C%98%E8%AA%93%E7%B4%84%E6%88%92%E6%8C%87%E6%80%8E%E9%BA%BC%E7%8D%B2%E5%BE%97-140d015a47/" "Mozilla/5.0 (Linux; Android 7.0;) AppleWebKit/537.36 (HTML, like Gecko) Mobile Safari/537.36 (compatible; PetalBot;+https://webmaster.petalsearch.com/site/petalbot)"
114.119.137.190 - - [29/Aug/2026:16:18:49 -0300] "GET /?s=13%E5%B2%81%E8%BA%AB%E9%AB%98%E4%BD%93%E9%87%8D%E6%A0%87%E5%87%86%E8%A1%A8%E5%A5%B3-%E3%80%90%E2%9C%94%EF%B8%8F%E6%8E%A8%E8%8D%90BB76%C2%B7CC%E2%9C%94%EF%B8%8F%E3%80%91-%E5%86%9B%E7%BB%9F%E4%B8%89%E5%A4%A7%E9%9B%86%E4%B8%AD%E8%90%A5-13%E5%B2%81%E8%BA%AB%E9%AB%98%E4%BD%93%E9%87%8D%E6%A0%87%E5%87%86%E8%A1%A8%E5%A5%B3dipyb-%E3%80%90%E2%9C%94%EF%B8%8F%E6%8E%A8%E8%8D%90BB76%C2%B7CC%E2%9C%94%EF%B8%8F%E3%80%91-%E5%86%9B%E7%BB%9F%E4%B8%89%E5%A4%A7%E9%9B%86%E4%B8%AD%E8%90%A5g60v-13%E5%B2%81%E8%BA%AB%E9%AB%98%E4%BD%93%E9%87%8D%E6%A0%87%E5%87%86%E8%A1%A8%E5%A5%B3rwkgh-%E5%86%9B%E7%BB%9F%E4%B8%89%E5%A4%A7%E9%9B%86%E4%B8%AD%E8%90%A5x7x2 HTTP/1.1" 302 - "https://renbt.top/nyurz/%E6%96%B0%E6%B5%AA%E5%BE%AE%E5%8D%9A%E7%9B%B4%E6%92%AD-5d333c1050/" "Mozilla/5.0 (Linux; Android 7.0;) AppleWebKit/537.36 (HTML, like Gecko) Mobile Safari/537.36 (compatible; PetalBot;+https://webmaster.petalsearch.com/site/petalbot)"
114.119.145.163 - - [29/Aug/2026:16:20:42 -0300] "GET /?s=101%E5%A8%B1%E4%B9%90%E5%9F%8E-%E3%80%90%E2%9C%94%EF%B8%8F%E6%8E%A8%E8%8D%90AC68%C2%B7CC%E2%9C%94%EF%B8%8F%E3%80%91-cctv5%E7%9B%B4%E6%92%ADnba-101%E5%A8%B1%E4%B9%90%E5%9F%8Efls05-%E3%80%90%E2%9C%94%EF%B8%8F%E6%8E%A8%E8%8D%90AC68%C2%B7CC%E2%9C%94%EF%B8%8F%E3%80%91-cctv5%E7%9B%B4%E6%92%ADnbakkyd-101%E5%A8%B1%E4%B9%90%E5%9F%8Emrb33-cctv5%E7%9B%B4%E6%92%ADnbaz1en HTTP/1.1" 302 - "https://www.wallpaper23.com/gte/8693e4dcb8d183d4fb81b5a381ba9cd990bc84a9b7838cd4.html" "Mozilla/5.0 (Linux; Android 7.0;) AppleWebKit/537.36 (HTML, like Gecko) Mobile Safari/537.36 (compatible; PetalBot;+https://webmaster.petalsearch.com/site/petalbot)"
114.119.145.163 - - [29/Aug/2026:16:22:35 -0300] "GET /?s=007%E7%9C%9F%E4%BA%BA%E5%A8%B1%E4%B9%90%E5%9F%8E-%E3%80%90%E2%9C%94%EF%B8%8F%E5%AE%98%E7%BD%91AA58%C2%B7CC%E2%9C%94%EF%B8%8F%E3%80%91-%E5%A8%81%E5%B0%BC%E6%96%AF%E4%BA%BA%E8%B4%AD%E7%89%A9%E4%B8%AD%E5%BF%83-007%E7%9C%9F%E4%BA%BA%E5%A8%B1%E4%B9%90%E5%9F%8Ehon1p-%E3%80%90%E2%9C%94%EF%B8%8F%E5%AE%98%E7%BD%91AA58%C2%B7CC%E2%9C%94%EF%B8%8F%E3%80%91-%E5%A8%81%E5%B0%BC%E6%96%AF%E4%BA%BA%E8%B4%AD%E7%89%A9%E4%B8%AD%E5%BF%83l5xc-007%E7%9C%9F%E4%BA%BA%E5%A8%B1%E4%B9%90%E5%9F%8E5nit1-%E5%A8%81%E5%B0%BC%E6%96%AF%E4%BA%BA%E8%B4%AD%E7%89%A9%E4%B8%AD%E5%BF%83k42d HTTP/1.1" 302 - "https://www.jffffwicp.top/vtvpug/2020%E6%BE%B3%E6%B4%B2%E7%BB%BF%E5%8D%A1%E6%94%BF%E7%AD%96-766b11002c/" "Mozilla/5.0 (Linux; Android 7.0;) AppleWebKit/537.36 (HTML, like Gecko) Mobile Safari/537.36 (compatible; PetalBot;+https://webmaster.petalsearch.com/site/petalbot)"
114.119.145.125 - - [29/Aug/2026:16:24:29 -0300] "GET /?s=%E9%BE%8D%E6%97%8F%E5%BC%95%E6%93%8E%E5%AE%98%E7%B6%B2-%E3%80%90%E2%9C%94%EF%B8%8F%E6%8E%A8%E8%96%A6BB87%C2%B7CC%E2%9C%94%EF%B8%8F%E3%80%91-goldwave%E6%80%8E%E9%BA%BC%E7%B5%A6%E4%BC%B4%E5%A5%8F%E9%99%8D%E8%AA%BF-%E9%BE%8D%E6%97%8F%E5%BC%95%E6%93%8E%E5%AE%98%E7%B6%B2ghvn6-%E3%80%90%E2%9C%94%EF%B8%8F%E6%8E%A8%E8%96%A6BB87%C2%B7CC%E2%9C%94%EF%B8%8F%E3%80%91-goldwave%E6%80%8E%E9%BA%BC%E7%B5%A6%E4%BC%B4%E5%A5%8F%E9%99%8D%E8%AA%BF0p8v-%E9%BE%8D%E6%97%8F%E5%BC%95%E6%93%8E%E5%AE%98%E7%B6%B26pxz6-goldwave%E6%80%8E%E9%BA%BC%E7%B5%A6%E4%BC%B4%E5%A5%8F%E9%99%8D%E8%AA%BF869z HTTP/1.1" 302 - "https://www.whohle.top/lrys/%E6%B0%B8%E5%88%A9%E9%85%92%E5%BA%97-28045d1912/" "Mozilla/5.0 (Linux; Android 7.0;) AppleWebKit/537.36 (HTML, like Gecko) Mobile Safari/537.36 (compatible; PetalBot;+https://webmaster.petalsearch.com/site/petalbot)"
159.75.35.32 - - [29/Aug/2026:16:25:20 -0300] "HEAD / HTTP/1.1" 302 - "https://m.baidu.com/s?word=www.ddddi.cn" "Mozilla/5.0 (iPhone; CPU iPhone OS 10_1 like Mac OS X) AppleWebKit/602.2.14 (KHTML, like Gecko) Mobile/14B72 baiduboxapp/0_11.0.1.8_enohpi_8022_2421/1.01_2C2%258enohPi/1099a/829DC6DBC0AEAD61A02C1CFCE879036A930962A7BORAPKKEOQM/1"
114.119.134.6 - - [29/Aug/2026:16:26:23 -0300] "GET /?s=%E9%BB%91%E9%87%91%E5%B8%9D%E5%9B%BD%E5%A8%B1%E4%B9%90%E5%9F%8E-%E3%80%90%E2%9C%94%EF%B8%8F%E5%AE%98%E7%BD%91AA58%C2%B7CC%E2%9C%94%EF%B8%8F%E3%80%91-bet365%E4%B8%BB%E9%A1%B5-%E9%BB%91%E9%87%91%E5%B8%9D%E5%9B%BD%E5%A8%B1%E4%B9%90%E5%9F%8Ezsc74-%E3%80%90%E2%9C%94%EF%B8%8F%E5%AE%98%E7%BD%91AA58%C2%B7CC%E2%9C%94%EF%B8%8F%E3%80%91-bet365%E4%B8%BB%E9%A1%B5jn1m-%E9%BB%91%E9%87%91%E5%B8%9D%E5%9B%BD%E5%A8%B1%E4%B9%90%E5%9F%8Eul9xb-bet365%E4%B8%BB%E9%A1%B5ehkp HTTP/1.1" 302 - "https://www.reylfawdy.top/xwzrb/%E7%8E%A9%E9%81%8B%E5%BD%A9-677f4d3059/" "Mozilla/5.0 (Linux; Android 7.0;) AppleWebKit/537.36 (HTML, like Gecko) Mobile Safari/537.36 (compatible; PetalBot;+https://webmaster.petalsearch.com/site/petalbot)"
156.59.198.136 - - [29/Aug/2026:16:27:15 -0300] "GET /wp-content/uploads/2017/09/8-Intestinal-Transit-and-Gastric-Emprying-1.pdf HTTP/1.1" 404 - "-" "Mozilla/5.0 (Linux; Android 5.0) AppleWebKit/537.36 (KHTML, like Gecko) Mobile Safari/537.36 (compatible; Bytespider; spider-feedback@bytedance.com)"
114.119.145.163 - - [29/Aug/2026:16:28:20 -0300] "GET /?s=%E9%BB%91%E8%89%B2%E7%B4%A0%E5%A6%82%E4%BD%95%E8%A1%A5%E5%85%85-%E3%80%90%E2%9C%94%EF%B8%8F%E6%8E%A8%E8%8D%90BB76%C2%B7CC%E2%9C%94%EF%B8%8F%E3%80%91-%E5%8D%B0%E5%BA%A6%E7%94%B5%E5%BD%B1%E6%97%A0%E5%8F%AF%E5%8C%B9%E6%95%8C-%E9%BB%91%E8%89%B2%E7%B4%A0%E5%A6%82%E4%BD%95%E8%A1%A5%E5%85%85wk1ou-%E3%80%90%E2%9C%94%EF%B8%8F%E6%8E%A8%E8%8D%90BB76%C2%B7CC%E2%9C%94%EF%B8%8F%E3%80%91-%E5%8D%B0%E5%BA%A6%E7%94%B5%E5%BD%B1%E6%97%A0%E5%8F%AF%E5%8C%B9%E6%95%8Cvs9r-%E9%BB%91%E8%89%B2%E7%B4%A0%E5%A6%82%E4%BD%95%E8%A1%A5%E5%85%85zen7w-%E5%8D%B0%E5%BA%A6%E7%94%B5%E5%BD%B1%E6%97%A0%E5%8F%AF%E5%8C%B9%E6%95%8Cwe4q HTTP/1.1" 302 - "https://tiantianys.top/zmcge/%E7%B6%B2%E4%BF%A1%E5%BD%A9%E7%A5%A8-1d2d416013/" "Mozilla/5.0 (Linux; Android 7.0;) AppleWebKit/537.36 (HTML, like Gecko) Mobile Safari/537.36 (compatible; PetalBot;+https://webmaster.petalsearch.com/site/petalbot)"
114.119.130.253 - - [29/Aug/2026:16:32:06 -0300] "GET /?s=%E9%BB%91%E7%99%BD%E8%A3%99%E5%AD%90%E9%85%8D%E4%BB%80%E4%B9%88%E4%B8%8A%E8%A1%A3-%E3%80%90%E2%9C%94%EF%B8%8F%E6%8E%A8%E8%8D%90BB76%C2%B7CC%E2%9C%94%EF%B8%8F%E3%80%91-%E8%B7%9F%E6%BD%87%E5%AD%97%E6%9C%89%E5%85%B3%E7%9A%84%E7%BD%91%E5%90%8D%E5%8F%A4%E9%A3%8E-%E9%BB%91%E7%99%BD%E8%A3%99%E5%AD%90%E9%85%8D%E4%BB%80%E4%B9%88%E4%B8%8A%E8%A1%A3dok5i-%E3%80%90%E2%9C%94%EF%B8%8F%E6%8E%A8%E8%8D%90BB76%C2%B7CC%E2%9C%94%EF%B8%8F%E3%80%91-%E8%B7%9F%E6%BD%87%E5%AD%97%E6%9C%89%E5%85%B3%E7%9A%84%E7%BD%91%E5%90%8D%E5%8F%A4%E9%A3%8Eiaek-%E9%BB%91%E7%99%BD%E8%A3%99%E5%AD%90%E9%85%8D%E4%BB%80%E4%B9%88%E4%B8%8A%E8%A1%A354qhh-%E8%B7%9F%E6%BD%87%E5%AD%97%E6%9C%89%E5%85%B3%E7%9A%84%E7%BD%91%E5%90%8D%E5%8F%A4%E9%A3%8Eu0uh HTTP/1.1" 302 - "https://afsioh.top/znvugz/overlord%E4%B8%80%E4%BA%8C%E4%B8%89%E5%AD%A3%E7%99%BE%E5%BA%A6%E4%BA%91-655365006a/" "Mozilla/5.0 (Linux; Android 7.0;) AppleWebKit/537.36 (HTML, like Gecko) Mobile Safari/537.36 (compatible; PetalBot;+https://webmaster.petalsearch.com/site/petalbot)"
114.119.134.6 - - [29/Aug/2026:16:33:59 -0300] "GET /?s=%E9%BB%84%E9%87%91%E5%9F%8E%E8%B5%8C%E5%9C%BA-%E3%80%90%E2%9C%94%EF%B8%8F%E6%8E%A8%E8%8D%90AC68%C2%B7CC%E2%9C%94%EF%B8%8F%E3%80%91-%E9%A6%99%E6%B8%AF%E8%B5%9B%E9%A9%AC-%E9%BB%84%E9%87%91%E5%9F%8E%E8%B5%8C%E5%9C%BAokjm5-%E3%80%90%E2%9C%94%EF%B8%8F%E6%8E%A8%E8%8D%90AC68%C2%B7CC%E2%9C%94%EF%B8%8F%E3%80%91-%E9%A6%99%E6%B8%AF%E8%B5%9B%E9%A9%AC93t4-%E9%BB%84%E9%87%91%E5%9F%8E%E8%B5%8C%E5%9C%BAhop3r-%E9%A6%99%E6%B8%AF%E8%B5%9B%E9%A9%ACzj6c HTTP/1.1" 302 - "https://nice-fashion.top/ycrnuz/potplayer%E8%87%AA%E5%B8%A6%E8%A1%A5%E5%B8%A7-2d656e0776/" "Mozilla/5.0 (Linux; Android 7.0;) AppleWebKit/537.36 (HTML, like Gecko) Mobile Safari/537.36 (compatible; PetalBot;+https://webmaster.petalsearch.com/site/petalbot)"
114.119.145.125 - - [29/Aug/2026:16:35:53 -0300] "GET /?s=%E9%BB%83%E9%87%91%E5%B3%B6%E6%A3%8B%E7%89%8C-%E3%80%90%E2%9C%94%EF%B8%8F%E6%8E%A8%E8%96%A6DD96%C2%B7CC%E2%9C%94%EF%B8%8F%E3%80%91-%E8%B6%B3%E7%90%83%E6%9C%80%E6%96%B0%E6%AF%94%E5%88%86-%E9%BB%83%E9%87%91%E5%B3%B6%E6%A3%8B%E7%89%8Cbrdhz-%E3%80%90%E2%9C%94%EF%B8%8F%E6%8E%A8%E8%96%A6DD96%C2%B7CC%E2%9C%94%EF%B8%8F%E3%80%91-%E8%B6%B3%E7%90%83%E6%9C%80%E6%96%B0%E6%AF%94%E5%88%863cbx-%E9%BB%83%E9%87%91%E5%B3%B6%E6%A3%8B%E7%89%8Cb2dao-%E8%B6%B3%E7%90%83%E6%9C%80%E6%96%B0%E6%AF%94%E5%88%86w3vg HTTP/1.1" 302 - "https://scificonduit.com/wmq/d8a0e2d0dca382df8dd5fabe838fafd3a3c982809ad1c68d.html" "Mozilla/5.0 (Linux; Android 7.0;) AppleWebKit/537.36 (HTML, like Gecko) Mobile Safari/537.36 (compatible; PetalBot;+https://webmaster.petalsearch.com/site/petalbot)"
114.119.159.121 - - [29/Aug/2026:16:37:46 -0300] "GET /?s=%E9%BB%83%E9%87%91%E5%B3%B6%E6%A3%8B%E7%89%8C-%E3%80%90%E2%9C%94%EF%B8%8F%E6%8E%A8%E8%96%A6DD96%C2%B7CC%E2%9C%94%EF%B8%8F%E3%80%91-%E8%B3%A0%E7%8E%87-%E9%BB%83%E9%87%91%E5%B3%B6%E6%A3%8B%E7%89%8Cp7pry-%E3%80%90%E2%9C%94%EF%B8%8F%E6%8E%A8%E8%96%A6DD96%C2%B7CC%E2%9C%94%EF%B8%8F%E3%80%91-%E8%B3%A0%E7%8E%87e4kz-%E9%BB%83%E9%87%91%E5%B3%B6%E6%A3%8B%E7%89%8C75lta-%E8%B3%A0%E7%8E%874sx9 HTTP/1.1" 302 - "https://soratniki.top/ylwsowhp/%E7%8F%AD%E5%AE%87%E6%B5%A9%E8%91%89%E5%AD%90%E5%88%86%E6%89%8B%E5%8E%9F%E5%9B%A0-781b19545b/" "Mozilla/5.0 (Linux; Android 7.0;) AppleWebKit/537.36 (HTML, like Gecko) Mobile Safari/537.36 (compatible; PetalBot;+https://webmaster.petalsearch.com/site/petalbot)"
114.119.134.6 - - [29/Aug/2026:16:39:41 -0300] "GET /?s=%E9%BB%83%E8%BB%92%E5%A4%A7%E7%81%AB-%E3%80%90%E2%9C%94%EF%B8%8F%E6%8E%A8%E8%96%A6BB87%C2%B7CC%E2%9C%94%EF%B8%8F%E3%80%91-%E6%89%8B%E6%A9%9F%E9%A2%A8%E6%99%AF%E5%A3%81%E7%B4%99%E5%9C%96%E7%89%87%E5%A4%A7%E5%85%A8-%E9%BB%83%E8%BB%92%E5%A4%A7%E7%81%ABw00yc-%E3%80%90%E2%9C%94%EF%B8%8F%E6%8E%A8%E8%96%A6BB87%C2%B7CC%E2%9C%94%EF%B8%8F%E3%80%91-%E6%89%8B%E6%A9%9F%E9%A2%A8%E6%99%AF%E5%A3%81%E7%B4%99%E5%9C%96%E7%89%87%E5%A4%A7%E5%85%A8fzu4-%E9%BB%83%E8%BB%92%E5%A4%A7%E7%81%ABv8eke-%E6%89%8B%E6%A9%9F%E9%A2%A8%E6%99%AF%E5%A3%81%E7%B4%99%E5%9C%96%E7%89%87%E5%A4%A7%E5%85%A8khpx HTTP/1.1" 302 - "https://baskino-hd1.top/ffineklc/%E6%9C%89%E5%BB%A3%E5%91%8A%E7%9A%84%E5%85%8D%E8%B2%BB%E9%96%B1%E8%AE%80-65467c5e2b/" "Mozilla/5.0 (Linux; Android 7.0;) AppleWebKit/537.36 (HTML, like Gecko) Mobile Safari/537.36 (compatible; PetalBot;+https://webmaster.petalsearch.com/site/petalbot)"
114.119.159.121 - - [29/Aug/2026:16:41:34 -0300] "GET /?s=%E9%BB%83%E6%A2%85%E6%88%B2%E8%A3%9C%E7%BC%B8%E6%9B%B2%E8%AD%9C-%E3%80%90%E2%9C%94%EF%B8%8F%E6%8E%A8%E8%96%A6BB87%C2%B7CC%E2%9C%94%EF%B8%8F%E3%80%91-%E5%AA%BD%E5%AA%BD%E6%9B%B4%E5%B9%B4%E6%9C%9F%E5%92%8C%E7%98%8B%E5%AD%90%E4%B8%80%E6%A8%A3-%E9%BB%83%E6%A2%85%E6%88%B2%E8%A3%9C%E7%BC%B8%E6%9B%B2%E8%AD%9C568j5-%E3%80%90%E2%9C%94%EF%B8%8F%E6%8E%A8%E8%96%A6BB87%C2%B7CC%E2%9C%94%EF%B8%8F%E3%80%91-%E5%AA%BD%E5%AA%BD%E6%9B%B4%E5%B9%B4%E6%9C%9F%E5%92%8C%E7%98%8B%E5%AD%90%E4%B8%80%E6%A8%A3ob8u-%E9%BB%83%E6%A2%85%E6%88%B2%E8%A3%9C%E7%BC%B8%E6%9B%B2%E8%AD%9Cvj4ou-%E5%AA%BD%E5%AA%BD%E6%9B%B4%E5%B9%B4%E6%9C%9F%E5%92%8C%E7%98%8B%E5%AD%90%E4%B8%80%E6%A8%A32yr9 HTTP/1.1" 302 - "https://soupshop.top/vgirvcck/wps%E4%BF%9D%E5%AD%98%E7%82%BAcsv%E4%B8%8D%E5%85%BC%E5%AE%B9-3c072d0546/" "Mozilla/5.0 (Linux; Android 7.0;) AppleWebKit/537.36 (HTML, like Gecko) Mobile Safari/537.36 (compatible; PetalBot;+https://webmaster.petalsearch.com/site/petalbot)"
114.119.145.125 - - [29/Aug/2026:16:43:28 -0300] "GET /?s=%E9%BA%BB%E5%B0%87%E9%81%8A%E6%88%B2%E9%9B%BB%E8%85%A6%E7%89%88-%E3%80%90%E2%9C%94%EF%B8%8F%E5%AE%98%E7%B6%B2DD86%C2%B7CC%E2%9C%94%EF%B8%8F%E3%80%91-%E8%80%81%E8%99%8E%E6%A9%9F%E6%8A%80%E5%B7%A7-%E9%BA%BB%E5%B0%87%E9%81%8A%E6%88%B2%E9%9B%BB%E8%85%A6%E7%89%886pf1d-%E3%80%90%E2%9C%94%EF%B8%8F%E5%AE%98%E7%B6%B2DD86%C2%B7CC%E2%9C%94%EF%B8%8F%E3%80%91-%E8%80%81%E8%99%8E%E6%A9%9F%E6%8A%80%E5%B7%A783e8-%E9%BA%BB%E5%B0%87%E9%81%8A%E6%88%B2%E9%9B%BB%E8%85%A6%E7%89%88dsqaf-%E8%80%81%E8%99%8E%E6%A9%9F%E6%8A%80%E5%B7%A728aq HTTP/1.1" 302 - "https://www.wallpaper23.com/gte/868aead1aade8dede28c968e82bda0d792b18686b8.html" "Mozilla/5.0 (Linux; Android 7.0;) AppleWebKit/537.36 (HTML, like Gecko) Mobile Safari/537.36 (compatible; PetalBot;+https://webmaster.petalsearch.com/site/petalbot)"
114.119.134.6 - - [29/Aug/2026:16:45:22 -0300] "GET /?s=%E9%BA%BB%E5%B0%87%E7%B1%8C%E7%A2%BC-%E3%80%90%E2%9C%94%EF%B8%8F%E6%8E%A8%E8%96%A6DD96%C2%B7CC%E2%9C%94%EF%B8%8F%E3%80%91-carbon%20gaming%20down-%E9%BA%BB%E5%B0%87%E7%B1%8C%E7%A2%BC4cea1-%E3%80%90%E2%9C%94%EF%B8%8F%E6%8E%A8%E8%96%A6DD96%C2%B7CC%E2%9C%94%EF%B8%8F%E3%80%91-carbon%20gaming%20downupqv-%E9%BA%BB%E5%B0%87%E7%B1%8C%E7%A2%BCwqaqx-carbon%20gaming%20downcpl3 HTTP/1.1" 302 - "https://joanne-kelly.com/eue/8280a9d384b8defbb281babb818dbbdb9cee84aece808be4d08fbe.html" "Mozilla/5.0 (Linux; Android 7.0;) AppleWebKit/537.36 (HTML, like Gecko) Mobile Safari/537.36 (compatible; PetalBot;+https://webmaster.petalsearch.com/site/petalbot)"
124.221.163.189 - - [29/Aug/2026:16:46:06 -0300] "GET / HTTP/1.1" 302 - "-" "Mozilla/5.0 (iPhone; CPU iPhone OS 13_2_3 like Mac OS X) AppleWebKit/605.1.15 (KHTML, like Gecko) Version/13.0.3 Mobile/15E148 Safari/604.1"
114.119.159.121 - - [29/Aug/2026:16:47:37 -0300] "GET /?s=%E9%BA%BB%E5%B0%87%E6%A9%9F%E6%80%8E%E9%BA%BC%E8%AA%BF136-%E3%80%90%E2%9C%94%EF%B8%8F%E6%8E%A8%E8%96%A6DD96%C2%B7CC%E2%9C%94%EF%B8%8F%E3%80%91-%E9%9B%99%E8%89%B2%E7%90%83%20%E9%96%8B%E7%8D%8E%E7%B5%90%E6%9E%9C%20%E8%B5%B0%E5%8B%A2%E5%9C%96-%E9%BA%BB%E5%B0%87%E6%A9%9F%E6%80%8E%E9%BA%BC%E8%AA%BF136lofut-%E3%80%90%E2%9C%94%EF%B8%8F%E6%8E%A8%E8%96%A6DD96%C2%B7CC%E2%9C%94%EF%B8%8F%E3%80%91-%E9%9B%99%E8%89%B2%E7%90%83%20%E9%96%8B%E7%8D%8E%E7%B5%90%E6%9E%9C%20%E8%B5%B0%E5%8B%A2%E5%9C%96gcn4-%E9%BA%BB%E5%B0%87%E6%A9%9F%E6%80%8E%E9%BA%BC%E8%AA%BF136gd9hu-%E9%9B%99%E8%89%B2%E7%90%83%20%E9%96%8B%E7%8D%8E%E7%B5%90%E6%9E%9C%20%E8%B5%B0%E5%8B%A2%E5%9C%96czav HTTP/1.1" 302 - "https://joanne-kelly.com/eue/808fb4d382bbdff99682a9be818cb9db8ede.html" "Mozilla/5.0 (Linux; Android 7.0;) AppleWebKit/537.36 (HTML, like Gecko) Mobile Safari/537.36 (compatible; PetalBot;+https://webmaster.petalsearch.com/site/petalbot)"
114.119.159.121 - - [29/Aug/2026:16:49:12 -0300] "GET /?s=%E9%BA%BB%E5%B0%87%20%E8%A8%98%E7%89%8C%E5%99%A8-%E3%80%90%E2%9C%94%EF%B8%8F%E5%AE%98%E7%B6%B2DD86%C2%B7CC%E2%9C%94%EF%B8%8F%E3%80%91-%E7%B4%8D%E6%96%AF%E5%8D%A1%E8%B3%BD%E8%BB%8A-%E9%BA%BB%E5%B0%87%20%E8%A8%98%E7%89%8C%E5%99%A8g6o34-%E3%80%90%E2%9C%94%EF%B8%8F%E5%AE%98%E7%B6%B2DD86%C2%B7CC%E2%9C%94%EF%B8%8F%E3%80%91-%E7%B4%8D%E6%96%AF%E5%8D%A1%E8%B3%BD%E8%BB%8Abxix-%E9%BA%BB%E5%B0%87%20%E8%A8%98%E7%89%8C%E5%99%A86n8jf-%E7%B4%8D%E6%96%AF%E5%8D%A1%E8%B3%BD%E8%BB%8A1nzg HTTP/1.1" 302 - "https://dispensadordecerveza.top/ogvwvmh/automotive%20empty%20shop%20for%20rent%20near%20me-03000e067f/" "Mozilla/5.0 (Linux; Android 7.0;) AppleWebKit/537.36 (HTML, like Gecko) Mobile Safari/537.36 (compatible; PetalBot;+https://webmaster.petalsearch.com/site/petalbot)"
114.119.159.121 - - [29/Aug/2026:16:51:05 -0300] "GET /?s=%E9%BA%BB%E5%B0%86%E5%8E%86%E5%8F%B2-%E3%80%90%E2%9C%94%EF%B8%8F%E5%AE%98%E7%BD%91AA58%C2%B7CC%E2%9C%94%EF%B8%8F%E3%80%91-wepoker%E5%AE%98%E7%BD%91%E4%B8%8B%E8%BD%BD-%E9%BA%BB%E5%B0%86%E5%8E%86%E5%8F%B2ia13o-%E3%80%90%E2%9C%94%EF%B8%8F%E5%AE%98%E7%BD%91AA58%C2%B7CC%E2%9C%94%EF%B8%8F%E3%80%91-wepoker%E5%AE%98%E7%BD%91%E4%B8%8B%E8%BD%BDteeu-%E9%BA%BB%E5%B0%86%E5%8E%86%E5%8F%B2yyvsj-wepoker%E5%AE%98%E7%BD%91%E4%B8%8B%E8%BD%BD3jt2 HTTP/1.1" 302 - "https://emlak21.top/wubvsa/wotb%E5%9B%BD%E9%99%85%E6%9C%8D%E5%9C%A8%E5%93%AA%E4%B8%8B-2872695340/" "Mozilla/5.0 (Linux; Android 7.0;) AppleWebKit/537.36 (HTML, like Gecko) Mobile Safari/537.36 (compatible; PetalBot;+https://webmaster.petalsearch.com/site/petalbot)"
35.205.53.89 - - [29/Aug/2026:16:51:20 -0300] "GET / HTTP/1.1" 302 - "-" "Mozilla/5.0 (Windows NT 10.0; Win64; x64) AppleWebKit/537.36 (KHTML, like Gecko) Chrome/84.0.4147.105 Safari/537.36"
35.205.53.89 - - [29/Aug/2026:16:51:58 -0300] "GET / HTTP/1.1" 302 - "-" "Mozilla/5.0 (Windows NT 10.0; Win64; x64) AppleWebKit/537.36 (KHTML, like Gecko) Chrome/84.0.4147.105 Safari/537.36"
35.205.53.89 - - [29/Aug/2026:16:52:36 -0300] "GET / HTTP/1.1" 302 - "-" "Mozilla/5.0 (Windows NT 10.0; Win64; x64) AppleWebKit/537.36 (KHTML, like Gecko) Chrome/84.0.4147.105 Safari/537.36"
114.119.130.253 - - [29/Aug/2026:16:53:00 -0300] "GET /?s=%E9%B9%A4%E9%B8%A3%E7%9A%84%E5%AF%93%E6%84%8F%E6%98%AF%E4%BB%80%E4%B9%88-%E3%80%90%E2%9C%94%EF%B8%8F%E6%8E%A8%E8%8D%90BB76%C2%B7CC%E2%9C%94%EF%B8%8F%E3%80%91-%E5%A4%A7%E4%B8%BB%E5%AE%B0%E7%89%A7%E5%B0%98%E5%9B%9E%E5%8E%BB%E7%9C%8B%E7%88%B6%E4%BA%B2-%E9%B9%A4%E9%B8%A3%E7%9A%84%E5%AF%93%E6%84%8F%E6%98%AF%E4%BB%80%E4%B9%8874o1w-%E3%80%90%E2%9C%94%EF%B8%8F%E6%8E%A8%E8%8D%90BB76%C2%B7CC%E2%9C%94%EF%B8%8F%E3%80%91-%E5%A4%A7%E4%B8%BB%E5%AE%B0%E7%89%A7%E5%B0%98%E5%9B%9E%E5%8E%BB%E7%9C%8B%E7%88%B6%E4%BA%B2suia-%E9%B9%A4%E9%B8%A3%E7%9A%84%E5%AF%93%E6%84%8F%E6%98%AF%E4%BB%80%E4%B9%88tb58k-%E5%A4%A7%E4%B8%BB%E5%AE%B0%E7%89%A7%E5%B0%98%E5%9B%9E%E5%8E%BB%E7%9C%8B%E7%88%B6%E4%BA%B2spq3 HTTP/1.1" 302 - "https://www.1m1.top/lvdtyw/%E8%A5%BF%E5%AE%89ktv%E4%BC%9A%E6%89%80%E6%B6%88%E8%B4%B9-5d4c3e6d46/" "Mozilla/5.0 (Linux; Android 7.0;) AppleWebKit/537.36 (HTML, like Gecko) Mobile Safari/537.36 (compatible; PetalBot;+https://webmaster.petalsearch.com/site/petalbot)"
35.205.53.89 - - [29/Aug/2026:16:53:16 -0300] "GET / HTTP/1.1" 302 - "-" "Mozilla/5.0 (Windows NT 10.0; Win64; x64) AppleWebKit/537.36 (KHTML, like Gecko) Chrome/84.0.4147.105 Safari/537.36"
114.119.145.163 - - [29/Aug/2026:16:54:53 -0300] "GET /?s=%E9%B2%9B%E4%BA%BA%E6%97%8F%E5%85%AC%E4%B8%BB-%E3%80%90%E2%9C%94%EF%B8%8F%E6%8E%A8%E8%8D%90BB76%C2%B7CC%E2%9C%94%EF%B8%8F%E3%80%91-%E6%88%91%E7%9A%84%E6%98%8E%E6%98%9F%E7%94%B7%E5%8F%8B%E7%88%B1%E7%A5%9E%E7%AF%87%E4%B8%96%E5%8B%8B-%E9%B2%9B%E4%BA%BA%E6%97%8F%E5%85%AC%E4%B8%BBvhr29-%E3%80%90%E2%9C%94%EF%B8%8F%E6%8E%A8%E8%8D%90BB76%C2%B7CC%E2%9C%94%EF%B8%8F%E3%80%91-%E6%88%91%E7%9A%84%E6%98%8E%E6%98%9F%E7%94%B7%E5%8F%8B%E7%88%B1%E7%A5%9E%E7%AF%87%E4%B8%96%E5%8B%8Bpll0-%E9%B2%9B%E4%BA%BA%E6%97%8F%E5%85%AC%E4%B8%BB9d5fw-%E6%88%91%E7%9A%84%E6%98%8E%E6%98%9F%E7%94%B7%E5%8F%8B%E7%88%B1%E7%A5%9E%E7%AF%87%E4%B8%96%E5%8B%8Buj9w HTTP/1.1" 302 - "https://wulcan-best.top/rwlqzj/%E7%94%A8%E4%BB%80%E4%B9%88%E5%A1%AB%E5%85%85%E5%A4%AA%E9%98%B3%E5%87%B9-606f35337a/" "Mozilla/5.0 (Linux; Android 7.0;) AppleWebKit/537.36 (HTML, like Gecko) Mobile Safari/537.36 (compatible; PetalBot;+https://webmaster.petalsearch.com/site/petalbot)"
114.119.159.121 - - [29/Aug/2026:16:56:46 -0300] "GET /?s=%E9%AC%A5%E5%9C%B0%E4%B8%BB%E9%9B%BB%E8%85%A6%E7%89%88-%E3%80%90%E2%9C%94%EF%B8%8F%E5%AE%98%E7%B6%B2DD86%C2%B7CC%E2%9C%94%EF%B8%8F%E3%80%91-%E9%9B%AA%E6%A2%A8%E6%A9%9F%E5%A0%B4%E5%88%B0%E5%B8%82%E4%B8%AD%E5%BF%83%20%E4%BA%A4%E9%80%9A-%E9%AC%A5%E5%9C%B0%E4%B8%BB%E9%9B%BB%E8%85%A6%E7%89%88ctt7h-%E3%80%90%E2%9C%94%EF%B8%8F%E5%AE%98%E7%B6%B2DD86%C2%B7CC%E2%9C%94%EF%B8%8F%E3%80%91-%E9%9B%AA%E6%A2%A8%E6%A9%9F%E5%A0%B4%E5%88%B0%E5%B8%82%E4%B8%AD%E5%BF%83%20%E4%BA%A4%E9%80%9Ao17j-%E9%AC%A5%E5%9C%B0%E4%B8%BB%E9%9B%BB%E8%85%A6%E7%89%88ay85h-%E9%9B%AA%E6%A2%A8%E6%A9%9F%E5%A0%B4%E5%88%B0%E5%B8%82%E4%B8%AD%E5%BF%83%20%E4%BA%A4%E9%80%9Ag00b HTTP/1.1" 302 - "https://3650329.top/wgbbsir/what%20are%20the%204%20main%20problems%20if%20the%20brake%20pedal%20goes%20to%20the%20floor-2f57274c52/" "Mozilla/5.0 (Linux; Android 7.0;) AppleWebKit/537.36 (HTML, like Gecko) Mobile Safari/537.36 (compatible; PetalBot;+https://webmaster.petalsearch.com/site/petalbot)"
114.119.130.253 - - [29/Aug/2026:16:58:41 -0300] "GET /?s=%E9%AC%A5%E5%9C%B0%E4%B8%BB%E8%B4%8F%E9%8C%A2-%E3%80%90%E2%9C%94%EF%B8%8F%E6%8E%A8%E8%96%A6DD96%C2%B7CC%E2%9C%94%EF%B8%8F%E3%80%91-%E4%B8%AD%E5%9C%8B%E7%A6%8F%E5%BD%A9%E7%A5%A8%E7%B6%B2-%E9%AC%A5%E5%9C%B0%E4%B8%BB%E8%B4%8F%E9%8C%A298cml-%E3%80%90%E2%9C%94%EF%B8%8F%E6%8E%A8%E8%96%A6DD96%C2%B7CC%E2%9C%94%EF%B8%8F%E3%80%91-%E4%B8%AD%E5%9C%8B%E7%A6%8F%E5%BD%A9%E7%A5%A8%E7%B6%B2n4s2-%E9%AC%A5%E5%9C%B0%E4%B8%BB%E8%B4%8F%E9%8C%A2jseaw-%E4%B8%AD%E5%9C%8B%E7%A6%8F%E5%BD%A9%E7%A5%A8%E7%B6%B2xkt8 HTTP/1.1" 302 - "https://www.ainai.org/vka/8db5b780a4ec86deebd0c9fad6d88fd6899281adb3d2ddffd2b3c6dda4b3.html" "Mozilla/5.0 (Linux; Android 7.0;) AppleWebKit/537.36 (HTML, like Gecko) Mobile Safari/537.36 (compatible; PetalBot;+https://webmaster.petalsearch.com/site/petalbot)"
180.153.197.159 - - [29/Aug/2026:16:59:39 -0300] "GET /robots.txt HTTP/1.1" 404 - "-" "Mozilla/5.0 (Macintosh; Intel Mac OS X 10_15_7) AppleWebKit/537.36 (KHTML, like Gecko) Chrome/120.0.0.0 Safari/537.36"
180.153.197.159 - - [29/Aug/2026:16:59:39 -0300] "GET /robots.txt HTTP/1.1" 404 - "-" "Mozilla/5.0 (Macintosh; Intel Mac OS X 10_15_7) AppleWebKit/537.36 (KHTML, like Gecko) Chrome/120.0.0.0 Safari/537.36"
114.119.145.163 - - [29/Aug/2026:17:00:34 -0300] "GET /?s=nfl%E6%95%B8%E6%93%9A-%E3%80%90%E2%9C%94%EF%B8%8F%E5%AE%98%E7%B6%B2DD86%C2%B7CC%E2%9C%94%EF%B8%8F%E3%80%91-%E7%B4%85%E5%88%A9%E8%B3%87%E8%A8%8A%E5%9C%A8%E7%B7%9A-nfl%E6%95%B8%E6%93%9A8ed9b-%E3%80%90%E2%9C%94%EF%B8%8F%E5%AE%98%E7%B6%B2DD86%C2%B7CC%E2%9C%94%EF%B8%8F%E3%80%91-%E7%B4%85%E5%88%A9%E8%B3%87%E8%A8%8A%E5%9C%A8%E7%B7%9A0zg5-nfl%E6%95%B8%E6%93%9A32qo1-%E7%B4%85%E5%88%A9%E8%B3%87%E8%A8%8A%E5%9C%A8%E7%B7%9A5po1 HTTP/1.1" 302 - "https://www.cngreenhouse.top/urrs/%E6%89%91%E5%85%8B%E9%BA%BB%E5%B0%86-15010f0e21/" "Mozilla/5.0 (Linux; Android 7.0;) AppleWebKit/537.36 (HTML, like Gecko) Mobile Safari/537.36 (compatible; PetalBot;+https://webmaster.petalsearch.com/site/petalbot)"
159.138.27.40 - - [29/Aug/2026:17:00:46 -0300] "GET /ip HTTP/1.1" 404 - "-" "Mozilla/5.0 (Macintosh; Intel Mac OS X 10_15_7) AppleWebKit/537.36 (KHTML, like Gecko) Chrome/114.0.0.0 Safari/537.36"
